-- Table structure for table `phpbb_sessions_keys`
--

CREATE TABLE `phpbb_sessions_keys` (
  `key_id` char(32) COLLATE utf8_bin NOT NULL DEFAULT '',
  `user_id` mediumint(8) unsigned NOT NULL DEFAULT '0',
  `last_ip` varchar(40) COLLATE utf8_bin NOT NULL DEFAULT '',
  `last_login` int(11) unsigned NOT NULL DEFAULT '0',
  PRIMARY KEY (`key_id`,`user_id`),
  KEY `last_login` (`last_login`) USING BTREE
) ENGINE=MyISAM DEFAULT CHARSET=utf8 COLLATE=utf8_bin;

--
-- Dumping data for table `phpbb_sessions_keys`
--

INSERT INTO `phpbb_sessions_keys` VALUES ('b4b730b9a35be7320938593f43070e92',54,'50.196.203.222',1375473080),('192f35ae5da52670feb0c754c30693cd',60,'199.246.101.5',1372188673),('bdae132ee3e08159056bfa00bdbb7964',68,'184.151.63.169',1372358935),('cc271e25eefc479084beee5dee28360a',77,'174.50.4.30',1372261831),('894e63efe6c3f507d5e3214732e58b03',81,'99.9.117.33',1373665818),('cb2de66ac23b2f6fe2a00e3d0c45d461',102,'99.249.54.187',1377644635),('53f49692011a2d8e88cf80f8635e0464',63,'97.116.63.58',1374697057),('1037f7ef7e59e5ba2e45269597f7c7b5',78,'209.89.210.162',1374552270),('f383c7f254af7322f35ae467713371e5',58,'70.194.76.196',1372342397),('b90ceb5e132971dc014bd71237363e88',99,'108.90.20.225',1372955197),('72657515d4ffed0003a9c98d0ff63d2d',111,'173.72.31.75',1372441207),('d6c5edd2911ebdf3752cfbb5217a4385',121,'184.171.194.46',1373398946),('ac6d5f4954f3acf9a5eef06346aaea20',100,'69.125.223.121',1372647841),('36c0a7e6187829efe06454a165f12ebe',117,'190.4.68.75',1379187181),('f764659ed5e9f0450e57f20adb9c24cd',361,'209.59.77.32',1378067185),('2062c1e32ccaa83ef78060a2597ef131',139,'71.195.139.232',1372871345),('5836e45e991a8498db0050894d514bf2',105,'66.87.115.181',1373564817),('2fdea55bd235e591aed7b74bd44faec4',114,'76.214.198.195',1372891855),('c4c659822619a849d6e06c2b47318396',91,'76.114.48.46',1373041517),('a3eea114776be23d91a24cfa9686cd9a',58,'70.194.70.4',1372807393),('9c650489a55c63342b18103567cc27aa',105,'98.236.144.162',1376511770),('cf411dde60d396a6b8d8b2ef546a0bbd',108,'76.64.93.18',1373416377),('f7c54f42bc5c14617b26d9ada17eeae3',54,'98.228.249.218',1373042898),('f8c5f861f8ffbaf4f905f004be93da61',117,'66.206.229.63',1374729603),('6dfeac18da60d6b4f35322e21aca521e',107,'75.115.55.204',1377372734),('911f4c77a012b04ce0ebd2df92911b32',161,'99.230.20.40',1373593759),('800dfde6736cddf327fd27fede327b53',120,'99.224.218.186',1374688137),('54de42bd374d6cb86cf7712df478bce2',105,'200.107.85.53',1378326568),('740d5db674de5e22ef54da1379eae9e6',174,'24.246.78.125',1373920011),('2e9e49964b300e124f0bf38117f30a84',128,'76.198.40.62',1373990526),('57db72fc8f171811afd023359b754358',130,'67.214.12.93',1375307645),('21b34f35c37667566cebf891e3d40d5f',76,'108.4.73.199',1376784920),('7e8c02039ac44cdce5fd760331226c8c',163,'209.117.49.226',1375110813),('dca0a524c59c891dff614c9c9436f279',185,'75.65.34.32',1374676768),('7e4ea6146b6264f98875f80abea4a4a0',191,'50.9.41.179',1374174337),('18f17457818ff10d0b0caacacc996d00',191,'50.9.41.179',1374181615),('b39c28193d5f1960082f12affd2d1915',191,'50.9.41.179',1374259738),('8f267c9a8d4492ed5ea86452327f5993',61,'68.202.184.109',1375392146),('a4417f54c9c69b3754eda7cbd20eee77',181,'71.83.183.59',1374237474),('f0836437a2a0eb1b14007360129d0048',193,'190.4.68.109',1378175940),('fe3e84f147b63ad1e0d7ee08208f9d84',192,'76.76.179.192',1378517039),('7ebb41528df7c69122f7bbc572e1ec0d',185,'76.107.105.5',1374439883),('74d7f974bbcd5052e72ececad57e52fd',189,'99.192.33.135',1374849943),('cd698c44cf1cf96cb1566686ba6077c8',790,'209.210.144.2',1399969793),('dc3d8935001579b089a4bc759bb25123',218,'190.4.64.169',1380373200),('4977af562453766c8cbb1fd95926e900',272,'205.217.233.90',1374872109),('71c53c1d1cc74c8d3449638a7ce78952',272,'209.59.79.53',1375122349),('dd2750d90f2aff0e774655a1f900541a',185,'166.205.67.7',1375153615),('78b33c8287400f4d888088222427bce9',194,'173.217.182.18',1377264875),('ec019fbb0568e12fd55e75d8d0009660',300,'24.102.129.147',1375783206),('1036b697b30c7117628564811ccaa68e',305,'69.123.218.154',1375370155),('05e8647b7b600dc42b68202186f1fe75',78,'200.107.85.53',1378900635),('69a65d35e768dfd2dbd6f650ab92353b',413,'76.108.191.61',1379710793),('df9582e682dd7c178727154572b4d67e',306,'96.56.162.181',1376495882),('f87d1b6b815783252932aa147ba94c01',311,'76.76.177.130',1377977665),('bc7c54366a3a294c6acbbc2f77eaf597',760,'99.230.121.51',1386108880),('bd36d55cab43bc4a345a2ebd6f7f198a',340,'166.147.109.197',1376143426),('fb72b4c16a9760ce5e84667b6086a8db',54,'50.196.203.221',1382707996),('f89ebe96616f5e10caf05e6ebb7ac8dd',306,'96.56.162.181',1375830221),('0ebacd5616defa26a353b3931b29ba6f',87,'66.128.217.52',1376269260),('e11ec88a102d2ce94ab72d68c756f77f',60,'190.4.69.129',1377262904),('2b02ffd0f6a74d1cb17aeb65b87d9c8c',341,'12.110.93.43',1377114853),('ae3e7e59be78cc0a0dbc7d8db0f43f47',153,'200.71.253.67',1392576525),('1d0b6fe5f2ab6293c728728f7e94bd21',341,'12.110.93.43',1377189947),('d92d0c684324e2d0578ee18029b720af',340,'96.60.54.125',1377460229),('15d33a7640926155e0bd49152e708db2',338,'75.92.207.147',1376750420),('cd6644ce51bd0a3d693136be2286c2d4',183,'200.71.253.4',1387586165),('1e9256d6ccdbbfedb4d455dbba6b28ad',81,'141.213.147.61',1376332109),('a7b23831c7576ea512a472a483f7c221',772,'200.71.248.53',1405698289),('db81398fa29d95cf9d3ee2a079794b80',203,'200.71.248.55',1399665780),('e35960e5b0a05f6f5849b362ad2d2b80',83,'200.6.147.88',1377180560),('6ae4412bd36b2045a2e55daf0fd025b8',300,'24.102.129.147',1377934391),('4d8ea388f626a1c0f00967942da8ee08',355,'99.230.157.76',1377064831),('9811bc04c214aab4bc4c3a25174e65d5',60,'200.71.253.4',1402877193),('e74332018c3a1535b10879ceb5dca624',1612,'135.23.82.111',1455231475),('c4e1962c52045aa141fae743f47f27f4',147,'70.193.133.79',1377515177),('879cd9e2c10e815cb98091c046e1850d',413,'129.171.233.71',1386213469),('137ab2b02e73625efb367e85a7bec1a1',441,'99.159.76.189',1379803604),('9239cb63b4f878c0b9f1a4b4695fb1af',423,'76.15.163.194',1379895866),('0b148ca79df8bd3ce981d41236d1162e',415,'190.88.164.118',1413810961),('6bd4dfc4c982671a15c055cff826338a',432,'70.208.8.159',1380048890),('e2436dcc644632a8929a813f7c1c5660',441,'99.159.76.189',1381192984),('eace5a1f4ce2dd0de051120d4ad941dd',441,'99.159.76.189',1387339207),('297790a857db0f3b4063211711faad00',448,'174.252.64.20',1381263225),('739215cfc1b044089d0298262233ac1e',453,'70.31.141.142',1381204495),('8669fb8575f6e9c6dcf1bbb7c1b7324f',1497,'66.94.205.50',1454485363),('7c37a9cfe07b128e3fe70aadd8e6d796',448,'173.61.174.85',1381347249),('709bbfc822ed293d1654227daf20cf7b',469,'70.208.85.75',1381370852),('d14d9a65ddb053cfb7b4f2e19e2e6df3',469,'24.191.243.202',1381360399),('4484dd7da1506866ea85292bb8b47390',425,'174.103.209.48',1384900633),('44696fa7900903ed28c1ecb92fe520e7',2010,'66.87.122.63',1506923400),('dac2fbb333ed65fd8a0d0e7f369b1ed1',448,'173.61.174.85',1383357130),('52d51d3121e6f08e4280cc64c13d9afb',2,'50.196.203.221',1389816381),('cb03cb9e0f3785eee1ffb4f09c1d4a04',551,'184.162.143.175',1385420933),('7a0328e27a0508d08dc166d23ec34d07',552,'207.181.234.139',1382722023),('e0716c361e12a5d1be883033e6df611e',552,'204.14.250.212',1397232185),('34ad59f8e2ad79031b1cd757071b7628',499,'208.93.203.86',1382797543),('4c408f3f05c34dbb98320f763c0fbdac',54,'50.196.203.221',1383931792),('8ad3f864c6b88f040c1d50035ba2a12c',65,'68.35.253.113',1386098489),('47fd2c9fa9b669451c070b0babb10066',525,'69.57.237.113',1389810616),('541ab7d3ce079c109bc302215ee9a666',545,'72.187.242.122',1383596973),('df51a2e8522078a7903721f6bbe60d8f',54,'50.196.203.221',1384199019),('2c0d7e4a4d55653c88e42b06bbd0906f',681,'76.89.67.124',1395549889),('41855a9b3591b75ee857c8fb7b4abca9',54,'50.196.203.221',1386172037),('5d0fd9189fc83624d48b35ac4ef79995',753,'174.61.105.140',1385396573),('0460324ec9ef23f3e338ba1d30d213c6',620,'24.246.93.144',1386864969),('da3e9e1dc2ec196df6b5e559fd5ff52c',454,'209.59.79.85',1408056573),('a97ea1563b52687b0685ed0a2cd1fde7',761,'67.197.59.241',1387431098),('88028c812b2708692b0ad4b3306ba418',529,'174.23.237.241',1389326250),('521f7b390398e96345bfba3898f7a2c3',54,'50.196.203.221',1389972214),('fbe9b57b62f62c553c7f5aaf688fa08a',768,'209.59.79.31',1389142105),('353036c11ab90c545c620ac6dd834cb9',448,'98.110.79.118',1388465551),('a9faff2bc337c2a9bc514d48e7e6d470',772,'172.56.12.62',1418767306),('7e5fb7d157607ee201ba5826df6a3f0b',54,'50.196.203.221',1400790096),('bd6c7b7962706cbbf6aa13b5027bddb5',620,'24.246.93.144',1387242717),('61fe29baf03935f589507aa8000a744f',772,'50.152.2.129',1391270663),('67badf002a9854d8d564ce21b8aab25a',448,'173.72.106.60',1387478503),('38ff6cf16b6c8be1eca46f692169dfc0',462,'75.66.42.197',1387595286),('44f44b7075d1f3f9c26dc1bb97646d15',448,'98.110.79.118',1388208102),('97ea05c87af74c6583b0e288400bca75',448,'98.110.79.118',1388376070),('6d77e0cf90eb2eb08f0b9a61fdc26b8d',776,'70.215.4.197',1388772700),('e54ec69cb960dfb1d807d0de928eeb52',505,'64.134.228.247',1388508931),('3b45f368f02e52d665df3935f2184273',781,'99.68.144.194',1388616480),('695b8b2fd232ecfdebf8a320d5199f01',776,'24.91.13.62',1389281590),('f6a6694445d9079ac43d320443f0e6fc',517,'69.57.226.54',1389031926),('b8facadf72db926db9560fc8d118d2cc',551,'199.193.119.20',1388963793),('2b24e6d6f2655ddf42f189bfb0204022',764,'50.12.229.228',1389845115),('d3d7e38c3f9177e47a19a56f41459796',787,'128.227.87.220',1391695258),('fdd4045cace79902b27f265e508ee11d',54,'50.196.203.221',1400533393),('b3683bd530925cbcbc478cd225059e18',772,'152.131.10.1',1390494338),('c2719875575d18e964e91094f95de4c3',792,'174.93.54.128',1390670695),('163794617104b4e4e86e6c616f6f1f67',789,'190.88.34.85',1420951670),('92e3ecec82527088c51ef86854c749d7',802,'98.192.6.148',1395853406),('39c6aec4d89b5f700c9b8ed9da868702',801,'98.230.9.50',1392674293),('c907ab018a1baa809a0f740a7213bd8c',807,'67.175.54.188',1392007248),('75da3c6dbf30350aca49e271df1fc90d',796,'71.53.237.173',1391660764),('df03990b3392cc66359a83246ec911cd',835,'64.231.168.93',1398143188),('4ea08b646cb00fffde25735569c9bafa',809,'71.198.169.0',1391848468),('7547aadb86c4a1fa69f8718e48805fd3',817,'139.57.217.7',1393339461),('e96010ddad64128dc86b3950f08e9745',469,'70.208.68.249',1392317845),('bbba7bdbc57c94a3c3674596960fee52',807,'67.175.54.188',1392319748),('ae54000b1aad69d2f46cd684840ab2ed',772,'152.131.10.1',1392250988),('02c7a117d08c0aa3ced052f3e5c781b5',809,'72.18.242.2',1392321174),('84e75fd37ed79b84efe05c81e7670107',809,'71.198.169.0',1394268800),('2a2a6dbd91a71321a37a268a7af1aac2',803,'99.157.238.92',1396409843),('9a5f30dc9c13e830d8a917d427e5682e',804,'205.217.233.248',1399153424),('a1b0382a44bdd5d645df3d468e9de892',636,'66.87.98.223',1394838678),('c147bb1dc47156bfdd384e3a8bbc4959',827,'98.212.32.86',1403040940),('14afc9e46ff28a378f51fde855b4227c',912,'67.191.254.78',1403661017),('856c8e3bffeeb00dab0e5d14dba9a891',90,'99.111.29.110',1396841230),('6257adbe20ad8d14f302c8aca4d791f0',522,'99.58.70.81',1393815423),('64e8771c6e6b6a6f08b047916e1b8080',832,'74.138.127.79',1397494671),('cc4ae47fffbde28f5106e9f9a1bc122f',1742,'23.236.17.89',1463017712),('bf134fae682c408faa3952eeb5cd3297',797,'100.2.29.248',1394144169),('356b257e6df07e51da8b626856de1ac9',835,'70.24.167.20',1394250704),('97c5d9a92707da33a817ede1b265f571',796,'71.53.231.118',1394220530),('f5721fe1e7ffc30d2dbc94582af21268',842,'75.155.95.94',1403115447),('9d4aa1c948a85fb6c4bf3d999625a605',844,'166.147.109.137',1394844477),('1493b12053c0d81c76c991814007c521',1003,'67.250.50.109',1406910223),('10db1d8f6da5d1a7b3983496a3a3f2a2',560,'98.201.219.4',1394829953),('83eda3f8d022442cbafd0db66e3d07c7',846,'50.186.234.235',1395285565),('69faeaa5120c4d2cd53d19b3d3a86b39',851,'70.31.108.64',1395367964),('315099bb2b43ecc1deba9580f96712b6',850,'204.14.253.51',1408368783),('d03d3e92e705d3f4809e87a3dadf7d4e',830,'95.253.41.76',1408956699),('f3570e6af6a45cf61a092185d59bee81',830,'75.141.226.117',1395006020),('79207de26fc8e6b86531fb4ec6b21cd8',846,'50.186.234.235',1397451372),('d75a7ff70bca37e292691db98ecb110e',772,'152.131.10.1',1395267556),('1347b3045431d74a315cb579b0f164e0',835,'64.231.168.93',1396291239),('2aca32eaaf4b090e3d2817e74692db54',846,'50.186.234.235',1397105813),('532c304eb05e8b33c145e88f9de9c0b7',854,'174.74.96.17',1396695640),('3a544f3b700c32bdff4010ed85bb0de5',851,'70.27.105.96',1397423416),('559c5489daa587ebde777f1f3cf6fbff',853,'72.94.91.57',1395768716),('5ee855d495ce5813e0c32a17f6bec973',840,'47.17.133.91',1395950059),('e547e6f390a0c496afd8c6b98614b2a1',854,'174.71.39.141',1404746736),('d4a42a0e81f495b3b928e370fb3acd40',854,'164.119.82.148',1398026497),('6bf39e76fbe3cad6706ff3a586fb0437',809,'97.83.190.198',1396340398),('60ed211e61a938e6d5572292d0383349',854,'174.74.96.17',1396413619),('127671292ff7cc43d40dbbd2c761bed8',830,'75.141.231.125',1398028129),('d0a4f2a2ed1be784a0d6e81639fa4962',469,'24.191.81.36',1396664261),('fa242655438c450cbd394dc19574f232',469,'24.191.81.36',1397877476),('07e0524b1f4ad36edfeb5a790bd0329b',835,'64.231.168.93',1396993258),('7035c88c9fbced549140696a1abbad74',861,'75.129.8.62',1399140404),('df140926c16c5d496ef4af037b5a5787',772,'50.152.2.129',1397001896),('9cb8960363db1e1a5b3b7862d3d42a2b',872,'142.51.165.205',1397156514),('681d43e393e8ce97826f4098e65b75c4',764,'166.172.59.131',1408737537),('be150a673bb7728ebac72dc58b820ca4',76,'96.10.172.3',1399089622),('6e9a5bd32244a3dbc21ca3c74dea89b1',829,'162.212.14.18',1403645794),('c1aa93fbe2908a2afdc83bd192cb4b59',874,'174.91.154.183',1398271555),('f96ec6b3656e843e39f7d6786dcfcc1c',846,'50.186.234.235',1399864074),('d09ed1f1844a1ecde8dd4ec4aadd3c5c',870,'99.249.180.85',1397881390),('4ac95c402ea9b726b56a62bb860cab6e',876,'74.61.65.74',1398154754),('c3459b5fc4238452d678d0412e57ec88',874,'174.91.154.183',1398269867),('d72fd6ab49365333b15d759ec8959315',874,'24.114.59.49',1398703810),('9cd7df7bb9bcdbbd9726f94bec6593c9',830,'208.84.200.74',1421928486),('9b52ce0048680a84214a655730c1273c',840,'69.57.248.40',1399334964),('c5e398611695972f23a5129b2819a2b2',894,'50.151.6.210',1400470680),('ec3afd00595fe79805dc6cac6b3eaf03',894,'70.194.98.150',1399582975),('d18f289a996824038c4138cbf7ea0061',911,'174.53.132.131',1400621054),('8dfc3e87c900cf5a0db20cf517395104',835,'72.51.77.5',1401146823),('946db162c3992e51bbd37631df404f81',422,'70.209.16.250',1400970596),('f2166e07f55543bca43708bcd8226afc',903,'67.82.165.48',1400786961),('bb2e8262b8ab8aa2e1499d78e7c73416',852,'142.177.176.44',1401338910),('33be1ec176be62d4a5a6760ddb4489c8',54,'50.196.203.221',1411397641),('1293873307a8e37436c4430842451c1b',817,'199.119.233.145',1401311128),('26ec3e5b6d979aad3a3f675d869a82f0',862,'172.218.95.2',1416792862),('0e60ea305dcbf881ac043d01213e8fa8',918,'174.94.125.7',1401113746),('72c94c9691ad689c3dd37de4761e78e9',846,'50.186.234.235',1401035132),('b0b2f878e77c3da46a8099def7364f93',869,'99.157.237.54',1404965083),('f8a386b47dd9b9c1c4883d8a4d2e8029',915,'24.114.70.210',1406256606),('e9fce470a211208cf8b6320d9126d5fd',964,'75.142.253.52',1406415530),('1afbace4b2070f9dd6a3303b7787e9c5',869,'42.104.2.156',1401597404),('494d264ffbebe7e3f66bf901c729bb79',918,'99.144.134.62',1408569083),('502631b565f2a161c11d051a47c4de97',812,'71.238.133.65',1401311670),('3dcf8777ec33139e342fd9b008d6af56',851,'67.70.123.6',1408416267),('db765e814a97eb01c87e836e54eb6913',919,'38.109.161.23',1401978112),('420d910c95846fe9b016fc3fa80b80f5',938,'172.56.16.53',1402493214),('2cf486cf383968282657876ce89b5a90',938,'97.78.230.34',1407193166),('a22daf3b2b879ce1abce72222078d776',846,'24.176.131.199',1402368397),('beccf3fdaa3ffcefcd9e07615ab6feea',852,'142.177.176.44',1406771254),('9411d9982f0fb7139a8f34b2ba6c8ce3',921,'208.84.200.74',1412601692),('9dd8dcdc0f42d1c1cf7ed0a0218d7e39',936,'70.75.132.223',1406079258),('3cf7e3c6bacdfa830d0ad916c9b42a0d',846,'24.176.131.199',1403145683),('4563a0595d1cd4ea996c799cc5834282',943,'184.144.135.171',1403214286),('7b326b9fde33908e7764776c17fbbf67',846,'24.176.131.199',1404241627),('d86a9c50dfdbf0760aa0bafe5808fa30',924,'98.250.117.179',1404144303),('199c97e68389f80930ffa0833b0ad62e',929,'74.101.254.208',1404321319),('528b3426b32df99982974cf0fa241b2f',973,'207.231.231.87',1407452857),('058c43d8d189f216749409aa394b2cc6',975,'74.94.120.90',1404318543),('04b578e582da2ab48aafc914ea9bac09',835,'216.110.122.76',1404344051),('5ba2cdb0aa05c4d592acbc32629d1503',1499,'24.94.243.82',1436278430),('c119c3b11606d00d500100782cd85f78',835,'208.84.200.74',1404391434),('726ef9c3cad701f3e16f4ef64d2aa665',975,'74.94.120.90',1404846950),('224c1cedfbd8322c95047d26416b9157',926,'24.224.132.91',1404957522),('1705647a4d9eaaa134e6b4f9a8b8293b',980,'216.218.29.212',1405043422),('ea34e5f77a005abd1ba7cf744e6019e4',835,'208.84.200.74',1405079259),('7674167729fa062ae0e0f0fc6236137a',984,'166.147.104.48',1405619510),('09411df6faa53fd170a49b280df9480d',993,'170.232.128.10',1406044806),('250f660ae4ed8f65d4a8991423a76cfd',854,'207.191.242.71',1409319505),('abd3114bab6a5a7d2c2fbd0bed4943b7',981,'69.73.202.145',1410091571),('8fd38515166c8f4cee67ee05f329c564',872,'65.48.141.84',1408216874),('8a53a221076f0b319c40f9f7f62d3c63',364,'200.71.248.55',1414607654),('6c857cfd9269559a30a9e83f3604826f',965,'50.15.92.209',1408117201),('3d1b71f11da39221f8788fb356190aa8',988,'76.196.123.146',1406685613),('ff0ffa2f15b8a71de06fd4cc0f6b6521',1644,'71.235.149.216',1454940111),('1053ac608305e7b61863b59d1e883fbf',970,'96.48.121.48',1408688129),('26124d7af74c38a04b15d87a6d002a82',990,'65.50.77.53',1408569083),('4e88b6cf3273b5373d50392e048eb5a0',804,'24.187.91.90',1419032097),('fbb189c079004e0b1210b0fdeab969b2',848,'184.144.80.232',1420174038),('3f6be59cdbcbeea4ee8b67fb0467ccfd',978,'190.4.67.207',1409522427),('4451f7ea038c49b232ace6a82efa32c8',992,'69.116.211.117',1407105983),('634106b71c0958a2537bc843b19e1d5a',969,'108.39.98.165',1407120014),('8e9198edc9334235080518dc761c1c6d',971,'174.5.73.140',1414345595),('41f9a60f6c9f328fbeab9b8eb4478e1c',921,'208.84.205.88',1409775250),('0ac550619efa3ce99c07bf2eba210c55',938,'99.160.152.120',1416762028),('2b9fad3b7c55e48804e0eaa67466c915',1012,'208.84.204.112',1409261540),('409bcbaf8350406fe69b416720596c40',995,'184.101.31.35',1408416412),('d129d52ce6aba6f1f6336a120934aeb7',912,'65.48.234.166',1420553553),('7500f22a465790e35b8ac5c12a1dda6a',890,'70.50.214.173',1407851585),('9351cbd4aacd400b4a0abffd37babd56',1020,'69.251.1.45',1407948256),('f810a74b17aca4ea62aa15e5afec2f98',971,'174.5.73.140',1408995966),('305b9a3dc91a080b0ab815a26a2476a9',774,'23.121.16.146',1407968744),('4b675284944b00200d700eb636bac2e5',1019,'169.240.20.40',1414648866),('88a881bb78e3291bb3a91aa0e6c0d94c',935,'208.84.200.74',1415197896),('120a5a2618390ac8cb64ebbf2322469e',990,'207.191.240.118',1411446425),('f188e6311d5454e5a918a452a78e4b5d',804,'24.114.66.198',1410499505),('32b61ad4470edfbe60f2f4a234355391',1034,'70.209.16.28',1409224681),('ddd37dc5ded58c6e1c29ef80269cea9b',817,'190.4.67.194',1409446042),('049b443eb34a26ed7477d3c8488ce7a2',990,'98.219.65.174',1409418004),('e331ec55a4d2a685145e372b09862b11',1036,'190.4.73.95',1410153634),('6dbd61c14907b5de8492568659d41aa1',61,'204.14.250.229',1410385687),('5124112d1fbfb60806c2253a6d2b8b6e',952,'205.200.214.99',1410743108),('90e3d2c70cfbb434619eb41868cc17f6',1018,'68.53.17.245',1412783782),('3dc34bdd8b9fd7146cf1d61649204dd6',1048,'107.15.219.250',1410890139),('b43cd8007e2214fec1ae93da4eb5aff8',1048,'107.15.219.250',1411395927),('af881fae36f72aa15fc237eefe532397',1047,'99.225.211.23',1411405292),('56ab018886fa28d4d960bfea135a931f',54,'50.196.203.221',1415375179),('ec34fb12606c3ef305116e5eff0a43ef',1047,'99.225.211.23',1411775880),('93289c43a94f0bf248a5a4c16e3fc41f',1047,'99.225.211.23',1412980275),('4e4f6dc3d6897daa1f4dfb41ce7a0bcd',1048,'107.15.219.250',1412013065),('300b3b99193843b5528ee7b282da54f7',1633,'68.192.147.199',1456285355),('a8c6b165e0a4cc073a3f5e89f5aa63a1',952,'74.216.58.91',1412124031),('3057d21485d7660eddaadb8af4bc7312',1627,'216.174.21.41',1455212280),('b144d4a9206db2ac8f8ce965bd5b8582',1047,'99.225.211.23',1412190300),('e7cde78690c5623a4b9bf4eff4cc7109',1064,'209.141.136.79',1412128512),('4a3aca57323414f59178894bb9f24d8b',1060,'69.157.156.184',1412868219),('52149f3139364ae1dc4a2fabf7221901',1048,'107.15.219.250',1418093765),('bfd14e9fc2cefdfd9709eec35e37e817',1047,'99.225.218.110',1414202635),('f16b44f2a5413acfdfbd06b19a641df1',921,'50.118.172.218',1427408412),('10c5bd54c5ab1129919771b50060337c',1065,'196.3.140.194',1419745268),('ec352f58e42aae89462137579b619dae',1056,'74.3.6.26',1419538715),('32a2e8b62068b95f270018c5a1d13933',1069,'98.165.178.64',1413677420),('37d675389b52a538d74820bfb4ea1695',1081,'99.229.167.59',1419026017),('9c4b511738aa7308f8d3a953cc5ed59c',1070,'184.151.246.112',1418840572),('fda35d7ca111318fa4c459be4bbd61be',921,'173.245.65.24',1415998180),('7a701d1f694228850f749fa85a48078f',1043,'99.247.109.211',1413841450),('6c9238dd9f89ec6bea4ed57a805d3f15',967,'70.51.151.223',1420739016),('faae29992bd75584f8a3f9d5be0bf970',967,'24.114.98.213',1426084537),('a25aaf568365205c442c1bafb4b29f01',1073,'68.199.201.104',1414188898),('6d141cddc4161dc750e2158f25e7cdf6',990,'98.219.65.174',1421782058),('ead7af27df9ec494aa77210be7cb14fb',1370,'205.217.232.63',1421009020),('4a04c99447b88055eb6261dc07385d84',1048,'107.15.219.250',1414154620),('1b6ff589ac831e7e32c0852d339923b6',1073,'68.199.201.104',1419717544),('f14201d916f2d6d220b73868b74573b5',1069,'98.165.178.64',1414565571),('befb4de84cf93256969925707ef5848f',892,'50.178.181.19',1414844551),('4e8d5bd79e709b96236a080d15eb4c28',1074,'192.12.13.13',1419874169),('08e967d88f22ff0108423aa028a9b1cb',1083,'108.227.122.117',1437700160),('2be27e143a8150b97117867c608399d4',1047,'99.225.218.110',1417291278),('f33ac2a52a6e1454e3a6603e6e7091bb',1087,'67.85.115.71',1415217589),('2a2926c503201c94090b2fa10a8a6ddf',1085,'173.209.211.212',1415063591),('8e51c1b294784d17e49436b27a9e42fa',1094,'50.167.16.3',1437217445),('caaa651d25fc26206645893714255e44',892,'50.178.181.19',1415489192),('99fc8d57627be9705ceb8061c851763b',930,'166.175.56.214',1420321944),('470fd86987b946834a50effaf060f73d',1060,'208.84.200.173',1420326863),('29ab8b8008a95e83bf7427e74f6690e0',1094,'50.167.16.11',1415796695),('2ebfa51e68452f9504a62c56bb69466a',54,'50.196.203.221',1415827917),('f1449c3570d3cd2712dddfa547672ab3',1107,'107.77.83.33',1416406644),('ada5f6a8b5a8319efdb454c37655c79a',1022,'173.61.86.162',1416806420),('4877d5d33f95716137fc41dc1b49db63',54,'50.196.203.221',1419029158),('eb6177e59cf2972940c4b72df546bd5f',1105,'166.175.185.25',1416618468),('50c02ea660e19911c78513ad1e78a178',894,'162.212.13.84',1452282332),('ccddcffd73ff36be3519f353622fdf1d',1067,'69.73.202.19',1428778997),('8e34e0b24b78f56ee6838a2a7f27430a',971,'174.5.73.140',1416968543),('a1abf2e0d6e1c06d7b32a20d5c27dde9',1109,'65.31.143.180',1417378413),('9736fcad311f68572ed9874da15a0ff7',1125,'207.191.243.185',1430584108),('242c35c7be6f9cea20a314839dcba9d1',1126,'73.22.98.195',1439583790),('91493d2e278a08e43b3e0bd23b1f57d1',786,'173.67.2.13',1417786972),('cddee7b8bde2b30a5dd12c275601cc57',1055,'108.234.104.84',1418339709),('ef49c1894bff7df188c46e79f0dd6a3d',1131,'136.152.142.148',1418416121),('036a2c0031091268b53f4b2a58185feb',1366,'66.165.177.4',1429477797),('1ef4cfb7dcb4a3112cc876255892c58f',1067,'24.204.206.40',1419362445),('a1752eb880c5d671459f1c7dc8648cc1',1369,'72.74.255.86',1425673542),('7348a56c3dc505b51ebe64879c3cf195',1369,'173.76.205.156',1420424373),('e09771723fe36205cad5ae7f2a90a029',54,'50.196.203.221',1425481300),('61025bfb2e19e6d308ad5d9e22db5d5f',897,'66.98.60.210',1423792578),('57a12d068fd6583e1eccdb09efbbda08',1056,'65.48.235.129',1420204024),('25660ab37ad11acf00abc9d1c728762a',920,'69.250.66.21',1420398220),('1b01f7038c63d606e812dbf262b5cb57',1396,'108.204.60.150',1425878073),('b0481eef5a933717872aa14b53a708b9',816,'65.48.140.162',1420484223),('217460ea375f955d8599973c9fca1fb6',1040,'174.98.136.171',1421809708),('583c16792f331bfd0d19c0cec056719d',1087,'67.85.115.71',1423444323),('9d0e93420998cfac5d154b42aa7f972a',1108,'71.165.114.168',1424413002),('8647e0ff5f51db24aa97942d9a5f9579',1395,'208.54.37.136',1424202525),('89283c9fe75348cc5c9429c545793941',1089,'70.126.148.135',1424108118),('cf5fbbe4966dd503fe432368ef156655',842,'199.126.38.121',1426314646),('d6f1a2a2e42cfc8df0b0c6afaea9ee18',1108,'166.170.51.1',1424132752),('672bb302c60fe98197cdaf46c9da41ec',1135,'202.136.138.253',1424216382),('74e00adda852918ca66dfa0d03e17d6b',897,'72.51.79.21',1436932029),('559eb24af4dfd35e41e84e02de77c209',1135,'202.136.138.253',1424432479),('bc502a33908cff0efa20d0e9c97eee77',1097,'76.120.38.228',1425314871),('fb0b3c000e5a93757f21fa493b0a2631',1135,'202.136.138.253',1425726470),('4d337c7bb273f21f9c4890f6b8f03a9d',1395,'172.56.37.169',1427860315),('fbf8927501d514da47be6c35474d6b28',1034,'64.39.156.254',1424739390),('af98b4e5459505afe7a2e51b20c5fc3c',1034,'64.39.156.254',1424758784),('38d6aab2137b4ef36b010294a1b7352a',1621,'99.6.233.244',1453877256),('a0e37ae0365ef83e00bd57e949d21037',1397,'207.216.103.77',1426051807),('f69f0796f82aa117083f4821a2f6650e',1108,'98.112.218.145',1425782406),('6c97169837cdd3a267e9d7773325a1ed',1403,'162.40.216.188',1427135226),('3b5dfc6c42f7ccf0840d1e96a5bf8cc9',1403,'162.40.218.177',1425328847),('7b268223672cdfe58d147c191744ed6a',1621,'172.11.128.238',1453430955),('820e5e84c6c2eb2bcd65d5b37edbddf5',1382,'50.100.247.147',1428940118),('fce2656f0e56bd4f4421b5ba6f97d71d',1412,'98.117.89.126',1433345617),('4e7e9d8675876c661039c52d0dbc64cd',1413,'69.158.21.78',1425740904),('bdfcf939bc9a4ac3de7911bbf51ef5cf',1408,'99.230.114.241',1426046714),('2e0bfbf15b354eca569ae518dc328f66',1390,'8.23.143.102',1473593681),('389f8434a7dddcd6e6142b680d1ce256',1418,'184.77.32.47',1426725591),('7294a0bb86870bb8c818ebe0c4a29c22',1135,'202.136.138.253',1427418481),('2a34702d5c26ed872a9ce0795a011e01',54,'50.196.203.221',1447958309),('f2002e209996e8e961f2c35a6d36c54f',1653,'70.160.149.122',1460600787),('466ff07d79666ca290ec5ba956a5c396',1129,'68.32.32.4',1428521345),('cd90a406d529341a119c88073bf6cb33',1433,'50.90.10.223',1437488439),('dc97981612d5b227c4cab68426bbb68a',1135,'202.136.138.253',1428620562),('bc0218f963810b7a104f39e74b6e3447',1434,'190.4.64.242',1430873300),('5686f3fc38f9b45bb0de2d4cfb2d3c0d',1415,'68.198.171.159',1428291430),('afdbb60487634695f1a26d89e886bae5',1437,'38.122.43.212',1428324936),('a64fd9a0a15df2f04e8f92409f770adf',826,'76.76.178.16',1433991079),('46a54528c5fd3bf7cd31085e9a521dec',1135,'202.136.138.253',1428640211),('6181911e067704b58078c2af9b543e38',1382,'24.114.50.116',1430217454),('9e12fc1c5baee2a0366adf06a25a36a8',1437,'70.24.225.175',1428803860),('0f741fe20c9631351f23b8a19647424f',1429,'158.103.0.1',1437669853),('6ae010b7417bac6e52c668ef3aa62f0f',1097,'76.120.38.228',1428843437),('094b691a938cf56549704a7f1a0da503',921,'216.185.58.213',1428980205),('2e86115b0d9be44310de66aba379d80c',921,'23.27.44.160',1429470774),('ffa064f94a2bfe4077a749a2e3feaf84',1445,'50.167.78.47',1429280821),('1823f2dae06aae405283913eaa971e16',1445,'107.77.94.115',1429101638),('b3cb1f6ec0eff415988afbf39b1013cd',1129,'98.243.90.74',1452009913),('be8fb41edde43171c98528c4ca2802fe',1447,'24.202.50.11',1429498440),('4d49908baae69c4beda15557b5bf90a5',1135,'202.136.138.253',1429520583),('dbf0aaa6ea45947462caeab7fc5c468e',1450,'206.205.82.3',1431544063),('f3f0555b9a603d5fc43e431cfbfb2947',1450,'69.244.85.137',1439091933),('aedd19e0a393c2b2f17f623e357907d6',1135,'71.239.231.73',1431620505),('c3cc5036c79697b0e9cb62cc74c19415',1443,'162.212.210.14',1454653073),('fa1ebbc9f21360850767e448d6ec0685',967,'216.110.122.92',1430787339),('fe1af6c07eb39fc40f90b4944d65f236',1465,'50.196.203.221',1430513811),('41fe7ad7c2dbe38f121f55051be9a9d7',1431,'166.137.136.25',1432438005),('fb14bee958596048f34337bfa6070cac',1462,'172.56.37.169',1431283107),('3d31b05daba15e0663b241b59aba4626',1588,'207.191.247.185',1460646547),('9510fb6c0496c15c8dba0e85bcc1f2a9',1429,'71.244.197.245',1434029919),('a2fa37079862c276814c5cd46c131cb1',1470,'70.27.174.102',1431389836),('cff9a7be638755add6c2ecc36736ca21',1088,'5.151.196.128',1434390898),('47bf6c02e6d699d7f44edc84bc2b11d7',1135,'71.239.231.73',1432152299),('6649ddace6cbcc0292e17fc794824c5f',1135,'71.239.231.73',1433821224),('35d8cee306c5931254ff99aafb7d0832',921,'162.212.13.84',1433437402),('9c4aff72d31092b63da348100581221c',1386,'76.76.179.109',1438962077),('10a2c39de5d87b1fd38ba28824031d22',1584,'159.116.254.5',1446485868),('508d6448649ce52779bd1982b73df73a',1098,'192.243.140.36',1437420776),('56dbb24aa185791192d819236706b020',1567,'172.7.37.239',1452911754),('15c62000880e3ba65a850443f7d78de9',1510,'32.213.174.164',1446316253),('c333d9628d23245a376d3c6c5833989d',1427,'172.14.158.195',1433699640),('9340c420fc6d45b1d9cc6d99dc171d64',1072,'166.173.63.162',1433279733),('191d43ec714e27a2779b01b3348f4b29',1487,'67.241.141.154',1433793902),('1ec992dc0debd719e1ea8281adcaa346',1624,'100.43.120.36',1457966246),('78c8241b0155ff0f2d592570d082eec8',1493,'24.66.112.50',1436380895),('82ea4950cdbf71e00c895f55e264430a',1462,'172.56.36.76',1435438816),('ff003faaa682714227088e5d4bd1e44e',1126,'99.156.90.107',1448233142),('870861b96cef5eadfa72e503ef258294',1620,'104.186.224.73',1452989864),('5b9e2abc0e848019218d5eb87ed1d687',1514,'162.242.26.249',1436998353),('cc3c627984b60bd6f9eae6a42e20b9d5',1446,'209.213.24.205',1439787253),('7ac59ba29ffbe97cdb9b9dd29dff947e',1468,'216.104.116.34',1436015280),('1b5c943d76c2892d419c7d6d8a8732be',1506,'96.253.82.10',1438831983),('84d44f90682cbc0dfd126a3e559b2d87',1615,'71.224.72.49',1452816305),('8678c085f198d3dabd8cd3ab664e09bc',1514,'70.193.6.108',1449586310),('7566b9df32d855cfe4c336e7597320f0',1468,'70.30.110.79',1436298830),('7e6d1229a9d5740a543fb33f278522cc',1520,'108.19.188.219',1436392741),('ef67f5d8d505f0184b6768acbf150246',1486,'108.248.240.192',1436720135),('a863a1ac4b0f3be234702475e1ed10c9',1431,'72.204.56.34',1437685533),('33ddfee5f2ff66e5eabe61da21e10ab7',1521,'50.153.161.12',1438202030),('742d6c6de3753b0c9036d0596553ab4c',1533,'69.57.248.87',1445989688),('702040eb1826f19bb0dbeef3bfad10e4',1450,'69.244.85.137',1438213699),('d567a2f93f65848bbe8f5fa7c55af9dd',1467,'216.87.100.249',1445630058),('7a753ce8d871f3355001d82fa073077c',1503,'50.89.191.21',1439350064),('b85728589edefbfee21affe637813831',1440,'12.90.92.186',1437749602),('3f5dd8592174e5496c862ffd08fb0420',1418,'162.212.14.18',1439652959),('c28d2146404bb8d6cada4d804bd46c68',1521,'50.153.162.146',1438214667),('6a768c28d1c69231621f31c691b23bfc',1126,'50.153.153.31',1438729844),('c1235b2daa62dd21e7d5499af797341e',362,'204.14.248.227',1438875774),('a25ae34b6c825feffc931c2cab951c74',1539,'107.0.14.165',1440084551),('21ceaa65cbec5d5ce8ca35ac949cd572',1540,'24.165.35.75',1439757355),('771283dfe629f985a57682840e296aa9',1540,'24.165.35.75',1440731251),('f712966e991859c091cb0e003ee9cca1',1539,'98.211.36.141',1439034454),('f05e9ef2b269d32aae7d68cbc01121b4',1539,'98.211.36.141',1439656224),('05812c9b5ac92299c155cd6c8fdda902',1546,'70.119.52.160',1440627949),('01d9f8ed4d3ebe7450216b05605e03a8',1503,'162.212.13.84',1447774926),('7393bd4abbe8357c8a81cb9ee84b513d',1440,'65.182.81.195',1439593561),('0292c6b11d1c2e901596b983f5f69061',845,'165.91.12.139',1440436427),('5fc55bedd0e57afd9a9d445526537a42',1539,'65.48.234.196',1450391393),('b0c823b1915f6fd34a6b3cc8b13834d0',1577,'166.172.185.131',1445271854),('76ba65ad86e617ec796743a7093dabd6',1499,'24.94.243.82',1445130529),('db488659784684b21740ca5987fe15fe',1584,'159.116.254.5',1446513957),('a2c7772308f814dbf6e62576addd72a1',1584,'159.116.254.5',1450323323),('e93c910664ae08fa00693e199b38a489',1072,'200.71.248.53',1447683045),('2bdaaa78c150ba8f7c37ccb5fe6010d0',1564,'70.194.6.84',1450370175),('243153142d5d73c17e187c068a68d75e',1585,'98.230.8.35',1450891449),('a12925567f200f17d1f615590d4f1a12',1476,'209.59.79.54',1451926741),('960d6ec0dcdf5133fa3003adea6ac412',1467,'172.56.19.15',1449080527),('058316a70f5c6c468dac5df281f12931',1798,'99.228.172.47',1470775931),('0dc3c76bbbf417b68b06b359a78233b4',1616,'137.186.216.161',1452042283),('209d4ea72e1d6ce88f5f96fcbffb9ddf',1499,'69.73.201.109',1450760737),('91c67b8ebff1fa1a6a79967e61db5fdb',1574,'73.193.10.31',1451463860),('466d03d9776996d847910a524e9f76ab',1616,'207.228.78.157',1450711042),('a79cff03846408846418cc5921012069',1615,'71.224.66.238',1461694526),('5f6a550216017afdfaa8d0dae12f8bca',1595,'76.76.179.37',1451866971),('2d4f388a1779be31bf4d02bacfe36945',1613,'99.226.225.142',1451029068),('4dd2df24bd8ba8f7be08614cc7b56b32',1617,'162.212.13.61',1451700269),('da2fbd113a04bcdfbf326824a1a37970',1615,'71.224.72.49',1453565579),('a4ee07961d8bcdce083d015fd57f4d12',1619,'162.229.237.165',1457654455),('c2c8ff9ff9fd20e0b520ac387c5b1c16',1664,'65.26.150.75',1461134970),('ef681fc8c42850a3d65ea349b9dd3d8a',1635,'99.235.146.10',1459569103),('5df6cc7e6a375cac9b80c9ba68f2bed8',1649,'66.87.121.141',1456971618),('7dde1402e318933f99ac1e6d46ea41c7',1693,'98.231.211.221',1457648375),('031060f9700ae96bbb946b89cd48f642',1715,'69.247.247.44',1458253988),('30acdd45e84dd3dce375c7ec1a0763e2',1638,'184.94.60.114',1458835565),('948e19dbe74e0a0177f42768e0747d7a',1577,'73.53.196.97',1458839725),('eeba562ce568bf4b9b84b31d5e450b7a',1624,'162.212.13.84',1503492226),('98dfbaf3c4d9decb41f723a5266a2977',1720,'73.36.185.169',1459439935),('3b3409a033d848883e60993f3177668a',1743,'166.137.125.52',1462474133),('7009a5716faf3e5b7c7b4f3029d8deb5',1730,'73.179.103.59',1483442758),('0aac5cbe1b5d36b8c78b111690e673f3',1734,'72.23.51.169',1468007217),('872ba9bf5bbef31bcfab52c943ef7f50',1615,'71.224.72.49',1461452341),('24deb89ec0c77c0386d31d664e4f0833',1732,'99.21.104.171',1464885899),('f5729cabb62209b8c94840623aafcdf0',1771,'69.73.201.131',1477752013),('408d0b7269c995320cc5eeddc2b96f7f',1732,'79.131.208.87',1468711731),('d608b0ffb514ebf1091adcc84e48ace3',1751,'97.82.254.150',1465417211),('cd19d4a8843a5deb54c995676cd0b272',1761,'108.56.157.81',1471053551),('81c57925609db9abfbae4930321d5b90',990,'107.217.193.96',1465898321),('8df827c3be52813bc24d8bacc56c1f17',990,'69.75.216.133',1492352901),('f7a1c20627b21b6caa85257381907538',1726,'68.15.233.33',1466905969),('14a8499623cda9a9d3febcd55ec7d257',1732,'166.170.222.176',1467396624),('861698ab2ccc85698b8a00eb0102416c',1771,'198.84.169.98',1468823305),('4beca3ce6b8a9ee80e18a091316de588',1732,'70.89.243.17',1467517002),('3ec9dc0b1b40f8e59f64c1866f996d94',1771,'198.84.169.98',1468378365),('385945885d87b897d967d74adc998328',1732,'166.170.221.183',1468456323),('e058c772a9fe45bd562af333d56f2423',1768,'99.230.12.82',1470250046),('c0fa282bdb4cd859c696cff07a919015',1779,'72.146.75.22',1469067346),('416e82cd597c163fa50ffed83f732260',1779,'166.137.248.109',1469296090),('e4507fdf04e7b57da3d5fc64c4a0079b',1781,'173.216.161.185',1469117510),('e398514d75d60c7730147c6c36d7e4e6',1443,'208.84.201.56',1469135264),('0a86ccea4ad80dfe702facf516283f95',1732,'188.73.193.192',1470921097),('369f28eea5bf1113769e7b62e3de0f74',1785,'68.133.40.52',1471362193),('267c6b23ecf0d65b664cd50d00276e9f',1497,'204.42.22.13',1472675670),('e9c94f58fcbb256df8424fd0a529bdc4',1794,'69.211.136.146',1471721849),('d21b4a2facf4eb9a267a6c63acacf3de',1809,'173.2.73.21',1471734007),('4da2611b0d5f9b003985a5b673962915',1788,'98.186.227.211',1472171564),('4c93d00a4e55d548880e429cf5bdd7c6',1732,'99.21.104.171',1472193321),('8ca0e9ecd05679afc58c51a75da2e244',1794,'69.211.136.146',1472525981),('18da789e8d3b75468680c7d0b18b5375',1497,'65.48.140.82',1475080951),('d9bd748bdbf275667c2a3b8aaa1b2c01',1072,'12.26.17.91',1497131665),('6d5d927cde0262951bb7e9db5182c72c',1881,'208.84.201.139',1477409464),('cf2cec55e4384e82a5691794c38a59b1',1888,'174.118.158.174',1478385917),('09dce89abb32ebe6e521e94a8e57701a',1881,'208.84.201.139',1477585988),('48ee6cb18124ef6cada9221a199778ba',1895,'174.135.64.11',1482811028),('198e576f6b44471c617de0471a6d95bf',1899,'74.87.154.170',1479306727),('4b6af1a11bdd20070f67353e8cd431c8',1896,'162.201.181.10',1480881989),('c5e0ed5856475b96f450a64b8f82fa22',1896,'162.201.181.10',1480882191),('a83c8d76e25b814ced6ec198dab36c3b',1588,'207.191.240.161',1481391270),('ca95951d88f49de45a70ef20e7a3addd',1888,'209.59.76.242',1486320166),('07cf819fbc18a80871b9703e51fc32fc',1884,'98.201.2.92',1484429399),('60e7e1d3e0e288ac0c30c113b4b8459b',1904,'64.212.98.42',1483825223),('864db8ecbde2647a6c1e8d83059a3a65',1895,'70.197.72.7',1483922933),('cc09d2f3b7270428f5e49982d0ba6d66',1896,'68.184.125.191',1489590623),('84e750303c350c2754b5200d268168b3',1918,'165.134.212.82',1487111451),('e9cffe6c1b1774c042915f4138373cf2',1917,'99.236.107.25',1487292961),('1a0bfd60575e463d1884b49c52cc84e0',1916,'172.58.216.145',1499461503),('944df3125c0939de6b9f6f3f87c9c45c',1788,'68.107.33.21',1489162606),('72c24cc2f36ca0f1e13de1277a0dcf39',1918,'50.4.46.137',1497303564),('949af600486255c2a43e6d47204279b8',1929,'172.58.40.207',1489571824),('5d4f96f38c93ac0f32f28fe0d3e68aa9',1912,'107.77.233.13',1489100306),('8e231e2c9542caae61e1aede131dff42',1916,'72.79.220.17',1489266981),('00313f820daf21e98dc9fcf90d0b88bb',1933,'66.87.145.98',1491777303),('680eabfa00f515469c91a89e380603d8',816,'67.165.142.129',1489719087),('1ad4e09079eda9037f8241456615e495',1940,'74.64.4.161',1490871628),('2a00ab26707ec739bf8d0aa1bbe5ef85',1930,'216.209.43.45',1505761908),('df7d6503c9e61525fe08d5a70e8e42e4',1946,'76.107.123.4',1493483340),('473cea05a41868072423aa1e1b0281ee',990,'71.92.78.241',1527902344),('0f61fec2c2390703900cf05ca6faf338',1934,'205.217.232.153',1494098334),('7ca8107ec6c1ebf38f72dcb68bd08bc8',1952,'63.143.106.106',1501675818),('b69cb3d3a7c176baee3701a2092bdb60',1990,'207.191.243.35',1512725074),('88df42470cf17e15561a7a7af9c74ca9',1962,'162.212.13.84',1516622658),('b6b077bc1eb0202a5dca225958bd3f76',1938,'12.187.35.156',1521456079),('ea6aa29dd1c10bd61f875c4f88c0921f',1998,'98.111.219.139',1513484528),('53ddef229798342ed0b1c7ab60511f9d',1999,'75.156.69.62',1502171888),('2e98759785bbd01781943ebc05cb57b3',1989,'96.30.178.140',1505432558),('fb62900b7a9a03d6112200213f57176f',1997,'162.212.13.84',1506533991),('9718bde5756c50eff31928e31b5b21f8',2012,'98.102.175.98',1509421271),('ed5439a82ae13286f99ed13f0541c2e1',2012,'99.250.226.234',1507487745),('7400c427df8f07fd9130ea26ad260bf5',2016,'76.106.233.220',1511820245),('5ff4d04082aa89d03ba6a63094fcf30d',2014,'173.190.147.6',1510110626),('b5e5eb1f3cc40d311e7a7d329dc2ac1a',2021,'69.31.246.201',1510705264),('3fccc4ad08af6eb3611e7aeb54705856',2024,'70.27.234.190',1510880747),('38f758b3c5f815b6bac3a71caeb3918b',2014,'99.203.5.149',1511543781),('1c06e3ec557c115ba0d9b6fd750ea9e7',2033,'76.76.178.94',1515472707),('c73dc26032f3d7705d4736d703967295',2033,'107.77.221.9',1513035014),('77f361615502fc106edf7be59270e116',1961,'24.114.72.35',1513870909),('d5f596293b492aa689ec134eec310060',1961,'108.170.128.192',1513889845),('4ab261aed11c701b0e139cd0088d09e8',2037,'63.143.106.106',1517943851),('b7f1702c171cd8429cbc61a688df6dee',2045,'69.143.214.183',1524003248),('8af4957d92a77dcf3ad7808809bf005a',2043,'108.243.191.157',1521341371),('0d11fa4456324a7bd85febd5c27b0738',2042,'76.184.239.50',1518931791),('e27b808b2c31b19bd330e90db938cacb',2056,'99.66.142.126',1519260767),('810ea225f4c99196b7d308ce6e208061',2054,'162.212.211.63',1532244768),('9e61b9b7a462734716398653585fbce3',2050,'71.197.65.57',1519918847),('655892bf79292a029d11543c17dd3d4b',2070,'107.170.5.56',1523738757),('53c5f678f252655a08909c7ca0c41518',2075,'139.103.101.75',1523637433),('a2f7d065ac40f15b73139355efb0a4ec',2042,'104.219.24.18',1525445928),('1623cd4539a9cafe3bc85d93ba340bb3',2084,'190.97.113.250',1560054083),('2481c10597ccf1967d4603c8d6934568',2088,'24.107.203.204',1532397013),('dd7320ce33a9c5d42690491af2b1ce5e',2066,'209.59.79.89',1525222465),('4705720dfe3d5e71fd5ede23427000a1',2101,'72.4.31.199',1531106012),('39e863a0f8f477375e6565332e3fd57f',2101,'107.77.233.57',1529343113),('094f89dbaa9d68abed258315d8214411',2102,'70.24.130.87',1529025718),('d1edb5b3e56dbfa845af65ec27b58919',2111,'24.47.118.171',1531805013),('ff5a8d897c57c8a2c1e130365ed44685',2119,'71.60.150.86',1533225546),('4b35cbb1851e93e1831da448f347b099',2112,'107.77.221.219',1534726597),('035e2cb3004049cc9cff78d04d83c585',2112,'207.140.192.23',1552574487),('42f9e5385dfcd1d9e0fd940c00f8da26',2104,'47.132.160.207',1536325512),('6c1fa49d14c7c60569d4eeb298ebe80c',2123,'64.119.197.100',1535923540),('12ee0faaddfa87f281a83b95211eec76',2084,'172.56.12.12',1539312375),('ca4a7616670e07d85528667d94b44f06',2104,'47.132.163.20',1543317789),('8729220f8e72172ccd027ec6779eac54',2131,'108.46.146.55',1540405770),('4c1dbc617c870ef72890a552811151f2',2091,'108.5.248.144',1540997096),('b03f422444b7cf1a53861593e5dc3ec3',2136,'152.38.82.7',1541626135),('98a2bf88439d15020598bdbbeb80d6d2',2009,'172.58.14.215',1542337193),('916fdf9fba7ea1ec8af31723290b6408',2147,'99.255.72.124',1546452762),('5a952363d67652cd2b5222bf9f0ba103',2023,'72.27.202.146',1546221299),('38e789b929b832a55ee702f93175989b',2157,'108.222.196.207',1552448917),('8994f21adb764b2576771ce29c3b941c',2167,'73.98.247.147',1564984623),('dc668d22e70aea4159aab94fedfd6a17',2165,'192.203.137.242',1550624743),('67280a59d9b3698bf3be067576665df9',2166,'172.58.175.139',1550629387),('29b6794709703e16cf539d798b3ef746',2165,'199.247.42.51',1551714599),('9bea694e6e0ad2c49f7d2db20ad58845',2168,'107.77.68.123',1555897767),('34b68936f274a30b3addd62975da7d56',2175,'107.77.224.217',1552564443),('852db04667450eefd98d1abc77f3f0c6',2143,'162.212.13.84',1552668360),('73860527244c2d4eb1547b0a5aec5ddd',2178,'99.234.36.201',1554443858),('9625ed49933fb52ebe8ad0c19e1bc210',2157,'162.212.13.84',1565876938),('8993419ff232b3d39b1d509c23168f65',2181,'184.149.39.109',1567868805),('7603c09e310c0b7fbe18ee2479c91797',2165,'96.95.78.246',1554684435),('cbe22aa87b13023e6f3a79853c905a84',2192,'71.84.65.186',1555721092),('e1c80a5def3eb144c59fb45cc69a208d',2192,'71.84.65.186',1556571039),('e2647e550356b1b638afc62e28dc4a70',2198,'70.180.93.3',1559734271),('6b2b6061f3b0f66772aab65d5788d65c',2198,'178.130.156.2',1561803774),('c39ce48a51fdef9a58036fa26a6f24cc',2091,'63.143.106.106',1562004652),('4b08d72436544967a97b7b1e0bea9ad2',2210,'24.150.90.218',1562866942),('c8f1c841147b67c9266011176714a84e',2189,'107.77.223.51',1563247574),('e0a5cf9b68444bfa9be4ae393ca894c6',2211,'174.240.131.133',1561573400),('ec158738cd52659aa379376cefcd4366',2211,'104.255.232.27',1573956604),('5d8b511cd68f0d7f52865b575cbeab80',2235,'174.206.15.177',1574132465),('a58ccc9a302a458541ea4781236d53db',2245,'172.8.174.234',1574295058),('a9865d89f8ef754638d4e3e9371c6e6d',2237,'72.191.120.46',1574359661),('6e1bdaa29a44b9952f109ef86fa195e8',2242,'98.238.12.186',1575033607),('74847c94520329e1bfd7a70bb498526e',2242,'98.238.12.186',1575995381),('5e0278442e8ea8049c2dab22457de0c6',2179,'67.11.196.240',1599184917),('800d172ff5f114ca73637c7e47d105ea',2245,'99.74.11.194',1579725102),('78c00b84c207d75fbfe220734398d1c0',2277,'107.77.205.166',1593619175),('74e3397141a5b208fee9de535c6f9453',2286,'50.196.203.221',1609364802),('b54b90b1146a2a489742ea0feb716d34',2287,'174.104.121.201',1620701769),('bc07f7eb2ab8e45402377b602144ca4b',2287,'174.104.121.201',1610011772);

--
-- Table structure for table `phpbb_sitelist`
--

CREATE TABLE `phpbb_sitelist` (
  `site_id` mediumint(8) unsigned NOT NULL AUTO_INCREMENT,
  `site_ip` varchar(40) COLLATE utf8_bin NOT NULL DEFAULT '',
  `site_hostname` varchar(255) COLLATE utf8_bin NOT NULL DEFAULT '',
  `ip_exclude` tinyint(1) unsigned NOT NULL DEFAULT '0',
  PRIMARY KEY (`site_id`)
) ENGINE=MyISAM DEFAULT CHARSET=utf8 COLLATE=utf8_bin;

--
-- Dumping data for table `phpbb_sitelist`
--


--
-- Table structure for table `phpbb_smilies`
--

CREATE TABLE `phpbb_smilies` (
  `smiley_id` mediumint(8) unsigned NOT NULL AUTO_INCREMENT,
  `code` varchar(50) COLLATE utf8_bin NOT NULL DEFAULT '',
  `emotion` varchar(50) COLLATE utf8_bin NOT NULL DEFAULT '',
  `smiley_url` varchar(50) COLLATE utf8_bin NOT NULL DEFAULT '',
  `smiley_width` smallint(4) unsigned NOT NULL DEFAULT '0',
  `smiley_height` smallint(4) unsigned NOT NULL DEFAULT '0',
  `smiley_order` mediumint(8) unsigned NOT NULL DEFAULT '0',
  `display_on_posting` tinyint(1) unsigned NOT NULL DEFAULT '1',
  PRIMARY KEY (`smiley_id`),
  KEY `display_on_post` (`display_on_posting`) USING BTREE
) ENGINE=MyISAM AUTO_INCREMENT=43 DEFAULT CHARSET=utf8 COLLATE=utf8_bin;

--
-- Dumping data for table `phpbb_smilies`
--

INSERT INTO `phpbb_smilies` VALUES (1,':D','Very Happy','icon_e_biggrin.gif',15,17,1,1),(2,':-D','Very Happy','icon_e_biggrin.gif',15,17,2,1),(3,':grin:','Very Happy','icon_e_biggrin.gif',15,17,3,1),(4,':)','Smile','icon_e_smile.gif',15,17,4,1),(5,':-)','Smile','icon_e_smile.gif',15,17,5,1),(6,':smile:','Smile','icon_e_smile.gif',15,17,6,1),(7,';)','Wink','icon_e_wink.gif',15,17,7,1),(8,';-)','Wink','icon_e_wink.gif',15,17,8,1),(9,':wink:','Wink','icon_e_wink.gif',15,17,9,1),(10,':(','Sad','icon_e_sad.gif',15,17,10,1),(11,':-(','Sad','icon_e_sad.gif',15,17,11,1),(12,':sad:','Sad','icon_e_sad.gif',15,17,12,1),(13,':o','Surprised','icon_e_surprised.gif',15,17,13,1),(14,':-o','Surprised','icon_e_surprised.gif',15,17,14,1),(15,':eek:','Surprised','icon_e_surprised.gif',15,17,15,1),(16,':shock:','Shocked','icon_eek.gif',15,17,16,1),(17,':?','Confused','icon_e_confused.gif',15,17,17,1),(18,':-?','Confused','icon_e_confused.gif',15,17,18,1),(19,':???:','Confused','icon_e_confused.gif',15,17,19,1),(20,'8-)','Cool','icon_cool.gif',15,17,20,1),(21,':cool:','Cool','icon_cool.gif',15,17,21,1),(22,':lol:','Laughing','icon_lol.gif',15,17,22,1),(23,':x','Mad','icon_mad.gif',15,17,23,1),(24,':-x','Mad','icon_mad.gif',15,17,24,1),(25,':mad:','Mad','icon_mad.gif',15,17,25,1),(26,':P','Razz','icon_razz.gif',15,17,26,1),(27,':-P','Razz','icon_razz.gif',15,17,27,1),(28,':razz:','Razz','icon_razz.gif',15,17,28,1),(29,':oops:','Embarrassed','icon_redface.gif',15,17,29,1),(30,':cry:','Crying or Very Sad','icon_cry.gif',15,17,30,1),(31,':evil:','Evil or Very Mad','icon_evil.gif',15,17,31,1),(32,':twisted:','Twisted Evil','icon_twisted.gif',15,17,32,1),(33,':roll:','Rolling Eyes','icon_rolleyes.gif',15,17,33,1),(34,':!:','Exclamation','icon_exclaim.gif',15,17,34,1),(35,':?:','Question','icon_question.gif',15,17,35,1),(36,':idea:','Idea','icon_idea.gif',15,17,36,1),(37,':arrow:','Arrow','icon_arrow.gif',15,17,37,1),(38,':|','Neutral','icon_neutral.gif',15,17,38,1),(39,':-|','Neutral','icon_neutral.gif',15,17,39,1),(40,':mrgreen:','Mr. Green','icon_mrgreen.gif',15,17,40,1),(41,':geek:','Geek','icon_e_geek.gif',17,17,41,1),(42,':ugeek:','Uber Geek','icon_e_ugeek.gif',17,18,42,1);

--
-- Table structure for table `phpbb_styles`
--

CREATE TABLE `phpbb_styles` (
  `style_id` mediumint(8) unsigned NOT NULL AUTO_INCREMENT,
  `style_name` varchar(255) COLLATE utf8_bin NOT NULL DEFAULT '',
  `style_copyright` varchar(255) COLLATE utf8_bin NOT NULL DEFAULT '',
  `style_active` tinyint(1) unsigned NOT NULL DEFAULT '1',
  `template_id` mediumint(8) unsigned NOT NULL DEFAULT '0',
  `theme_id` mediumint(8) unsigned NOT NULL DEFAULT '0',
  `imageset_id` mediumint(8) unsigned NOT NULL DEFAULT '0',
  PRIMARY KEY (`style_id`),
  UNIQUE KEY `style_name` (`style_name`) USING BTREE,
  KEY `template_id` (`template_id`) USING BTREE,
  KEY `theme_id` (`theme_id`) USING BTREE,
  KEY `imageset_id` (`imageset_id`) USING BTREE
) ENGINE=MyISAM AUTO_INCREMENT=3 DEFAULT CHARSET=utf8 COLLATE=utf8_bin;

--
-- Dumping data for table `phpbb_styles`
--

INSERT INTO `phpbb_styles` VALUES (1,'prosilver','&copy; phpBB Group',1,1,1,1),(2,'SJSM (Adapted from subsilver2)','© 2005 phpBB Group',1,2,2,2);

--
-- Table structure for table `phpbb_styles_imageset`
--

CREATE TABLE `phpbb_styles_imageset` (
  `imageset_id` mediumint(8) unsigned NOT NULL AUTO_INCREMENT,
  `imageset_name` varchar(255) COLLATE utf8_bin NOT NULL DEFAULT '',
  `imageset_copyright` varchar(255) COLLATE utf8_bin NOT NULL DEFAULT '',
  `imageset_path` varchar(100) COLLATE utf8_bin NOT NULL DEFAULT '',
  PRIMARY KEY (`imageset_id`),
  UNIQUE KEY `imgset_nm` (`imageset_name`) USING BTREE
) ENGINE=MyISAM AUTO_INCREMENT=3 DEFAULT CHARSET=utf8 COLLATE=utf8_bin;

--
-- Dumping data for table `phpbb_styles_imageset`
--

INSERT INTO `phpbb_styles_imageset` VALUES (1,'prosilver','&copy; phpBB Group','prosilver'),(2,'SJSM (Adapted from subsilver2)','&copy; phpBB Group, 2003','sjsm');

--
-- Table structure for table `phpbb_styles_imageset_data`
--

CREATE TABLE `phpbb_styles_imageset_data` (
  `image_id` mediumint(8) unsigned NOT NULL AUTO_INCREMENT,
  `image_name` varchar(200) COLLATE utf8_bin NOT NULL DEFAULT '',
  `image_filename` varchar(200) COLLATE utf8_bin NOT NULL DEFAULT '',
  `image_lang` varchar(30) COLLATE utf8_bin NOT NULL DEFAULT '',
  `image_height` smallint(4) unsigned NOT NULL DEFAULT '0',
  `image_width` smallint(4) unsigned NOT NULL DEFAULT '0',
  `imageset_id` mediumint(8) unsigned NOT NULL DEFAULT '0',
  PRIMARY KEY (`image_id`),
  KEY `i_d` (`imageset_id`) USING BTREE
) ENGINE=MyISAM AUTO_INCREMENT=160 DEFAULT CHARSET=utf8 COLLATE=utf8_bin;

--
-- Dumping data for table `phpbb_styles_imageset_data`
--

INSERT INTO `phpbb_styles_imageset_data` VALUES (1,'site_logo','site_logo.gif','',52,139,1),(2,'forum_link','forum_link.gif','',27,27,1),(3,'forum_read','forum_read.gif','',27,27,1),(4,'forum_read_locked','forum_read_locked.gif','',27,27,1),(5,'forum_read_subforum','forum_read_subforum.gif','',27,27,1),(6,'forum_unread','forum_unread.gif','',27,27,1),(7,'forum_unread_locked','forum_unread_locked.gif','',27,27,1),(8,'forum_unread_subforum','forum_unread_subforum.gif','',27,27,1),(9,'topic_moved','topic_moved.gif','',27,27,1),(10,'topic_read','topic_read.gif','',27,27,1),(11,'topic_read_mine','topic_read_mine.gif','',27,27,1),(12,'topic_read_hot','topic_read_hot.gif','',27,27,1),(13,'topic_read_hot_mine','topic_read_hot_mine.gif','',27,27,1),(14,'topic_read_locked','topic_read_locked.gif','',27,27,1),(15,'topic_read_locked_mine','topic_read_locked_mine.gif','',27,27,1),(16,'topic_unread','topic_unread.gif','',27,27,1),(17,'topic_unread_mine','topic_unread_mine.gif','',27,27,1),(18,'topic_unread_hot','topic_unread_hot.gif','',27,27,1),(19,'topic_unread_hot_mine','topic_unread_hot_mine.gif','',27,27,1),(20,'topic_unread_locked','topic_unread_locked.gif','',27,27,1),(21,'topic_unread_locked_mine','topic_unread_locked_mine.gif','',27,27,1),(22,'sticky_read','sticky_read.gif','',27,27,1),(23,'sticky_read_mine','sticky_read_mine.gif','',27,27,1),(24,'sticky_read_locked','sticky_read_locked.gif','',27,27,1),(25,'sticky_read_locked_mine','sticky_read_locked_mine.gif','',27,27,1),(26,'sticky_unread','sticky_unread.gif','',27,27,1),(27,'sticky_unread_mine','sticky_unread_mine.gif','',27,27,1),(28,'sticky_unread_locked','sticky_unread_locked.gif','',27,27,1),(29,'sticky_unread_locked_mine','sticky_unread_locked_mine.gif','',27,27,1),(30,'announce_read','announce_read.gif','',27,27,1),(31,'announce_read_mine','announce_read_mine.gif','',27,27,1),(32,'announce_read_locked','announce_read_locked.gif','',27,27,1),(33,'announce_read_locked_mine','announce_read_locked_mine.gif','',27,27,1),(34,'announce_unread','announce_unread.gif','',27,27,1),(35,'announce_unread_mine','announce_unread_mine.gif','',27,27,1),(36,'announce_unread_locked','announce_unread_locked.gif','',27,27,1),(37,'announce_unread_locked_mine','announce_unread_locked_mine.gif','',27,27,1),(38,'global_read','announce_read.gif','',27,27,1),(39,'global_read_mine','announce_read_mine.gif','',27,27,1),(40,'global_read_locked','announce_read_locked.gif','',27,27,1),(41,'global_read_locked_mine','announce_read_locked_mine.gif','',27,27,1),(42,'global_unread','announce_unread.gif','',27,27,1),(43,'global_unread_mine','announce_unread_mine.gif','',27,27,1),(44,'global_unread_locked','announce_unread_locked.gif','',27,27,1),(45,'global_unread_locked_mine','announce_unread_locked_mine.gif','',27,27,1),(46,'pm_read','topic_read.gif','',27,27,1),(47,'pm_unread','topic_unread.gif','',27,27,1),(48,'icon_back_top','icon_back_top.gif','',11,11,1),(49,'icon_contact_aim','icon_contact_aim.gif','',20,20,1),(50,'icon_contact_email','icon_contact_email.gif','',20,20,1),(51,'icon_contact_icq','icon_contact_icq.gif','',20,20,1),(52,'icon_contact_jabber','icon_contact_jabber.gif','',20,20,1),(53,'icon_contact_msnm','icon_contact_msnm.gif','',20,20,1),(54,'icon_contact_www','icon_contact_www.gif','',20,20,1),(55,'icon_contact_yahoo','icon_contact_yahoo.gif','',20,20,1),(56,'icon_post_delete','icon_post_delete.gif','',20,20,1),(57,'icon_post_info','icon_post_info.gif','',20,20,1),(58,'icon_post_report','icon_post_report.gif','',20,20,1),(59,'icon_post_target','icon_post_target.gif','',9,11,1),(60,'icon_post_target_unread','icon_post_target_unread.gif','',9,11,1),(61,'icon_topic_attach','icon_topic_attach.gif','',10,7,1),(62,'icon_topic_latest','icon_topic_latest.gif','',9,11,1),(63,'icon_topic_newest','icon_topic_newest.gif','',9,11,1),(64,'icon_topic_reported','icon_topic_reported.gif','',14,16,1),(65,'icon_topic_unapproved','icon_topic_unapproved.gif','',14,16,1),(66,'icon_user_warn','icon_user_warn.gif','',20,20,1),(67,'subforum_read','subforum_read.gif','',9,11,1),(68,'subforum_unread','subforum_unread.gif','',9,11,1),(69,'icon_contact_pm','icon_contact_pm.gif','en',20,28,1),(70,'icon_post_edit','icon_post_edit.gif','en',20,42,1),(71,'icon_post_quote','icon_post_quote.gif','en',20,54,1),(72,'icon_user_online','icon_user_online.gif','en',58,58,1),(73,'button_pm_forward','button_pm_forward.gif','en',25,96,1),(74,'button_pm_new','button_pm_new.gif','en',25,84,1),(75,'button_pm_reply','button_pm_reply.gif','en',25,96,1),(76,'button_topic_locked','button_topic_locked.gif','en',25,88,1),(77,'button_topic_new','button_topic_new.gif','en',25,96,1),(78,'button_topic_reply','button_topic_reply.gif','en',25,96,1),(79,'site_logo','site_logo.gif','',94,170,2),(80,'upload_bar','upload_bar.gif','',16,280,2),(81,'poll_left','poll_left.gif','',12,4,2),(82,'poll_center','poll_center.gif','',12,1,2),(83,'poll_right','poll_right.gif','',12,4,2),(84,'forum_link','forum_link.gif','',25,46,2),(85,'forum_read','forum_read.gif','',25,46,2),(86,'forum_read_locked','forum_read_locked.gif','',25,46,2),(87,'forum_read_subforum','forum_read_subforum.gif','',25,46,2),(88,'forum_unread','forum_unread.gif','',25,46,2),(89,'forum_unread_locked','forum_unread_locked.gif','',25,46,2),(90,'forum_unread_subforum','forum_unread_subforum.gif','',25,46,2),(91,'topic_moved','topic_moved.gif','',18,19,2),(92,'topic_read','topic_read.gif','',18,19,2),(93,'topic_read_mine','topic_read_mine.gif','',18,19,2),(94,'topic_read_hot','topic_read_hot.gif','',18,19,2),(95,'topic_read_hot_mine','topic_read_hot_mine.gif','',18,19,2),(96,'topic_read_locked','topic_read_locked.gif','',18,19,2),(97,'topic_read_locked_mine','topic_read_locked_mine.gif','',18,19,2),(98,'topic_unread','topic_unread.gif','',18,19,2),(99,'topic_unread_mine','topic_unread_mine.gif','',18,19,2),(100,'topic_unread_hot','topic_unread_hot.gif','',18,19,2),(101,'topic_unread_hot_mine','topic_unread_hot_mine.gif','',18,19,2),(102,'topic_unread_locked','topic_unread_locked.gif','',18,19,2),(103,'topic_unread_locked_mine','topic_unread_locked_mine.gif','',18,19,2),(104,'sticky_read','sticky_read.gif','',18,19,2),(105,'sticky_read_mine','sticky_read_mine.gif','',18,19,2),(106,'sticky_read_locked','sticky_read_locked.gif','',18,19,2),(107,'sticky_read_locked_mine','sticky_read_locked_mine.gif','',18,19,2),(108,'sticky_unread','sticky_unread.gif','',18,19,2),(109,'sticky_unread_mine','sticky_unread_mine.gif','',18,19,2),(110,'sticky_unread_locked','sticky_unread_locked.gif','',18,19,2),(111,'sticky_unread_locked_mine','sticky_unread_locked_mine.gif','',18,19,2),(112,'announce_read','announce_read.gif','',18,19,2),(113,'announce_read_mine','announce_read_mine.gif','',18,19,2),(114,'announce_read_locked','announce_read_locked.gif','',18,19,2),(115,'announce_read_locked_mine','announce_read_locked_mine.gif','',18,19,2),(116,'announce_unread','announce_unread.gif','',18,19,2),(117,'announce_unread_mine','announce_unread_mine.gif','',18,19,2),(118,'announce_unread_locked','announce_unread_locked.gif','',18,19,2),(119,'announce_unread_locked_mine','announce_unread_locked_mine.gif','',18,19,2),(120,'global_read','announce_read.gif','',18,19,2),(121,'global_read_mine','announce_read_mine.gif','',18,19,2),(122,'global_read_locked','announce_read_locked.gif','',18,19,2),(123,'global_read_locked_mine','announce_read_locked_mine.gif','',18,19,2),(124,'global_unread','announce_unread.gif','',18,19,2),(125,'global_unread_mine','announce_unread_mine.gif','',18,19,2),(126,'global_unread_locked','announce_unread_locked.gif','',18,19,2),(127,'global_unread_locked_mine','announce_unread_locked_mine.gif','',18,19,2),(128,'pm_read','topic_read.gif','',18,19,2),(129,'pm_unread','topic_unread.gif','',18,19,2),(130,'icon_post_target','icon_post_target.gif','',9,12,2),(131,'icon_post_target_unread','icon_post_target_unread.gif','',9,12,2),(132,'icon_topic_attach','icon_topic_attach.gif','',18,14,2),(133,'icon_topic_latest','icon_topic_latest.gif','',9,18,2),(134,'icon_topic_newest','icon_topic_newest.gif','',9,18,2),(135,'icon_topic_reported','icon_topic_reported.gif','',18,19,2),(136,'icon_topic_unapproved','icon_topic_unapproved.gif','',18,19,2),(137,'icon_contact_aim','icon_contact_aim.gif','en',0,0,2),(138,'icon_contact_email','icon_contact_email.gif','en',0,0,2),(139,'icon_contact_icq','icon_contact_icq.gif','en',0,0,2),(140,'icon_contact_jabber','icon_contact_jabber.gif','en',0,0,2),(141,'icon_contact_msnm','icon_contact_msnm.gif','en',0,0,2),(142,'icon_contact_pm','icon_contact_pm.gif','en',0,0,2),(143,'icon_contact_yahoo','icon_contact_yahoo.gif','en',0,0,2),(144,'icon_contact_www','icon_contact_www.gif','en',0,0,2),(145,'icon_post_delete','icon_post_delete.gif','en',0,0,2),(146,'icon_post_edit','icon_post_edit.gif','en',0,0,2),(147,'icon_post_info','icon_post_info.gif','en',0,0,2),(148,'icon_post_quote','icon_post_quote.gif','en',0,0,2),(149,'icon_post_report','icon_post_report.gif','en',0,0,2),(150,'icon_user_online','icon_user_online.gif','en',0,0,2),(151,'icon_user_offline','icon_user_offline.gif','en',0,0,2),(152,'icon_user_profile','icon_user_profile.gif','en',0,0,2),(153,'icon_user_search','icon_user_search.gif','en',0,0,2),(154,'icon_user_warn','icon_user_warn.gif','en',0,0,2),(155,'button_pm_new','button_pm_new.gif','en',0,0,2),(156,'button_pm_reply','button_pm_reply.gif','en',0,0,2),(157,'button_topic_locked','button_topic_locked.gif','en',0,0,2),(158,'button_topic_new','button_topic_new.gif','en',0,0,2),(159,'button_topic_reply','button_topic_reply.gif','en',0,0,2);

--
-- Table structure for table `phpbb_styles_template`
--

CREATE TABLE `phpbb_styles_template` (
  `template_id` mediumint(8) unsigned NOT NULL AUTO_INCREMENT,
  `template_name` varchar(255) COLLATE utf8_bin NOT NULL DEFAULT '',
  `template_copyright` varchar(255) COLLATE utf8_bin NOT NULL DEFAULT '',
  `template_path` varchar(100) COLLATE utf8_bin NOT NULL DEFAULT '',
  `bbcode_bitfield` varchar(255) COLLATE utf8_bin NOT NULL DEFAULT 'kNg=',
  `template_storedb` tinyint(1) unsigned NOT NULL DEFAULT '0',
  `template_inherits_id` int(4) unsigned NOT NULL DEFAULT '0',
  `template_inherit_path` varchar(255) COLLATE utf8_bin NOT NULL DEFAULT '',
  PRIMARY KEY (`template_id`),
  UNIQUE KEY `tmplte_nm` (`template_name`) USING BTREE
) ENGINE=MyISAM AUTO_INCREMENT=3 DEFAULT CHARSET=utf8 COLLATE=utf8_bin;

--
-- Dumping data for table `phpbb_styles_template`
--

INSERT INTO `phpbb_styles_template` VALUES (1,'prosilver','&copy; phpBB Group','prosilver','lNg=',0,0,''),(2,'SJSM (Adapted from subsilver2)','&copy; phpBB Group, 2003','sjsm','+Ng=',0,0,'');

--
-- Table structure for table `phpbb_styles_template_data`
--

CREATE TABLE `phpbb_styles_template_data` (
  `template_id` mediumint(8) unsigned NOT NULL DEFAULT '0',
  `template_filename` varchar(100) COLLATE utf8_bin NOT NULL DEFAULT '',
  `template_included` text COLLATE utf8_bin NOT NULL,
  `template_mtime` int(11) unsigned NOT NULL DEFAULT '0',
  `template_data` mediumtext COLLATE utf8_bin NOT NULL,
  KEY `tid` (`template_id`) USING BTREE,
  KEY `tfn` (`template_filename`) USING BTREE
) ENGINE=MyISAM DEFAULT CHARSET=utf8 COLLATE=utf8_bin;

--
-- Dumping data for table `phpbb_styles_template_data`
--


--
-- Table structure for table `phpbb_styles_theme`
--

CREATE TABLE `phpbb_styles_theme` (
  `theme_id` mediumint(8) unsigned NOT NULL AUTO_INCREMENT,
  `theme_name` varchar(255) COLLATE utf8_bin NOT NULL DEFAULT '',
  `theme_copyright` varchar(255) COLLATE utf8_bin NOT NULL DEFAULT '',
  `theme_path` varchar(100) COLLATE utf8_bin NOT NULL DEFAULT '',
  `theme_storedb` tinyint(1) unsigned NOT NULL DEFAULT '0',
  `theme_mtime` int(11) unsigned NOT NULL DEFAULT '0',
  `theme_data` mediumtext COLLATE utf8_bin NOT NULL,
  PRIMARY KEY (`theme_id`),
  UNIQUE KEY `theme_name` (`theme_name`) USING BTREE
) ENGINE=MyISAM AUTO_INCREMENT=3 DEFAULT CHARSET=utf8 COLLATE=utf8_bin;

--
-- Dumping data for table `phpbb_styles_theme`
--

INSERT INTO `phpbb_styles_theme` VALUES (1,'prosilver','&copy; phpBB Group','prosilver',1,1369773466,''),(2,'SJSM (Adapted from subsilver2)','&copy; phpBB Group, 2003','sjsm',0,1372125514,'');

--
-- Table structure for table `phpbb_topics`
--

CREATE TABLE `phpbb_topics` (
  `topic_id` mediumint(8) unsigned NOT NULL AUTO_INCREMENT,
  `forum_id` mediumint(8) unsigned NOT NULL DEFAULT '0',
  `icon_id` mediumint(8) unsigned NOT NULL DEFAULT '0',
  `topic_attachment` tinyint(1) unsigned NOT NULL DEFAULT '0',
  `topic_approved` tinyint(1) unsigned NOT NULL DEFAULT '1',
  `topic_reported` tinyint(1) unsigned NOT NULL DEFAULT '0',
  `topic_title` varchar(255) CHARACTER SET utf8 COLLATE utf8_unicode_ci NOT NULL DEFAULT '',
  `topic_poster` mediumint(8) unsigned NOT NULL DEFAULT '0',
  `topic_time` int(11) unsigned NOT NULL DEFAULT '0',
  `topic_time_limit` int(11) unsigned NOT NULL DEFAULT '0',
  `topic_views` mediumint(8) unsigned NOT NULL DEFAULT '0',
  `topic_replies` mediumint(8) unsigned NOT NULL DEFAULT '0',
  `topic_replies_real` mediumint(8) unsigned NOT NULL DEFAULT '0',
  `topic_status` tinyint(3) NOT NULL DEFAULT '0',
  `topic_type` tinyint(3) NOT NULL DEFAULT '0',
  `topic_first_post_id` mediumint(8) unsigned NOT NULL DEFAULT '0',
  `topic_first_poster_name` varchar(255) COLLATE utf8_bin NOT NULL DEFAULT '',
  `topic_first_poster_colour` varchar(6) COLLATE utf8_bin NOT NULL DEFAULT '',
  `topic_last_post_id` mediumint(8) unsigned NOT NULL DEFAULT '0',
  `topic_last_poster_id` mediumint(8) unsigned NOT NULL DEFAULT '0',
  `topic_last_poster_name` varchar(255) COLLATE utf8_bin NOT NULL DEFAULT '',
  `topic_last_poster_colour` varchar(6) COLLATE utf8_bin NOT NULL DEFAULT '',
  `topic_last_post_subject` varchar(255) COLLATE utf8_bin NOT NULL DEFAULT '',
  `topic_last_post_time` int(11) unsigned NOT NULL DEFAULT '0',
  `topic_last_view_time` int(11) unsigned NOT NULL DEFAULT '0',
  `topic_moved_id` mediumint(8) unsigned NOT NULL DEFAULT '0',
  `topic_bumped` tinyint(1) unsigned NOT NULL DEFAULT '0',
  `topic_bumper` mediumint(8) unsigned NOT NULL DEFAULT '0',
  `poll_title` varchar(255) COLLATE utf8_bin NOT NULL DEFAULT '',
  `poll_start` int(11) unsigned NOT NULL DEFAULT '0',
  `poll_length` int(11) unsigned NOT NULL DEFAULT '0',
  `poll_max_options` tinyint(4) NOT NULL DEFAULT '1',
  `poll_last_vote` int(11) unsigned NOT NULL DEFAULT '0',
  `poll_vote_change` tinyint(1) unsigned NOT NULL DEFAULT '0',
  PRIMARY KEY (`topic_id`),
  KEY `forum_id` (`forum_id`) USING BTREE,
  KEY `forum_id_type` (`forum_id`,`topic_type`) USING BTREE,
  KEY `last_post_time` (`topic_last_post_time`) USING BTREE,
  KEY `topic_approved` (`topic_approved`) USING BTREE,
  KEY `forum_appr_last` (`forum_id`,`topic_approved`,`topic_last_post_id`) USING BTREE,
  KEY `fid_time_moved` (`forum_id`,`topic_last_post_time`,`topic_moved_id`) USING BTREE
) ENGINE=MyISAM AUTO_INCREMENT=369 DEFAULT CHARSET=utf8 COLLATE=utf8_bin;

--
-- Dumping data for table `phpbb_topics`
--



--
-- Table structure for table `phpbb_topics_posted`
--

CREATE TABLE `phpbb_topics_posted` (
  `user_id` mediumint(8) unsigned NOT NULL DEFAULT '0',
  `topic_id` mediumint(8) unsigned NOT NULL DEFAULT '0',
  `topic_posted` tinyint(1) unsigned NOT NULL DEFAULT '0',
  PRIMARY KEY (`user_id`,`topic_id`)
) ENGINE=MyISAM DEFAULT CHARSET=utf8 COLLATE=utf8_bin;

--
-- Dumping data for table `phpbb_topics_posted`
--

INSERT INTO `phpbb_topics_posted` VALUES (54,2,1),(1364,184,1),(54,4,1),(54,5,1),(54,6,1),(54,7,1),(54,8,1),(54,9,1),(54,10,1),(54,11,1),(54,12,1),(60,13,1),(81,13,1),(74,13,1),(61,9,1),(89,14,1),(90,15,1),(95,13,1),(105,13,1),(90,13,1),(54,15,1),(54,16,1),(54,17,1),(54,306,1),(1588,307,1),(54,20,1),(54,21,1),(1884,308,1),(54,23,1),(65,13,1),(71,9,1),(134,13,1),(101,24,1),(112,25,1),(112,26,1),(91,13,1),(112,27,1),(131,15,1),(105,28,1),(99,29,1),(112,30,1),(62,25,1),(62,31,1),(62,16,1),(117,32,1),(108,33,1),(132,24,1),(132,33,1),(107,28,1),(108,16,1),(72,13,1),(59,24,1),(59,34,1),(120,32,1),(120,13,1),(54,35,1),(166,36,1),(75,13,1),(109,24,1),(109,25,1),(130,25,1),(70,9,1),(72,28,1),(160,24,1),(76,13,1),(76,36,1),(147,13,1),(87,24,1),(183,13,1),(107,36,1),(187,13,1),(185,13,1),(191,28,1),(191,13,1),(191,37,1),(190,28,1),(190,13,1),(74,36,1),(147,38,1),(83,28,1),(183,39,1),(203,13,1),(54,39,1),(218,13,1),(54,263,1),(1510,246,1),(56,27,1),(272,42,1),(272,43,1),(87,42,1),(165,44,1),(87,45,1),(166,28,1),(166,46,1),(305,39,1),(305,36,1),(141,47,1),(141,43,1),(166,47,1),(56,39,1),(182,43,1),(182,13,1),(306,48,1),(304,49,1),(324,28,1),(324,13,1),(307,48,1),(307,50,1),(145,51,1),(182,29,1),(340,52,1),(319,55,1),(338,53,1),(308,54,1),(319,56,1),(134,57,1),(54,53,1),(54,29,1),(166,54,1),(203,28,1),(268,13,1),(109,58,1),(123,59,1),(354,51,1),(354,59,1),(354,50,1),(341,55,1),(341,38,1),(78,60,1),(224,51,1),(140,51,1),(300,61,1),(361,59,1),(120,56,1),(120,62,1),(54,61,1),(364,13,1),(300,63,1),(102,64,1),(132,65,1),(109,51,1),(369,66,1),(369,24,1),(413,51,1),(420,66,1),(452,57,1),(441,57,1),(65,67,1),(457,51,1),(453,68,1),(453,69,1),(525,24,1),(522,52,1),(469,51,1),(469,66,1),(479,24,1),(517,24,1),(473,70,1),(469,70,1),(473,34,1),(473,43,1),(473,71,1),(473,67,1),(457,71,1),(496,51,1),(491,71,1),(491,52,1),(452,72,1),(448,71,1),(505,65,1),(511,51,1),(552,52,1),(552,51,1),(529,73,1),(545,51,1),(545,71,1),(552,74,1),(469,72,1),(448,72,1),(448,70,1),(457,70,1),(545,75,1),(545,76,1),(517,70,1),(511,77,1),(511,70,1),(469,52,1),(552,77,1),(615,71,1),(615,70,1),(618,70,1),(622,70,1),(622,52,1),(473,72,1),(54,78,1),(633,38,1),(633,73,1),(681,70,1),(753,51,1),(425,70,1),(753,79,1),(570,80,1),(505,70,1),(759,51,1),(754,51,1),(551,51,1),(457,43,1),(454,70,1),(511,81,1),(762,72,1),(762,70,1),(757,83,1),(757,51,1),(716,51,1),(767,83,1),(761,83,1),(768,84,1),(768,83,1),(455,83,1),(769,86,1),(419,86,1),(769,87,1),(620,70,1),(772,69,1),(772,88,1),(772,89,1),(441,70,1),(773,70,1),(530,51,1),(530,90,1),(530,91,1),(530,70,1),(776,92,1),(776,93,1),(776,72,1),(769,94,1),(529,95,1),(642,96,1),(785,89,1),(785,97,1),(787,98,1),(54,99,1),(54,100,1),(54,101,1),(419,94,1),(787,102,1),(769,103,1),(426,94,1),(426,104,1),(801,94,1),(796,105,1),(807,105,1),(817,106,1),(469,94,1),(815,104,1),(815,92,1),(820,92,1),(823,105,1),(802,92,1),(825,107,1),(473,108,1),(835,102,1),(835,107,1),(835,105,1),(835,109,1),(835,78,1),(835,99,1),(843,92,1),(830,105,1),(830,102,1),(844,97,1),(830,107,1),(850,110,1),(845,103,1),(845,111,1),(845,112,1),(830,113,1),(560,114,1),(853,105,1),(853,115,1),(853,107,1),(853,113,1),(830,115,1),(845,115,1),(772,97,1),(835,115,1),(835,113,1),(854,114,1),(854,115,1),(858,115,1),(858,107,1),(854,107,1),(854,116,1),(841,47,1),(95,47,1),(841,106,1),(825,115,1),(870,105,1),(872,105,1),(772,47,1),(862,114,1),(54,117,1),(54,118,1),(54,119,1),(54,120,1),(764,121,1),(796,109,1),(874,109,1),(874,105,1),(873,122,1),(835,121,1),(876,107,1),(876,105,1),(885,105,1),(835,123,1),(54,123,1),(887,92,1),(889,92,1),(889,124,1),(889,125,1),(790,92,1),(790,126,1),(835,127,1),(835,128,1),(841,118,1),(835,129,1),(54,129,1),(54,130,1),(54,131,1),(54,132,1),(907,115,1),(911,116,1),(916,92,1),(916,133,1),(869,115,1),(923,134,1),(927,92,1),(869,92,1),(764,110,1),(764,133,1),(822,135,1),(914,133,1),(914,135,1),(914,92,1),(914,110,1),(931,110,1),(931,135,1),(925,92,1),(938,115,1),(941,136,1),(954,124,1),(954,136,1),(880,124,1),(1480,238,1),(1480,218,1),(1480,217,1),(952,139,1),(930,115,1),(848,137,1),(848,136,1),(962,92,1),(912,136,1),(912,115,1),(924,106,1),(54,140,1),(963,92,1),(952,134,1),(973,109,1),(973,115,1),(973,136,1),(973,121,1),(869,141,1),(955,144,1),(841,143,1),(955,139,1),(839,145,1),(948,121,1),(973,146,1),(977,144,1),(835,146,1),(835,147,1),(984,148,1),(890,149,1),(952,144,1),(948,116,1),(978,150,1),(872,151,1),(890,152,1),(966,116,1),(1012,116,1),(1012,160,1),(965,150,1),(835,151,1),(835,156,1),(994,115,1),(811,157,1),(986,109,1),(970,158,1),(1020,161,1),(971,139,1),(1010,141,1),(1010,106,1),(835,158,1),(1019,162,1),(1479,230,1),(1480,116,1),(1019,139,1),(1026,115,1),(1026,116,1),(1026,151,1),(1027,151,1),(907,139,1),(1040,107,1),(1040,115,1),(935,151,1),(935,156,1),(935,166,1),(804,167,1),(1034,115,1),(891,168,1),(1019,167,1),(1035,139,1),(1018,139,1),(1040,140,1),(54,169,1),(1048,115,1),(1046,139,1),(1056,140,1),(1895,310,1),(1911,311,1),(977,139,1),(1058,144,1),(1047,183,1),(1053,144,1),(1058,139,1),(1060,172,1),(969,139,1),(969,162,1),(1048,173,1),(1051,139,1),(897,163,1),(1069,175,1),(1053,139,1),(937,139,1),(1070,176,1),(1904,310,1),(1068,162,1),(918,177,1),(1053,178,1),(54,179,1),(54,180,1),(892,175,1),(1090,181,1),(862,183,1),(1070,181,1),(1048,181,1),(862,181,1),(1099,172,1),(1094,184,1),(1094,107,1),(1082,181,1),(1082,172,1),(907,181,1),(1098,184,1),(1084,176,1),(1084,181,1),(1105,181,1),(1099,181,1),(1055,181,1),(938,172,1),(1103,185,1),(1103,186,1),(1109,139,1),(786,176,1),(786,187,1),(952,188,1),(1074,176,1),(1074,175,1),(949,189,1),(949,175,1),(949,190,1),(1052,139,1),(54,191,1),(1067,181,1),(681,139,1),(1106,181,1),(835,178,1),(1136,181,1),(1363,181,1),(1364,192,1),(1364,181,1),(1369,193,1),(1097,149,1),(1097,193,1),(1074,194,1),(1370,139,1),(54,195,1),(109,196,1),(1122,163,1),(762,144,1),(1098,163,1),(1098,121,1),(1028,197,1),(835,198,1),(835,199,1),(1379,149,1),(1125,200,1),(1040,200,1),(1383,162,1),(1028,200,1),(1383,201,1),(1385,149,1),(1385,202,1),(1385,197,1),(1385,203,1),(1384,204,1),(1386,162,1),(1381,200,1),(1394,184,1),(1385,193,1),(1395,193,1),(1098,156,1),(1387,162,1),(894,204,1),(1396,205,1),(1401,162,1),(642,206,1),(1895,278,1),(1404,208,1),(1404,162,1),(1397,156,1),(1911,308,1),(1397,209,1),(1409,162,1),(1412,204,1),(1412,210,1),(1408,162,1),(967,200,1),(967,211,1),(1396,212,1),(54,213,1),(1137,211,1),(1137,214,1),(1395,149,1),(1395,215,1),(1418,214,1),(1418,162,1),(1125,214,1),(1125,211,1),(54,200,1),(1069,149,1),(845,216,1),(1422,200,1),(1428,204,1),(1427,217,1),(1427,218,1),(1422,140,1),(1129,116,1),(1434,193,1),(1434,98,1),(1434,190,1),(1434,89,1),(1434,13,1),(1434,62,1),(1434,60,1),(1434,36,1),(1434,210,1),(1434,120,1),(1415,204,1),(1415,219,1),(1436,162,1),(1436,220,1),(1434,54,1),(1434,223,1),(921,224,1),(1457,226,1),(1445,225,1),(1450,226,1),(967,181,1),(1460,227,1),(1458,228,1),(1098,229,1),(1098,227,1),(1098,218,1),(1364,224,1),(1462,230,1),(1431,204,1),(1431,230,1),(1415,223,1),(1429,230,1),(1429,231,1),(1468,232,1),(1468,233,1),(921,227,1),(921,163,1),(1467,175,1),(1467,209,1),(1467,194,1),(1129,234,1),(1467,234,1),(1467,228,1),(1467,189,1),(1467,149,1),(1467,28,1),(1386,235,1),(1386,236,1),(1467,57,1),(1098,234,1),(1467,216,1),(1467,187,1),(1467,237,1),(1467,231,1),(1480,184,1),(1484,184,1),(1479,239,1),(1486,204,1),(1490,230,1),(1490,240,1),(1489,230,1),(1492,230,1),(1433,149,1),(1450,241,1),(1490,232,1),(1485,242,1),(1096,243,1),(1096,149,1),(1484,232,1),(997,244,1),(1035,184,1),(1035,238,1),(1514,245,1),(1446,230,1),(1506,246,1),(1517,230,1),(1514,178,1),(1520,204,1),(1489,247,1),(1477,204,1),(1521,241,1),(1527,245,1),(1467,246,1),(1467,241,1),(1467,226,1),(1521,226,1),(1401,248,1),(1521,249,1),(1528,241,1),(1528,226,1),(1528,187,1),(1536,230,1),(1525,184,1),(362,248,1),(362,247,1),(362,242,1),(362,240,1),(1538,242,1),(1545,187,1),(1545,241,1),(1539,184,1),(1539,218,1),(1539,183,1),(1540,241,1),(1540,250,1),(1539,251,1),(1546,252,1),(1436,253,1),(1547,251,1),(1560,259,1),(1545,252,1),(1560,246,1),(1560,258,1),(845,256,1),(1028,257,1),(1558,192,1),(1028,192,1),(1476,246,1),(1499,241,1),(1565,258,1),(1476,260,1),(1576,172,1),(1577,261,1),(1581,262,1),(1510,258,1),(1476,261,1),(1588,241,1),(1589,246,1),(1594,241,1),(1594,264,1),(1594,259,1),(1594,265,1),(1595,246,1),(1588,246,1),(1564,266,1),(1564,241,1),(1585,83,1),(1588,267,1),(1601,241,1),(1476,268,1),(1558,172,1),(1558,267,1),(1558,252,1),(1558,250,1),(834,241,1),(1401,83,1),(1401,258,1),(1401,269,1),(1401,241,1),(1574,172,1),(1615,270,1),(1614,172,1),(1615,271,1),(1614,272,1),(1615,250,1),(1615,224,1),(1475,224,1),(1475,273,1),(1615,274,1),(1588,271,1),(1636,276,1),(1636,274,1),(1615,276,1),(1644,172,1),(1497,274,1),(1606,172,1),(1606,274,1),(1619,274,1),(1612,277,1),(1646,272,1),(1646,172,1),(1655,230,1),(1640,278,1),(1497,279,1),(1633,38,1),(1633,280,1),(1635,274,1),(1596,277,1),(1649,278,1),(1660,281,1),(1660,274,1),(1636,282,1),(1662,278,1),(54,280,1),(1715,283,1),(1712,284,1),(1540,285,1),(1726,278,1),(1726,286,1),(1731,287,1),(1733,288,1),(1733,289,1),(1734,292,1),(1737,291,1),(1737,278,1),(1742,278,1),(1749,291,1),(1741,278,1),(1732,292,1),(1756,292,1),(1761,278,1),(1754,293,1),(1754,294,1),(1761,295,1),(1754,292,1),(1771,292,1),(1775,296,1),(1775,297,1),(1775,292,1),(1783,298,1),(1783,299,1),(1783,286,1),(1781,300,1),(1798,292,1),(1785,301,1),(1785,302,1),(1785,303,1),(1785,278,1),(1784,286,1),(1812,278,1),(1612,304,1),(1881,304,1),(1881,305,1),(1879,261,1),(1912,312,1),(1918,313,1),(1919,310,1),(1919,314,1),(1916,315,1),(1929,316,1),(1929,308,1),(1929,317,1),(1929,318,1),(1922,308,1),(1940,308,1),(1934,317,1),(1934,308,1),(1946,310,1),(1961,320,1),(1962,321,1),(1968,321,1),(1962,322,1),(1938,305,1),(1990,321,1),(2012,323,1),(2003,320,1),(1931,320,1),(1931,324,1),(2013,320,1),(2003,324,1),(2016,324,1),(2014,325,1),(2014,38,1),(2017,320,1),(2017,324,1),(2014,320,1),(2019,326,1),(2014,324,1),(2014,327,1),(1998,328,1),(1996,282,1),(2033,324,1),(2033,320,1),(2036,320,1),(2003,329,1),(2030,329,1),(2047,329,1),(2045,329,1),(2047,330,1),(2064,331,1),(2064,329,1),(2043,332,1),(2077,333,1),(2045,334,1),(2084,335,1),(2066,336,1),(2101,337,1),(2100,337,1),(2105,335,1),(2105,338,1),(2117,339,1),(2115,339,1),(2119,340,1),(2119,341,1),(2115,341,1),(2104,338,1),(2091,342,1),(2131,335,1),(2131,338,1),(2133,335,1),(2133,83,1),(2133,332,1),(2133,343,1),(2067,344,1),(2147,344,1),(2147,335,1),(2147,345,1),(2235,348,1),(2133,347,1),(2077,348,1),(2158,349,1),(2168,349,1),(2165,352,1),(2166,352,1),(2157,349,1),(2170,349,1),(2176,353,1),(2175,354,1),(2175,331,1),(2156,354,1),(2156,331,1),(2156,355,1),(2175,355,1),(2188,356,1),(2175,334,1),(2175,357,1),(2198,354,1),(2201,358,1),(2197,359,1),(2198,360,1),(2175,360,1),(2077,361,1),(2204,362,1),(2203,354,1),(2203,363,1),(2207,354,1),(2207,364,1),(2210,354,1),(2210,360,1),(2209,354,1),(2208,354,1),(2211,354,1),(2201,365,1),(2235,366,1),(2286,367,1),(2,368,1),(2,357,1),(2,242,1),(2,199,1),(2,195,1),(2,180,1),(2,78,1),(2,35,1),(2,8,1),(2,263,1),(2,316,1),(2,356,1),(2,335,1),(2,340,1),(2,38,1);

--
-- Table structure for table `phpbb_topics_track`
--

CREATE TABLE `phpbb_topics_track` (
  `user_id` mediumint(8) unsigned NOT NULL DEFAULT '0',
  `topic_id` mediumint(8) unsigned NOT NULL DEFAULT '0',
  `forum_id` mediumint(8) unsigned NOT NULL DEFAULT '0',
  `mark_time` int(11) unsigned NOT NULL DEFAULT '0',
  PRIMARY KEY (`user_id`,`topic_id`),
  KEY `topic_id` (`topic_id`) USING BTREE,
  KEY `forum_id` (`forum_id`) USING BTREE
) ENGINE=MyISAM DEFAULT CHARSET=utf8 COLLATE=utf8_bin;

--
-- Dumping data for table `phpbb_topics_track`
--

INSERT INTO `phpbb_topics_track` VALUES (1918,313,7,1497303819),(1794,303,2,1471199765),(58,20,15,1372342553),(1715,302,2,1471199736),(1072,304,17,1477409635),(62,21,15,1372343109),(1715,303,2,1471199765),(1788,305,2,1477409997),(73,20,15,1372342553),(74,25,7,1372720567),(72,15,6,1373043229),(83,20,15,1372342553),(1895,310,6,1483895658),(80,20,15,1372342553),(117,21,15,1372343109),(117,20,15,1372342553),(105,20,15,1372342553),(990,310,6,1492980348),(1895,278,6,1486518658),(114,25,7,1372720567),(64,21,15,1372343109),(91,26,6,1372720839),(64,20,15,1372342553),(1715,305,2,1477409997),(1072,307,17,1481391884),(112,20,15,1372342553),(1875,317,7,1491572908),(112,21,15,1372343109),(1888,307,17,1481391884),(112,27,15,1372810668),(94,24,6,1372719319),(94,27,15,1372810668),(94,15,6,1372817610),(58,15,6,1372817610),(61,21,15,1372343109),(61,20,15,1372342553),(58,21,15,1372343109),(135,15,6,1372817610),(135,24,6,1372719319),(56,27,15,1374770402),(94,31,7,1373174755),(105,25,7,1372720567),(99,25,7,1372720567),(99,24,6,1372719319),(99,15,6,1372817610),(99,27,15,1372810668),(112,29,4,1372903807),(110,15,6,1372817610),(110,25,7,1373982387),(110,24,6,1372719319),(62,25,7,1373172532),(60,21,15,1372343109),(990,308,6,1491029315),(62,30,7,1372965512),(62,31,7,1373174755),(58,29,4,1376094457),(62,15,6,1373043229),(990,184,18,1433776492),(60,30,7,1372965512),(60,20,15,1372342553),(83,30,7,1372965512),(58,33,8,1373212495),(1875,315,4,1487300370),(106,31,7,1373174755),(106,15,6,1373043229),(106,24,6,1373295896),(72,31,7,1373174755),(62,16,8,1373310657),(72,29,4,1372903807),(1624,322,17,1498322907),(72,25,7,1373911555),(72,9,7,1374010939),(72,21,15,1372343109),(72,20,15,1372342553),(72,27,15,1372810668),(990,307,17,1481391884),(115,29,4,1372903807),(111,31,7,1373174755),(111,30,7,1372965512),(111,25,7,1373172532),(130,15,6,1373043229),(153,43,4,1375479925),(75,31,7,1373174755),(224,50,7,1376957544),(59,27,15,1372810668),(61,33,8,1373297005),(61,16,8,1373470008),(1588,307,17,1481391884),(75,34,8,1373515214),(990,311,7,1484228124),(109,31,7,1373174755),(109,24,6,1373910600),(109,25,7,1373982387),(75,25,7,1373911555),(2,29,4,1372903807),(1588,304,17,1477409635),(75,16,8,1373470008),(2,356,2,1638263412),(112,25,7,1373982387),(2,335,2,1638263438),(130,24,6,1374098220),(65,25,7,1373982387),(70,27,15,1374770402),(72,34,8,1373515214),(105,27,15,1372810668),(60,34,8,1373515214),(155,9,7,1374010939),(1588,305,2,1477409997),(269,49,7,1375710762),(990,321,18,1502139517),(110,20,15,1372342553),(1624,321,18,1502139517),(990,337,6,1528487844),(87,29,4,1372903807),(87,24,6,1374098220),(87,21,15,1372343109),(147,34,8,1373515214),(87,27,15,1374770402),(990,299,19,1469115047),(1753,340,2,1533225770),(949,304,17,1477409635),(107,34,8,1373515214),(74,34,8,1373515214),(147,16,8,1373470008),(145,9,7,1374010939),(74,21,15,1372343109),(74,20,15,1372342553),(87,20,15,1372342553),(165,9,7,1374010939),(59,20,15,1372342553),(61,29,4,1372903807),(59,21,15,1372343109),(106,23,4,1372445395),(106,9,7,1374010939),(2119,340,2,1533226504),(74,16,8,1373470008),(74,24,6,1374098220),(165,43,4,1375479925),(71,25,7,1373982387),(166,45,7,1375229691),(71,31,7,1373174755),(71,30,7,1372965512),(64,27,15,1372810668),(2,38,2,1638263478),(1884,308,6,1484228254),(107,20,15,1372342553),(107,21,15,1372343109),(107,27,15,1372810668),(269,44,7,1375209146),(2117,339,17,1532582871),(80,27,15,1372810668),(1642,303,2,1471199765),(108,27,15,1372810668),(108,20,15,1372342553),(1545,241,18,1443631784),(1715,304,17,1477409635),(65,20,15,1372342553),(65,21,15,1372343109),(1642,305,2,1477409997),(165,48,7,1375527917),(2112,335,2,1545165503),(1642,280,2,1457648701),(56,20,15,1372342553),(56,21,15,1372343109),(1983,354,6,1561406095),(2,340,2,1638263459),(2,357,2,1638262992),(1964,362,18,1559599766),(2098,337,6,1528487844),(153,42,4,1374953225),(165,44,7,1375209146),(1510,256,4,1439855380),(990,333,7,1523905208),(1467,172,17,1444748909),(87,43,4,1374958110),(87,42,4,1375131797),(1467,227,17,1432666448),(1510,263,12,1446066381),(1715,307,17,1481391884),(990,297,18,1469052317),(1642,296,17,1469052019),(165,45,7,1375229691),(1794,356,2,1554135845),(166,44,7,1375209146),(141,43,4,1375459125),(224,52,7,1376113133),(1794,323,17,1507083589),(64,44,7,1375209146),(64,45,7,1375229691),(1510,246,6,1446316474),(64,9,7,1374010939),(1794,331,17,1554129689),(990,336,7,1525222936),(1510,260,7,1444141938),(1467,244,17,1435381738),(1794,320,6,1513919723),(269,48,7,1375527917),(1443,292,18,1469052436),(108,21,15,1372343109),(1794,358,6,1557252795),(70,21,15,1372343109),(70,34,8,1373515214),(1642,304,17,1477409635),(1443,296,17,1469052019),(1443,183,17,1439035758),(1794,354,6,1561406095),(131,50,7,1376008846),(165,49,7,1375710762),(70,20,15,1372342553),(1897,323,17,1507083589),(145,30,7,1372965512),(1897,282,17,1512677461),(2066,336,7,1525222936),(56,50,7,1376008846),(166,50,7,1376008846),(166,51,6,1376051842),(166,48,7,1376007995),(2179,354,6,1561406095),(2179,358,6,1557252795),(63,27,15,1374770402),(1794,348,4,1573035184),(1443,276,17,1453510864),(1639,291,7,1463624826),(74,49,7,1375710762),(74,48,7,1376007995),(74,50,7,1376008846),(74,52,7,1376113133),(2066,334,7,1523910948),(338,53,6,1376239029),(1497,294,19,1466038324),(194,50,7,1376957544),(194,52,7,1376113133),(194,51,6,1377197351),(194,53,6,1376400403),(1497,292,18,1470776971),(75,53,6,1376239029),(75,29,4,1376094457),(75,51,6,1376051842),(75,50,7,1376008846),(75,49,7,1375710762),(2051,335,2,1524707030),(2032,361,4,1558631051),(1558,274,18,1457209604),(135,49,7,1375710762),(135,50,7,1376008846),(135,52,7,1376113133),(135,48,7,1376007995),(1510,258,7,1446316759),(135,25,7,1373982387),(2032,348,4,1573035184),(81,9,7,1374010939),(1920,339,17,1532582023),(81,52,7,1376113133),(1983,353,6,1552406736),(2124,359,6,1557513867),(192,43,4,1375479925),(1558,292,18,1466796684),(2124,365,6,1561433601),(1726,295,7,1466471009),(2124,364,7,1559832467),(2124,363,7,1559619687),(2091,349,18,1551819594),(2091,362,18,1559599766),(1726,288,7,1460731233),(1983,331,17,1520365053),(1726,291,7,1463624826),(1726,278,6,1465780200),(1938,320,6,1513919723),(990,250,19,1450916071),(990,273,19,1451854466),(1983,357,2,1555775185),(1134,282,17,1512677461),(1983,359,6,1557513867),(80,52,7,1376113133),(160,48,7,1376007995),(160,50,7,1376008846),(1983,358,6,1557252795),(160,52,7,1376113133),(1983,361,4,1558631051),(1983,362,18,1559599766),(1983,363,7,1559619687),(1983,364,7,1559832467),(1983,360,7,1559940447),(1983,365,6,1561433601),(1878,324,6,1513011025),(64,29,4,1376400686),(135,29,4,1376400686),(1878,317,7,1491572908),(109,52,7,1376113133),(109,50,7,1376008846),(109,48,7,1376007995),(109,49,7,1375710762),(109,45,7,1375229691),(109,29,4,1376400686),(109,34,8,1373515214),(109,16,8,1373470008),(109,58,7,1378078082),(102,26,6,1372720839),(1467,250,19,1448896976),(102,51,6,1376051842),(102,53,6,1376400403),(102,23,4,1372445395),(102,29,4,1376400686),(102,33,8,1373297005),(990,294,19,1466038324),(2167,359,6,1557513867),(2167,353,6,1552406736),(2167,358,6,1557252795),(2167,360,7,1559940447),(990,287,6,1460590518),(123,29,4,1376400686),(145,58,7,1376689788),(123,43,4,1375479925),(123,42,4,1375131743),(123,15,6,1373043229),(123,24,6,1374098220),(1467,257,19,1439893146),(123,53,6,1376400403),(123,59,4,1376795068),(224,59,4,1376955333),(93,59,4,1376955333),(93,42,4,1375131743),(1878,328,7,1511981852),(990,278,6,1486518658),(2167,364,7,1559832467),(2211,354,6,1561739435),(2208,360,7,1559940447),(2208,364,7,1559832467),(1878,327,7,1511280355),(2175,359,6,1557513867),(341,58,7,1376689788),(2175,364,7,1559832467),(341,52,7,1376113133),(341,50,7,1376957544),(341,51,6,1377110344),(106,42,4,1375131743),(106,43,4,1375479925),(106,59,4,1377308404),(2175,360,7,1559940447),(154,59,4,1376955333),(154,50,7,1376957544),(1775,296,17,1469052146),(1723,278,6,1465780200),(311,51,6,1377110344),(2084,348,4,1547936630),(2203,360,7,1559940447),(2084,361,4,1558631051),(2207,364,7,1559832467),(224,29,4,1376400686),(1946,305,2,1498330117),(107,53,6,1376400403),(107,59,4,1376955333),(149,59,4,1376955333),(149,16,8,1373470008),(56,65,7,1377713914),(1721,295,7,1466471009),(1721,293,17,1466038246),(1606,293,17,1466038246),(990,263,12,1446066381),(990,292,18,1470776971),(990,38,2,1509991815),(304,50,7,1376957544),(2077,353,6,1552406736),(2077,357,2,1555775185),(2077,359,6,1557513867),(2077,360,7,1558582958),(2175,358,6,1557252795),(2045,334,7,1557625281),(2197,359,6,1557513867),(56,66,7,1379695751),(1639,329,2,1516342166),(2003,320,6,1513919723),(2197,354,6,1557251746),(2182,357,2,1555775185),(2182,334,7,1555775129),(2146,353,6,1552406736),(2167,354,6,1561406095),(990,224,17,1451362350),(2124,353,6,1552406736),(88,27,15,1374770402),(990,306,15,1479318837),(56,63,7,1377570483),(2146,349,18,1551819594),(2156,354,6,1553541806),(102,63,7,1377570483),(102,50,7,1376957544),(102,52,7,1376113133),(102,64,7,1377645732),(102,44,7,1375209146),(102,58,7,1376689788),(132,65,7,1377713914),(149,61,4,1377406730),(106,51,6,1377197351),(106,53,6,1376400403),(106,61,4,1377406730),(63,43,4,1375479925),(1769,305,2,1477409997),(63,21,15,1372343109),(81,66,7,1379695751),(304,48,7,1376007995),(304,64,7,1377645732),(304,65,7,1377713914),(304,51,6,1377197351),(311,61,4,1377406730),(311,29,4,1376400686),(160,59,4,1377308404),(160,61,4,1377406730),(112,51,6,1377197351),(112,53,6,1376400403),(109,51,6,1378077894),(109,64,7,1377645732),(109,61,4,1377406730),(64,61,4,1377406730),(155,58,7,1378078082),(155,51,6,1378077894),(155,53,6,1376400403),(60,15,6,1373043229),(60,24,6,1374098220),(56,51,6,1379114551),(2030,320,6,1513919723),(369,58,7,1378078082),(369,66,7,1379086783),(149,20,15,1378912424),(65,29,4,1376400686),(65,59,4,1377308404),(65,61,4,1377406730),(65,43,4,1375479925),(65,31,7,1373174755),(65,63,7,1377570483),(65,67,7,1381798798),(65,30,7,1372965512),(65,66,7,1381371375),(65,9,7,1374010939),(65,42,4,1375131743),(95,67,7,1380547409),(95,66,7,1379695751),(474,24,6,1381348658),(453,24,6,1381348658),(990,282,17,1512677461),(522,52,7,1383591321),(65,70,7,1387233819),(415,51,6,1386218371),(457,67,7,1381798798),(65,52,7,1383591321),(545,43,4,1381797359),(545,52,7,1382232335),(545,70,7,1382560193),(559,51,6,1382314251),(505,65,7,1382129956),(505,71,6,1382044163),(511,71,6,1382044163),(452,51,6,1381899793),(65,72,7,1386094161),(511,51,6,1386218371),(511,65,7,1382129956),(511,72,7,1381956770),(560,51,6,1382130112),(529,70,7,1381951908),(570,51,6,1382314251),(425,67,7,1381798798),(448,76,4,1382719121),(369,76,4,1382719121),(369,74,4,1382402869),(546,73,4,1383857340),(415,70,7,1382560193),(525,43,4,1385500669),(457,70,7,1386209147),(415,71,6,1382294653),(457,52,7,1382232335),(457,65,7,1382129956),(457,72,7,1382541997),(415,72,7,1388667590),(415,52,7,1382232335),(545,74,4,1382402869),(545,65,7,1382129956),(545,67,7,1381798798),(545,75,4,1382718514),(545,76,4,1382719121),(491,71,6,1383284798),(525,70,7,1388479888),(491,70,7,1383590415),(499,51,6,1382130112),(499,76,4,1382719121),(491,52,7,1383591321),(499,43,4,1381797359),(511,43,4,1385500669),(511,76,4,1382719121),(511,77,4,1382993060),(511,70,7,1386209147),(511,52,7,1383067154),(511,74,4,1382402869),(546,71,6,1383284798),(448,77,4,1382993060),(56,77,4,1382993060),(525,67,7,1381798798),(525,73,4,1382244564),(525,77,4,1382993060),(834,287,6,1460590518),(500,76,4,1382719121),(500,71,6,1383284798),(500,52,7,1383591321),(500,70,7,1383454788),(615,52,7,1383591321),(618,70,7,1383590415),(529,73,4,1383857340),(473,71,6,1383284798),(511,73,4,1383857340),(1961,325,6,1509809929),(546,76,4,1382719121),(2,73,4,1383857340),(522,67,7,1381798798),(546,51,6,1386218371),(525,76,4,1382719121),(2,77,4,1382993060),(2,43,4,1381797359),(2,70,7,1384269079),(2,72,7,1383741602),(2,27,15,1374770402),(530,70,7,1388479888),(797,94,6,1392661946),(425,70,7,1384617016),(454,51,6,1388479321),(425,52,7,1383591321),(425,65,7,1382129956),(454,71,6,1383284798),(454,65,7,1382129956),(454,52,7,1383591321),(454,70,7,1388479888),(457,73,4,1383857340),(479,70,7,1384617016),(454,24,6,1381588669),(479,65,7,1382129956),(457,76,4,1382719121),(457,77,4,1382993060),(479,52,7,1383591321),(479,67,7,1381798798),(479,66,7,1381371375),(479,76,4,1382719121),(570,74,4,1382402869),(505,79,7,1385075833),(505,70,7,1385389765),(505,80,7,1385086045),(505,51,6,1382130112),(505,72,7,1383741602),(505,52,7,1383591321),(551,70,7,1383454788),(457,79,7,1385075833),(560,73,4,1383857340),(457,43,4,1385500669),(511,81,4,1385549241),(457,81,4,1385549241),(757,80,7,1385086045),(760,81,4,1385549241),(525,71,6,1383284798),(525,81,4,1385549241),(530,51,6,1388479321),(530,71,6,1383284798),(530,76,4,1382719121),(759,81,4,1385549241),(415,87,6,1386714199),(760,72,7,1386094161),(757,70,7,1385525327),(757,79,7,1385075833),(758,72,7,1386094161),(457,83,4,1386190655),(716,51,6,1386218643),(716,81,4,1385549241),(716,43,4,1385500669),(462,71,6,1383284798),(462,24,6,1381588669),(419,76,4,1382719121),(415,103,7,1393876281),(969,140,17,1411771260),(525,83,4,1386472689),(423,43,4,1385500669),(517,70,7,1387233819),(642,72,7,1388667590),(546,87,6,1386714199),(423,70,7,1386209147),(419,86,6,1386713764),(552,86,6,1386713764),(517,84,7,1386393075),(1961,328,7,1511981852),(546,81,4,1385549241),(546,83,4,1386472689),(620,70,7,1386819012),(620,84,7,1386393075),(620,72,7,1386094161),(620,83,4,1386472689),(620,81,4,1385549241),(415,86,6,1386713764),(762,84,7,1386393075),(441,83,4,1386472689),(423,72,7,1386094161),(419,92,6,1388615993),(573,103,7,1393876281),(529,93,4,1388666612),(419,94,6,1392661946),(419,51,6,1382130112),(530,90,7,1388479820),(525,74,4,1382402869),(530,91,7,1388479842),(530,80,7,1385086045),(530,79,7,1385075833),(530,52,7,1383591321),(530,65,7,1382129956),(530,67,7,1381798798),(781,91,7,1388479842),(525,51,6,1388479321),(642,80,7,1385086045),(525,93,4,1388666612),(454,92,6,1388615993),(525,91,7,1388479842),(762,93,4,1388666612),(573,72,7,1388667590),(762,72,7,1388667590),(552,92,6,1388615993),(552,51,6,1388479321),(419,91,7,1388479842),(757,72,7,1388667590),(757,83,4,1386472689),(778,72,7,1388667590),(770,72,7,1388667590),(770,70,7,1388479888),(454,72,7,1388667590),(770,51,6,1388479321),(757,92,6,1388615993),(496,93,4,1388666612),(496,83,4,1386472689),(496,81,4,1385549241),(551,72,7,1388667590),(551,90,7,1388479820),(551,84,7,1386393075),(551,80,7,1385086045),(551,79,7,1385075833),(551,52,7,1383591321),(475,72,7,1388667590),(551,65,7,1382129956),(551,75,4,1382718514),(551,74,4,1382402869),(551,93,4,1388666612),(551,81,4,1385549241),(529,95,4,1389327475),(529,81,4,1385549241),(454,94,6,1389057524),(642,96,7,1389400973),(573,96,7,1389391905),(642,95,4,1389327475),(642,91,7,1388479842),(642,90,7,1388479820),(642,93,4,1388666612),(517,96,7,1389391905),(454,96,7,1389391905),(525,75,4,1382718514),(525,95,4,1389327475),(415,96,7,1389391905),(2168,354,6,1553541806),(2128,353,6,1552406736),(415,90,7,1388479820),(415,94,6,1392661946),(419,100,4,1389973866),(415,91,7,1388479842),(415,84,7,1386393075),(415,80,7,1385086045),(573,118,17,1397246114),(426,74,4,1382402869),(804,94,6,1392661946),(426,73,4,1383857340),(426,94,6,1391271642),(426,104,6,1391271726),(426,93,4,1388666612),(798,94,6,1391443327),(415,104,6,1391271726),(796,94,6,1391367550),(56,105,18,1391704250),(815,104,6,1392236135),(636,90,7,1388479820),(636,91,7,1388479842),(636,87,6,1386714199),(95,94,6,1392661946),(95,92,6,1392593152),(815,92,6,1394484938),(636,103,7,1394920533),(809,94,6,1392142090),(800,94,6,1392142090),(415,92,6,1394484938),(785,92,6,1392943990),(785,94,6,1392661946),(1961,320,6,1513011401),(555,328,7,1511981852),(555,320,6,1513011401),(2128,354,6,1552408356),(2128,348,4,1547936630),(2128,352,6,1551119427),(153,105,18,1392320215),(816,94,6,1392142090),(822,92,6,1401239820),(801,94,6,1392661946),(636,94,6,1392661946),(636,96,7,1389391905),(636,86,6,1386713764),(802,92,6,1392943990),(636,92,6,1394484938),(636,72,7,1388667590),(636,100,4,1389973866),(763,92,6,1392943990),(818,94,6,1392661946),(419,103,7,1391118459),(791,94,6,1392661946),(784,95,4,1389327475),(473,107,18,1393581998),(473,103,7,1393876281),(473,96,7,1389391905),(473,86,6,1386713764),(473,108,7,1393800706),(522,108,7,1393800706),(522,103,7,1391118459),(522,96,7,1389391905),(522,84,7,1386393075),(522,70,7,1383454788),(522,90,7,1388479820),(573,108,7,1393800706),(636,108,7,1393800706),(573,102,18,1394054905),(573,105,18,1398093773),(415,108,7,1393800706),(834,105,18,1394055454),(835,105,18,1398904527),(796,105,18,1398143620),(834,109,18,1406651968),(560,81,4,1385549241),(552,94,6,1392661946),(560,74,4,1382402869),(560,76,4,1382719121),(560,95,4,1389327475),(469,115,18,1395768898),(560,93,4,1388666612),(560,77,4,1382993060),(844,107,18,1394826566),(573,107,18,1398093434),(573,110,7,1394846543),(845,111,6,1394921809),(845,112,6,1394922500),(804,112,6,1394922500),(804,111,6,1394921809),(802,104,6,1392236135),(802,105,18,1394826108),(851,114,18,1395669860),(796,118,17,1397246114),(851,115,18,1395788911),(573,113,17,1396291327),(560,107,18,1396726769),(560,102,18,1394672038),(560,109,18,1394056819),(560,114,18,1398278780),(823,110,7,1394846543),(798,112,6,1394922500),(798,103,7,1394920533),(798,111,6,1394921809),(850,114,18,1395085683),(573,114,18,1397018726),(469,107,18,1396726769),(825,107,18,1396726769),(825,105,18,1394826108),(825,102,18,1394672038),(573,115,18,1396727245),(850,115,18,1395252262),(846,115,18,1404340204),(846,114,18,1395085683),(842,107,18,1395252598),(842,115,18,1395252262),(842,105,18,1395238776),(853,107,18,1396291898),(856,114,18,1398032928),(856,115,18,1411396760),(845,115,18,1395342769),(853,115,18,1395788911),(636,112,6,1394922500),(772,111,6,1394921809),(469,109,18,1397475089),(469,105,18,1394826108),(2143,354,6,1552408356),(835,115,18,1400629966),(636,110,7,1394846543),(559,100,4,1389973866),(764,118,17,1397246114),(856,105,18,1398904527),(573,121,17,1397315688),(802,115,18,1395768898),(90,100,4,1389973866),(822,110,7,1401384766),(2128,338,6,1539393450),(1983,348,4,1547936630),(842,102,18,1394672038),(842,114,18,1395669860),(636,111,6,1394921809),(560,115,18,1395768898),(835,109,18,1406671197),(835,114,18,1396284193),(835,107,18,1415367475),(573,109,18,1397475089),(830,107,18,1398093434),(469,114,18,1396284193),(830,109,18,1397700214),(469,113,17,1396291327),(830,105,18,1397745678),(764,121,17,1405111035),(807,111,6,1394921809),(807,112,6,1394922500),(808,113,17,1396291327),(856,107,18,1409955820),(2124,348,4,1547936630),(825,114,18,1396284193),(825,115,18,1396727245),(469,102,18,1394672038),(1026,151,17,1408926847),(862,114,18,1397018726),(862,109,18,1396291520),(862,107,18,1396726769),(846,107,18,1396726769),(1098,83,4,1541638247),(830,112,6,1394922500),(954,148,7,1405370533),(954,145,7,1405010636),(1721,278,6,1471575318),(1098,348,4,1547936630),(1615,285,17,1459362622),(796,107,18,1396726769),(796,115,18,1396727245),(796,102,18,1394672038),(796,109,18,1397657460),(618,100,4,1389973866),(618,103,7,1394920533),(618,110,7,1394846543),(767,112,6,1394922500),(767,108,7,1393800706),(767,100,4,1389973866),(767,95,4,1389327475),(767,87,6,1386714199),(1731,288,7,1460731233),(841,109,18,1397475089),(841,107,18,1396726769),(1731,289,7,1460733083),(796,121,17,1397679898),(796,113,17,1396291327),(573,122,7,1397670244),(560,113,17,1396291327),(560,118,17,1397246114),(870,121,17,1397679898),(804,122,7,1397670244),(1606,38,2,1456194600),(870,114,18,1397018726),(870,105,18,1397837631),(618,122,7,1397670244),(823,122,7,1397670244),(618,108,7,1393800706),(909,181,18,1416012653),(876,107,18,1398093434),(876,105,18,1398143620),(859,121,17,1397679898),(874,107,18,1398093434),(874,105,18,1398143620),(876,114,18,1398032928),(874,114,18,1398032928),(1653,286,7,1460172671),(785,107,18,1398143491),(2025,282,17,1512677461),(1653,279,2,1455482029),(785,122,7,1397670244),(785,121,17,1397679898),(1503,273,19,1451854466),(859,118,17,1397246114),(573,123,17,1399042966),(767,86,6,1386713764),(767,104,6,1392236135),(767,111,6,1394921809),(798,92,6,1399222577),(772,92,6,1399599274),(822,124,7,1399601330),(827,123,17,1399042966),(827,121,17,1397679898),(827,113,17,1396291327),(790,124,7,1399601330),(790,107,18,1398093434),(790,92,6,1399939390),(790,126,7,1399939608),(835,132,17,1400521286),(869,124,7,1399601330),(880,126,7,1399939608),(846,128,17,1399947850),(846,134,4,1404146852),(878,136,19,1403488163),(841,126,7,1399939608),(841,92,6,1399939390),(841,124,7,1399601330),(856,126,7,1399939608),(916,92,6,1401206790),(98,99,17,1394376158),(852,92,6,1401206790),(98,113,17,1396291327),(98,132,17,1400521286),(98,118,17,1400855510),(98,127,17,1399947486),(900,126,7,1399939608),(900,118,17,1400855510),(1098,345,7,1545166386),(862,132,17,1400521286),(862,128,17,1399947850),(862,121,17,1404352053),(862,118,17,1400855510),(765,95,4,1389327475),(765,130,4,1400521170),(765,119,4,1397246337),(765,132,17,1400521286),(765,118,17,1400855510),(765,128,17,1399947850),(765,127,17,1399947486),(765,123,17,1399042966),(765,113,17,1396291327),(846,133,7,1401721623),(846,130,4,1400521170),(850,130,4,1400521170),(835,129,20,1401147625),(869,115,18,1404340204),(869,107,18,1398143491),(869,118,17,1400855510),(869,133,7,1400869943),(869,132,17,1400521286),(869,121,17,1404352053),(928,92,6,1401206790),(909,134,4,1401205802),(843,133,7,1400869943),(910,92,6,1401206790),(827,133,7,1400869943),(827,126,7,1399939608),(827,110,7,1394846543),(764,110,7,1401384766),(764,122,7,1397670244),(764,124,7,1399601330),(764,133,7,1401384940),(764,126,7,1399939608),(764,96,7,1389391905),(764,103,7,1394920533),(1998,324,6,1513011025),(822,133,7,1401384940),(822,126,7,1399939608),(822,135,7,1401851092),(846,135,7,1401411275),(918,135,7,1401411275),(918,92,6,1401206790),(909,135,7,1401851092),(909,133,7,1401384940),(500,118,17,1400855510),(500,128,17,1399947850),(500,132,17,1400521286),(500,99,17,1394376158),(924,92,6,1401206790),(907,135,7,1401851092),(907,110,7,1401384766),(913,135,7,1401411275),(913,92,6,1401206790),(913,133,7,1401384940),(917,124,7,1402966598),(889,135,7,1401722226),(517,128,17,1399947850),(919,92,6,1401206790),(772,99,17,1394376158),(822,130,4,1400521170),(517,99,17,1394376158),(990,234,17,1432665630),(810,126,7,1399939608),(810,124,7,1399601330),(810,134,4,1401205802),(810,122,7,1397670244),(990,229,17,1430427349),(990,178,2,1436267018),(1931,320,6,1508551565),(925,135,7,1401851092),(898,134,4,1401205802),(848,107,18,1398143491),(909,110,7,1401850741),(808,118,17,1400855510),(848,114,18,1398032928),(848,109,18,1406671197),(848,115,18,1403109907),(808,132,17,1400521286),(830,115,18,1402007432),(426,132,17,1400521286),(426,128,17,1399947850),(426,123,17,1399042966),(426,113,17,1396291327),(426,99,17,1394376158),(426,121,17,1397679898),(900,130,4,1400521170),(990,280,2,1457648701),(990,323,17,1507083589),(852,135,7,1401851092),(928,135,7,1401851092),(928,110,7,1401850741),(880,124,7,1402966598),(880,135,7,1401851092),(880,110,7,1401850741),(880,132,17,1400521286),(827,124,7,1402966598),(811,119,4,1397246337),(842,128,17,1399947850),(930,139,6,1407260326),(842,118,17,1400855510),(842,132,17,1400521286),(846,92,6,1401951448),(909,116,19,1433609040),(826,134,4,1401205802),(826,92,6,1401206790),(846,136,19,1404340407),(848,137,18,1403199103),(848,132,17,1400521286),(848,118,17,1400855510),(848,113,17,1396291327),(848,128,17,1399947850),(848,121,17,1397679898),(848,105,18,1394826108),(929,92,6,1401206790),(829,92,6,1403301083),(1401,261,4,1446562517),(1733,289,7,1460733083),(1733,288,7,1460731233),(164,92,6,1403301083),(1653,280,2,1457648701),(164,137,18,1403199103),(164,109,18,1397700214),(1098,338,6,1539393450),(930,135,7,1401851092),(835,147,17,1405255301),(894,132,17,1400521286),(846,140,17,1403623003),(823,92,6,1403642231),(846,124,7,1402966598),(918,137,18,1403199103),(970,163,17,1408043099),(917,92,6,1403642231),(835,121,17,1405111035),(918,109,18,1406651968),(933,124,7,1402966598),(1653,230,6,1455139434),(963,151,17,1405633673),(990,326,17,1510708777),(815,128,17,1399947850),(909,143,19,1404606379),(948,109,18,1404344155),(955,139,6,1404921457),(948,137,18,1403199103),(990,325,6,1509809929),(930,138,7,1403056973),(862,140,17,1403623003),(975,109,18,1404344155),(938,143,19,1404606379),(839,143,19,1404606379),(909,92,6,1403642231),(846,139,6,1407260326),(916,134,4,1404146852),(839,135,7,1401851092),(839,110,7,1401850741),(839,145,7,1405010636),(856,121,17,1405111035),(918,115,18,1402500083),(856,109,18,1404344155),(886,137,18,1403199103),(886,115,18,1404340204),(835,146,17,1408043244),(555,324,6,1513011025),(846,148,7,1405370533),(846,145,7,1405010636),(986,146,17,1405254428),(990,324,6,1513011025),(952,145,7,1405010636),(952,139,6,1418257912),(1034,151,17,1408926847),(870,137,18,1403199103),(870,109,18,1404344155),(862,123,17,1399042966),(846,144,4,1405439770),(815,130,4,1400521170),(973,146,17,1405254428),(871,144,4,1405439770),(871,130,4,1400521170),(921,146,17,1408043244),(997,166,17,1408927057),(924,121,17,1405111035),(990,320,6,1513919723),(1716,278,6,1461347094),(872,151,17,1405633673),(872,146,17,1405254428),(872,140,17,1403623003),(872,128,17,1399947850),(872,127,17,1399947486),(966,121,17,1405111035),(966,116,19,1405956000),(1998,328,7,1512017827),(966,143,19,1404606379),(966,145,7,1405010636),(966,147,17,1405255301),(364,144,4,1405439770),(856,151,17,1405633673),(364,151,17,1405633673),(856,147,17,1405255301),(364,116,19,1405956000),(1931,310,6,1492980348),(364,145,7,1405010636),(364,148,7,1405370533),(364,139,6,1404921457),(364,121,17,1405111035),(364,147,17,1405255301),(364,146,17,1405254428),(948,146,17,1408043244),(1931,323,17,1507083589),(1756,318,4,1489038307),(986,151,17,1406211644),(1726,286,7,1460490859),(815,156,17,1406211741),(109,196,4,1420332835),(815,119,4,1397246337),(907,139,6,1419948218),(970,109,18,1404344155),(848,146,17,1405254428),(986,156,17,1406211741),(1497,276,17,1453510864),(835,151,17,1408926847),(835,156,17,1425427638),(986,157,7,1406251460),(815,148,7,1405370533),(125,113,17,1396291327),(815,115,18,1395768898),(848,147,17,1405255301),(994,156,17,1408926948),(763,130,4,1400521170),(811,148,7,1405370533),(811,145,7,1405010636),(811,143,19,1404606379),(1916,320,6,1494607515),(811,130,4,1400521170),(811,124,7,1402966598),(811,135,7,1401851092),(811,110,7,1401850741),(811,157,7,1406251584),(811,115,18,1406236399),(811,92,6,1403642231),(988,156,17,1406211741),(846,157,7,1406251460),(1904,320,6,1494607515),(846,110,7,1401850741),(986,147,17,1405255301),(986,109,18,1406651968),(522,110,7,1401850741),(522,157,7,1406251460),(522,148,7,1405370533),(522,145,7,1405010636),(522,124,7,1402966598),(522,135,7,1401851092),(522,126,7,1399939608),(522,133,7,1401721623),(522,115,18,1406236399),(1098,347,7,1546203032),(522,156,17,1406211741),(897,196,4,1420329330),(970,144,4,1406231865),(848,140,17,1403623003),(912,136,19,1404340407),(774,119,4,1397246337),(912,143,19,1404606379),(912,116,19,1407449782),(907,144,4,1412029488),(907,157,7,1406251460),(1443,305,2,1498330117),(559,95,4,1389327475),(559,73,4,1383857340),(559,81,4,1385549241),(559,115,18,1407167033),(786,139,6,1416613440),(938,115,18,1411396760),(971,109,18,1406671197),(1028,172,17,1416527852),(1086,181,18,1416012653),(997,176,19,1416938058),(1028,140,17,1427995957),(925,115,18,1407167033),(1931,324,6,1508551804),(952,157,7,1406251460),(952,147,17,1405255301),(921,115,18,1411396760),(125,95,4,1389327475),(930,115,18,1409956195),(994,116,19,1408510466),(921,158,17,1407979882),(841,163,17,1408043099),(856,116,19,1408510466),(957,148,7,1405370533),(912,115,18,1407167033),(957,124,7,1402966598),(957,145,7,1405010636),(909,160,19,1407451311),(125,167,4,1408945814),(1443,303,2,1471199765),(1913,314,4,1487199708),(850,92,6,1401206790),(990,116,19,1408510466),(774,130,4,1400521170),(835,161,17,1407863252),(835,158,17,1407979927),(1408,162,4,1427909610),(1756,308,6,1491029315),(1756,278,6,1471575318),(1098,188,4,1416866019),(2031,335,2,1545165503),(1756,312,4,1487033724),(897,227,17,1432666448),(2167,349,18,1551819594),(1756,314,4,1487199708),(897,229,17,1430427349),(1019,146,17,1408043244),(763,119,4,1397246337),(1913,312,4,1487033724),(896,92,6,1403642231),(978,167,4,1408945814),(921,163,17,1432739190),(990,162,4,1407991785),(125,147,17,1405255301),(952,163,17,1408043099),(125,158,17,1407979882),(912,151,17,1408552213),(912,158,17,1407979882),(912,146,17,1408043244),(912,163,17,1408043099),(912,156,17,1406211741),(912,161,17,1407863252),(912,121,17,1405111035),(994,151,17,1408926847),(1913,315,4,1487300370),(786,143,19,1404606379),(938,139,6,1416613440),(924,161,17,1407863252),(924,139,6,1408074099),(426,163,17,1408043099),(426,161,17,1407863252),(426,140,17,1403623003),(426,160,19,1407451311),(935,151,17,1408926847),(1067,183,17,1415472183),(125,121,17,1405111035),(935,146,17,1408043244),(935,158,17,1407979882),(935,161,17,1407863252),(935,156,17,1408926948),(935,139,6,1408587110),(941,161,17,1407863252),(941,156,17,1408926948),(941,160,19,1407451311),(941,145,7,1405010636),(941,143,19,1404606379),(941,138,7,1403056973),(941,151,17,1408552213),(941,139,6,1408587110),(941,163,17,1420470689),(941,162,4,1407991785),(1904,314,4,1487199708),(941,157,7,1406251460),(941,136,19,1408644797),(125,156,17,1408926948),(125,128,17,1399947850),(948,163,17,1408043099),(941,146,17,1408043244),(125,132,17,1400521286),(856,137,18,1403199103),(573,162,4,1414687418),(573,144,4,1420439525),(573,130,4,1400521170),(970,158,17,1407979882),(970,146,17,1408043244),(970,151,17,1408552213),(125,115,18,1395768898),(856,143,19,1404606379),(856,158,17,1407979882),(856,161,17,1407863252),(856,136,19,1404340407),(125,102,18,1394672038),(856,163,17,1408043099),(856,162,4,1407991785),(764,115,18,1395768898),(764,161,17,1407863252),(764,163,17,1408043099),(764,162,4,1407991785),(764,116,19,1408510466),(1904,315,4,1487300370),(125,107,18,1398093434),(764,151,17,1408552213),(941,115,18,1409167958),(941,137,18,1403199103),(1875,312,4,1487033724),(804,167,4,1410395404),(935,166,17,1408927057),(990,167,4,1408945814),(977,167,4,1408945814),(941,166,17,1408927057),(1034,156,17,1408926948),(994,166,17,1408927057),(994,167,4,1408945814),(930,167,4,1408945814),(1875,308,6,1491029315),(1026,166,17,1408927057),(1048,183,17,1415472183),(1026,156,17,1408926948),(1055,181,18,1416012653),(909,184,18,1415560633),(921,181,18,1416012653),(125,83,4,1386472689),(917,147,17,1405255301),(952,146,17,1408043244),(1916,308,6,1491029315),(990,317,7,1491572908),(1072,242,12,1438962901),(1035,151,17,1408926847),(1072,305,2,1477409997),(907,145,7,1405010636),(907,162,4,1414687418),(907,167,4,1408945814),(948,156,17,1408926948),(1035,156,17,1425436470),(930,107,18,1409955820),(952,148,7,1405370533),(938,107,18,1409955820),(786,160,19,1407451311),(977,115,18,1409956195),(1072,303,2,1471199765),(786,180,12,1414428663),(897,172,17,1416527852),(897,188,4,1416866019),(1904,313,7,1487112192),(990,286,7,1469115167),(990,298,6,1469114793),(54,5,8,1411394645),(921,140,17,1427995957),(856,140,17,1411771260),(1056,183,17,1415472183),(816,186,17,1416537940),(1035,140,17,1427995957),(971,162,4,1427909610),(1904,308,6,1490814309),(977,144,4,1412029488),(971,144,4,1412029488),(816,113,17,1396291327),(816,140,17,1411771260),(786,186,17,1416537940),(816,166,17,1408927057),(816,156,17,1408926948),(816,151,17,1408926847),(816,146,17,1408043244),(816,163,17,1420470689),(816,118,17,1400855510),(921,172,17,1416527852),(952,144,4,1412029488),(969,144,4,1412029488),(969,162,4,1412166748),(969,146,17,1408043244),(1616,224,17,1451362350),(941,140,17,1411771260),(1897,308,6,1484228254),(786,176,19,1416938058),(897,169,20,1411394716),(1904,310,6,1492980348),(897,166,17,1408927057),(897,163,17,1432739190),(897,146,17,1408043244),(1018,139,6,1411964336),(897,139,6,1412283033),(977,162,4,1414687418),(1069,195,12,1420043898),(1056,163,17,1412784529),(937,139,6,1412957728),(937,144,4,1412029488),(941,177,17,1413841802),(909,107,18,1415367475),(952,176,19,1416938058),(1046,144,4,1412029488),(969,163,17,1412784529),(1756,315,4,1487300370),(969,176,19,1412966964),(938,184,18,1415560633),(856,172,17,1412114872),(856,176,19,1412966964),(907,138,7,1403056973),(1072,296,17,1469052019),(1497,278,6,1460168809),(1047,162,4,1414687418),(1097,107,18,1415367475),(997,172,17,1450792735),(997,163,17,1432739190),(990,163,17,1420470689),(990,140,17,1427995957),(967,176,19,1412966964),(990,312,4,1487033724),(967,151,17,1408926847),(967,146,17,1408043244),(918,156,17,1425436470),(918,166,17,1408927057),(918,163,17,1412784529),(938,181,18,1415584010),(918,158,17,1407979882),(918,177,17,1413841802),(918,140,17,1427505358),(918,107,18,1409955820),(918,172,17,1416527852),(990,177,17,1413841802),(990,314,4,1487199708),(949,134,4,1404146852),(1756,310,6,1492980348),(2019,326,17,1510708918),(941,184,18,1415366050),(816,115,18,1395768898),(816,107,18,1398093434),(1094,184,18,1423172559),(816,172,17,1416527852),(997,177,17,1413841802),(997,140,17,1427995957),(1622,278,6,1457486758),(834,274,18,1457209604),(977,191,4,1417726182),(921,177,17,1413841802),(921,183,17,1415472183),(2,134,4,1404146852),(834,282,17,1457377087),(930,181,18,1415067897),(930,176,19,1412966964),(1084,181,18,1415584010),(862,163,17,1412784529),(862,176,19,1412966964),(1022,183,17,1415472183),(1070,181,18,1416012653),(862,183,17,1415326627),(1065,163,17,1412784529),(921,156,17,1408926948),(862,172,17,1412114872),(862,181,18,1416012653),(930,163,17,1412784529),(786,177,17,1413841802),(56,191,4,1417726182),(834,280,2,1457648701),(930,156,17,1418477929),(1635,282,17,1457377087),(909,172,17,1415391936),(1022,176,19,1415583899),(1022,140,17,1411771260),(1022,163,17,1412784529),(1022,177,17,1413841802),(1074,172,17,1416527852),(1105,186,17,1416537940),(997,183,17,1415472183),(997,186,17,1416537940),(816,183,17,1415472183),(938,176,19,1415583899),(894,139,6,1416613440),(894,140,17,1411771260),(894,128,17,1399947850),(990,172,17,1416527852),(990,186,17,1416537940),(786,187,19,1416770539),(816,177,17,1413841802),(1048,186,17,1416537940),(990,187,19,1416770539),(952,187,19,1416770539),(952,185,20,1416537808),(952,188,4,1416866019),(1047,188,4,1416866019),(786,172,17,1416527852),(1074,177,17,1413841802),(1070,176,19,1416770084),(636,148,7,1405370533),(1062,187,19,1416770539),(1062,186,17,1416537940),(1062,188,4,1416866019),(1062,172,17,1416527852),(990,176,19,1416938058),(786,183,17,1415472183),(786,163,17,1412784529),(636,145,7,1405010636),(636,124,7,1402966598),(636,122,7,1397670244),(636,157,7,1406251460),(636,139,6,1417498698),(636,144,4,1412029488),(636,188,4,1416866019),(1904,318,4,1489038307),(1072,316,12,1489037190),(1462,230,6,1435945687),(949,176,19,1416938058),(949,188,4,1416866019),(977,188,4,1416866019),(894,147,17,1405255301),(1052,144,4,1412029488),(1082,176,19,1416938058),(816,123,17,1399042966),(786,118,17,1400855510),(786,99,17,1394376158),(786,156,17,1408926948),(786,140,17,1411771260),(786,146,17,1408043244),(997,191,4,1417726182),(816,180,12,1414428663),(816,158,17,1407979882),(1047,191,4,1417726182),(952,191,4,1417726182),(952,162,4,1414687418),(1048,181,18,1416012653),(1073,191,4,1417726182),(1019,188,4,1416866019),(834,132,17,1400521286),(1067,176,19,1416938058),(1067,181,18,1419039164),(862,186,17,1416537940),(681,139,6,1418257912),(1068,191,4,1417726182),(1462,278,6,1457486758),(835,166,17,1408927057),(907,191,4,1417726182),(907,188,4,1416866019),(930,183,17,1415472183),(949,191,4,1417726182),(949,156,17,1418477929),(997,156,17,1425436470),(1092,188,4,1416866019),(1056,172,17,1416527852),(1108,208,6,1425056254),(1097,186,17,1416537940),(894,198,17,1421016757),(1040,192,19,1419039035),(1126,184,18,1438691810),(1135,184,18,1433623424),(907,176,19,1416938058),(1108,184,18,1423510230),(1065,186,17,1416537940),(1065,183,17,1415472183),(1097,156,17,1418477929),(1097,191,4,1417726182),(2031,347,7,1546203032),(1082,181,18,1419039164),(897,147,17,1405255301),(1462,258,7,1450052587),(897,186,17,1416537940),(897,127,17,1399947486),(897,151,17,1408926847),(897,158,17,1407979882),(897,128,17,1399947850),(897,181,18,1419977424),(1875,318,4,1489038307),(920,139,6,1411964336),(912,181,18,1416012653),(912,184,18,1419390775),(921,186,17,1416537940),(921,184,18,1429235108),(921,107,18,1415367475),(1028,163,17,1432739190),(1028,186,17,1416537940),(1028,156,17,1425436470),(1028,183,17,1415472183),(897,177,17,1413841802),(990,316,12,1489037190),(1462,281,7,1457209079),(1540,274,18,1457209604),(1540,271,17,1455649841),(762,191,4,1417726182),(762,188,4,1416866019),(762,162,4,1414687418),(762,144,4,1420439580),(762,139,6,1419948218),(1098,163,17,1432739190),(1098,121,17,1420471543),(1098,184,18,1433776492),(1098,192,19,1419039035),(1098,176,19,1416938058),(1098,156,17,1425436470),(816,121,17,1420471543),(990,121,17,1420471543),(573,188,4,1416866019),(1097,196,4,1420329330),(1097,144,4,1420439525),(1125,184,18,1420477989),(1125,156,17,1425436470),(1028,195,12,1420043898),(1028,173,15,1412175206),(1028,192,19,1440004256),(1028,197,19,1422427013),(1097,197,19,1420684305),(642,205,4,1423715350),(1040,197,19,1420684305),(1040,163,17,1420470689),(897,197,19,1420684305),(897,187,19,1416770539),(897,121,17,1420471543),(897,132,17,1400521286),(1370,144,4,1420439525),(835,198,17,1421016757),(835,199,12,1421017048),(990,198,17,1421016757),(1028,176,19,1416938058),(897,198,17,1421016757),(1109,144,4,1420439525),(1788,315,4,1487300370),(1028,181,18,1416012653),(1125,200,18,1430098949),(1125,197,19,1422383574),(1098,186,17,1416537940),(1126,200,18,1426974544),(1126,197,19,1422427013),(2031,345,7,1545166386),(1068,188,4,1416866019),(997,144,4,1420439525),(1097,200,18,1421526549),(1040,200,18,1421810920),(1028,198,17,1421016757),(1028,121,17,1420471543),(1028,200,18,1426212689),(1125,196,4,1420329330),(1125,163,17,1420470689),(907,187,19,1416770539),(907,197,19,1420684305),(1019,201,4,1421986362),(1019,191,4,1417726182),(1019,144,4,1420439525),(1019,162,4,1421944915),(894,195,12,1420043898),(1028,196,4,1420329330),(1788,311,7,1484228124),(1028,191,4,1417726182),(1028,177,17,1413841802),(1028,185,20,1416537808),(1788,303,2,1471199765),(1019,200,18,1422050780),(1475,273,19,1451854466),(941,198,17,1421016757),(941,121,17,1420471543),(897,183,17,1415472183),(894,162,4,1427909610),(1129,200,18,1426550080),(56,199,12,1421017048),(1540,285,17,1459362622),(1540,282,17,1457377087),(1588,273,19,1451854466),(1126,162,4,1423706562),(1126,201,4,1421986362),(990,315,4,1487300370),(2067,345,7,1545166386),(897,200,18,1426550080),(1092,201,4,1421986362),(1092,162,4,1421944915),(1092,144,4,1420439525),(1092,199,12,1421017048),(1364,199,12,1421017048),(1364,184,18,1433776492),(1616,271,17,1450825210),(1540,224,17,1451362350),(1540,272,17,1455063922),(1108,156,17,1423523844),(1108,186,17,1416537940),(1108,172,17,1416527852),(1108,198,17,1421016757),(1108,196,4,1420329330),(1108,163,17,1420470689),(894,199,12,1421017048),(1108,200,18,1423086475),(1098,200,18,1423086475),(1665,284,7,1458178572),(1040,156,17,1423523844),(1047,156,17,1423523844),(1615,279,2,1455482029),(997,198,17,1421016757),(1364,156,17,1425436470),(1028,184,18,1423510230),(1125,198,17,1421016757),(894,205,4,1423715350),(897,156,17,1425436470),(1126,156,17,1425436470),(1089,163,17,1420470689),(842,156,17,1423523844),(842,177,17,1413841802),(842,198,17,1421016757),(1769,302,2,1471199736),(642,206,4,1424649153),(642,162,4,1423706562),(1034,163,17,1420470689),(1034,186,17,1416537940),(1034,140,17,1411771260),(1034,198,17,1421016757),(1034,172,17,1416527852),(1034,177,17,1413841802),(1386,206,4,1424649153),(1386,162,4,1424291344),(894,206,4,1424649153),(894,188,4,1416866019),(1135,206,4,1424649153),(894,121,17,1420471543),(897,209,17,1425440780),(1135,162,4,1427909610),(1125,209,17,1425440780),(1126,209,17,1425440780),(1615,280,2,1457648701),(1624,284,7,1458178572),(967,209,17,1425440780),(967,156,17,1425436470),(967,162,4,1423706562),(967,184,18,1423510230),(967,109,18,1406651968),(967,181,18,1430099026),(967,200,18,1430098949),(967,211,18,1430098814),(1125,211,18,1426212790),(1135,213,4,1425916104),(1638,278,6,1457486758),(1390,211,18,1430098814),(1390,209,17,1425440780),(1137,211,18,1426044348),(1137,197,19,1422383574),(1137,200,18,1425867920),(1408,211,18,1430098814),(894,200,18,1426284440),(1381,211,18,1425929870),(1381,200,18,1425867920),(1092,213,4,1425916104),(1092,206,4,1424649153),(1092,205,4,1423715350),(1137,214,19,1426212665),(1137,156,17,1425436470),(842,137,18,1403199103),(842,214,19,1426044728),(1028,214,19,1426212665),(1769,303,2,1471199765),(1638,284,7,1458178572),(1395,211,18,1426044348),(1395,212,4,1425878651),(990,261,4,1478625760),(1579,270,17,1450716692),(1098,213,4,1425916104),(1098,198,17,1421016757),(1409,162,4,1427909610),(1409,212,4,1425878651),(1409,211,18,1426044348),(990,305,2,1498330117),(1137,198,17,1421016757),(1137,163,17,1420470689),(1875,314,4,1487199708),(1125,214,19,1426211736),(1098,214,19,1426212665),(1098,211,18,1426212790),(894,211,18,1426212790),(1028,209,17,1432406304),(1028,211,18,1426212790),(1382,200,18,1426974544),(990,304,17,1477409635),(1579,276,17,1453510864),(1382,211,18,1430098814),(1126,211,18,1426212790),(1069,180,12,1414428663),(1612,292,18,1470776971),(1072,301,2,1471199719),(1072,280,2,1457648701),(1612,304,17,1477409635),(845,157,7,1406251460),(845,162,4,1423706562),(308,242,12,1438962901),(845,216,7,1426877011),(1129,209,17,1432406304),(1129,156,17,1425436470),(1083,206,4,1424649153),(1083,201,4,1421986362),(1083,213,4,1425916104),(1083,209,17,1425440780),(997,209,17,1432406304),(1032,206,4,1424649153),(1032,196,4,1420329330),(1382,214,19,1426212665),(1382,197,19,1422383574),(897,211,18,1426212790),(897,218,18,1427377298),(921,217,19,1427376368),(921,187,19,1416770539),(921,176,19,1416938058),(921,214,19,1426212665),(921,121,17,1420471543),(1129,140,17,1427995957),(1129,116,19,1465612239),(1129,218,18,1427377298),(1129,197,19,1422383574),(894,116,19,1427477498),(2023,347,7,1546203032),(2067,335,2,1545165503),(2067,338,6,1539393450),(1126,140,17,1427995957),(918,216,7,1426877011),(918,209,17,1425440780),(918,121,17,1420471543),(1606,280,2,1457648701),(1615,282,17,1457377087),(1503,282,17,1457377087),(1415,217,19,1427376368),(1712,284,7,1458178613),(1497,282,17,1457377087),(1620,279,2,1455482029),(1028,217,19,1427376368),(1620,280,2,1456194710),(1636,282,17,1457377087),(1028,116,19,1427477498),(1636,38,2,1456194600),(1125,218,18,1430428941),(308,199,12,1421017048),(308,299,19,1469115047),(1126,192,19,1440004256),(1436,220,7,1427921279),(2023,344,19,1546220989),(1617,224,17,1451362350),(1028,199,12,1421017048),(1364,218,18,1430428941),(1364,116,19,1427477498),(1364,198,17,1421016757),(1125,140,17,1427995957),(1418,220,7,1427909803),(1983,335,2,1545165503),(826,162,4,1423706562),(826,205,4,1423715350),(826,206,4,1424649153),(826,213,4,1425916104),(826,216,7,1426877011),(826,220,7,1427909803),(1916,310,6,1492980348),(1620,38,2,1456194600),(1067,200,18,1426550080),(897,140,17,1427995957),(1660,277,2,1456721743),(1660,280,2,1457648701),(1660,38,2,1456194600),(1615,278,6,1457486758),(1649,272,17,1455063922),(308,257,19,1439893146),(1649,278,6,1456972180),(1649,38,2,1456194600),(921,224,17,1432222828),(1635,276,17,1453510864),(1126,224,17,1430455453),(897,224,17,1428982024),(1129,214,19,1426212665),(1129,224,17,1432222828),(1089,224,17,1428982024),(1635,271,17,1455649841),(1596,280,2,1456194710),(1596,277,2,1456721743),(1135,209,17,1432406304),(1135,198,17,1421016757),(1135,156,17,1425436470),(997,224,17,1432222828),(997,184,18,1435790229),(997,200,18,1430098949),(997,211,18,1430098814),(1596,38,2,1456194600),(1635,280,2,1456194710),(1615,271,17,1455649841),(1641,280,2,1456194710),(1503,224,17,1451362350),(1653,291,7,1461346326),(1619,224,17,1451362350),(894,184,18,1438998572),(1028,224,17,1432222828),(1135,140,17,1427995957),(1586,278,6,1455209543),(921,200,18,1426550080),(1450,224,17,1430455453),(1126,226,19,1437579941),(1126,116,19,1433609040),(1126,217,19,1433609331),(2124,343,4,1541660478),(2168,353,6,1552406736),(54,352,6,1551119427),(2161,349,18,1551126181),(1633,38,2,1456194600),(1641,278,6,1455209543),(1627,278,6,1455209543),(1621,272,17,1455063922),(1497,172,17,1453874430),(1612,272,17,1450845855),(967,216,7,1426877011),(2067,340,2,1533225770),(1137,224,17,1428982024),(1137,140,17,1427995957),(1612,273,19,1451854466),(2067,342,6,1537030314),(1983,334,7,1523910948),(2131,335,2,1539208449),(1497,271,17,1455649841),(967,163,17,1420470689),(967,183,17,1415472183),(1447,181,18,1430099026),(967,198,17,1421016757),(1126,181,18,1430099026),(997,181,18,1430099026),(997,213,4,1425916104),(997,212,4,1425878651),(997,162,4,1423706562),(1497,263,12,1446066381),(1126,218,18,1430428941),(1126,227,17,1432666448),(1614,172,17,1453874430),(1586,268,4,1448662269),(1586,273,19,1451854466),(1135,227,17,1432666448),(1586,250,19,1450916071),(1098,229,17,1430427349),(1098,227,17,1432666448),(1098,224,17,1432222828),(1098,140,17,1427995957),(1098,116,19,1427477498),(1098,217,19,1427376368),(1098,218,18,1430428941),(1427,218,18,1430428941),(1364,217,19,1427376368),(1364,229,17,1430427349),(1364,224,17,1430455453),(1364,140,17,1427995957),(1364,209,17,1425440780),(1364,163,17,1420470689),(1390,224,17,1430455453),(1443,181,18,1430099026),(1443,211,18,1430098814),(1443,224,17,1430455453),(1443,227,17,1432223144),(1447,218,18,1433623338),(1126,230,6,1438264839),(1125,227,17,1430427781),(1125,224,17,1430455453),(1586,274,18,1454095940),(1443,200,18,1430098949),(1408,216,7,1426877011),(2009,339,17,1532582023),(2009,38,2,1509991815),(2091,342,6,1537030314),(2091,338,6,1536326344),(1591,339,17,1532582023),(894,274,18,1454095940),(1619,172,17,1453874430),(1619,276,17,1453510864),(1596,224,17,1451362350),(1546,252,19,1454079351),(1546,270,17,1450716692),(1546,269,7,1450052762),(1546,268,4,1448662269),(1546,266,19,1447439582),(1460,224,17,1430455453),(1450,227,17,1432666448),(1622,172,17,1453874430),(1431,226,19,1430667638),(1497,273,19,1451854466),(1586,279,2,1455482029),(1415,220,7,1427909803),(1415,212,4,1425878651),(1606,274,18,1453874643),(1098,230,6,1430712533),(1653,278,6,1465780200),(1606,172,17,1453874430),(1606,270,17,1450716692),(1450,218,18,1430428941),(1460,227,17,1432666448),(894,339,17,1532582023),(54,339,17,1532582023),(1126,231,7,1432930278),(1450,233,18,1431384861),(1088,191,4,1417726182),(1088,206,4,1424649153),(1088,144,4,1420439525),(1088,220,7,1427909803),(1135,233,18,1431384861),(1135,218,18,1433623338),(1135,232,19,1431384604),(1135,226,19,1430667638),(1447,232,19,1431384604),(1447,233,18,1431384861),(1364,233,18,1431384861),(1364,232,19,1431384604),(1364,227,17,1430427781),(894,233,18,1431384861),(1126,233,18,1431384861),(1126,232,19,1436014607),(1460,233,18,1431384861),(1460,218,18,1430428941),(921,229,17,1430427349),(921,227,17,1432666448),(1126,163,17,1432739190),(1135,163,17,1432739190),(1443,229,17,1430427349),(1443,163,17,1432739190),(1386,230,6,1435945687),(1653,288,7,1460731233),(1129,232,19,1436014607),(1129,226,19,1430667638),(1129,163,17,1432739190),(1129,234,17,1452010130),(1447,234,17,1432665630),(1447,209,17,1432406304),(1447,163,17,1432739190),(1126,234,17,1432665630),(1497,249,18,1438202268),(1741,278,6,1471575318),(1135,234,17,1432665630),(1386,235,6,1432484511),(1386,231,7,1431280796),(1386,236,7,1432484727),(1741,302,2,1471199736),(1126,236,7,1432484727),(921,234,17,1432665630),(1444,231,7,1431280796),(1444,230,6,1431280259),(1503,271,17,1455649841),(1741,301,2,1471199719),(1098,234,17,1432665664),(1098,209,17,1432406304),(1098,233,18,1431384861),(1440,216,7,1432744235),(1135,216,7,1432744235),(1126,216,7,1432744235),(1467,230,6,1431280259),(894,299,19,1469115047),(894,273,19,1451854466),(1475,209,17,1432406304),(1475,163,17,1432739190),(1475,234,17,1432665630),(1567,270,17,1450716692),(1467,163,17,1432739190),(1467,234,17,1432665630),(1126,187,19,1438965852),(1567,269,7,1450052762),(1616,270,17,1450716692),(894,282,17,1457377087),(1594,271,17,1450825210),(1135,231,7,1432930278),(1427,232,19,1431384604),(1427,116,19,1427477498),(1427,163,17,1432739190),(1427,227,17,1432666448),(1427,234,17,1432665630),(1427,209,17,1432406304),(1427,224,17,1432222828),(1427,229,17,1430427349),(894,292,18,1470776971),(894,230,6,1433261679),(1497,270,17,1450716692),(897,234,17,1432665630),(1497,224,17,1451362350),(894,278,6,1471575318),(1440,230,6,1436197032),(894,296,17,1469052019),(1794,302,2,1471199736),(1721,303,2,1471199765),(1440,231,7,1432930278),(1126,238,19,1435790896),(894,163,17,1432739190),(894,224,17,1432222828),(1129,217,19,1433609331),(1129,187,19,1432825378),(1427,217,19,1433609331),(1440,240,7,1433994081),(1126,239,7,1433776692),(1440,239,7,1433776692),(1126,240,7,1438876994),(1135,239,7,1433776692),(1447,239,7,1433776692),(1129,229,17,1430427349),(1475,266,19,1447439582),(1497,265,18,1447175966),(1617,272,17,1450845855),(1616,273,19,1451854466),(1429,231,7,1432930278),(1386,220,7,1427909803),(1386,240,7,1438876994),(1386,239,7,1433776692),(1088,187,19,1432825378),(1088,216,7,1432744235),(1088,209,17,1432406304),(1447,184,18,1433776492),(1788,301,2,1471199719),(1475,245,18,1437404652),(1475,267,19,1448896713),(1475,271,17,1450825210),(1475,172,17,1450792735),(1613,224,17,1451362350),(894,276,17,1453510864),(990,303,2,1471199765),(990,302,2,1471199736),(990,301,2,1471199719),(54,322,17,1498322907),(1450,187,19,1438965852),(1450,217,19,1433609331),(1450,238,19,1433609605),(1450,226,19,1438264086),(1450,184,18,1438691810),(1450,241,18,1439085783),(1450,181,18,1430099026),(1450,234,17,1432665630),(1450,163,17,1432739190),(1782,302,2,1471199736),(1633,280,2,1456194710),(1468,218,18,1433623338),(1468,184,18,1433776492),(1468,116,19,1433609040),(1468,217,19,1433609331),(1468,226,19,1434596574),(1126,241,18,1447685249),(1782,301,2,1471199719),(1490,232,19,1434755785),(1485,232,19,1434755785),(1485,241,18,1434596868),(1129,227,17,1432666448),(1364,242,12,1434759200),(997,218,18,1433623338),(997,227,17,1432666448),(1098,232,19,1434755785),(1768,297,18,1469052317),(1752,292,18,1469052436),(1756,298,6,1469114793),(1754,286,7,1469115167),(2009,343,4,1541660478),(1983,342,6,1537030314),(997,303,2,1471199765),(1096,242,12,1434759200),(1096,239,7,1433776692),(1447,230,6,1434797899),(1752,299,19,1469115047),(1447,241,18,1434596868),(1484,232,19,1436014607),(1126,242,12,1438962901),(1096,240,7,1433994081),(1096,231,7,1432930278),(1096,220,7,1427909803),(1096,230,6,1434797899),(1588,298,6,1469114793),(1493,232,19,1435180973),(1135,242,12,1434759200),(1480,232,19,1435180973),(1488,232,19,1435180973),(997,244,17,1435381738),(1126,244,17,1435381738),(1135,244,17,1435381738),(997,234,17,1432665630),(997,229,17,1430427349),(1475,244,17,1435381738),(1447,244,17,1435381738),(1035,177,17,1413841802),(1035,244,17,1435381738),(1035,224,17,1432222828),(1035,227,17,1432666448),(1035,209,17,1432406304),(1035,184,18,1435790229),(1035,232,19,1435180973),(1035,238,19,1435790896),(1035,121,17,1420471543),(1035,234,17,1432665630),(1126,245,18,1437404652),(1446,230,6,1435945687),(1446,240,7,1433994081),(1446,239,7,1433776692),(1468,232,19,1436014607),(894,244,17,1435381738),(894,232,19,1436014607),(894,183,17,1439035758),(1468,245,18,1435857093),(1488,241,18,1436811906),(1126,246,6,1437879291),(1499,246,6,1436056241),(1489,230,6,1438264839),(1499,245,18,1435857093),(1096,216,7,1432744235),(1096,162,4,1423706562),(1443,244,17,1435381738),(1443,184,18,1435790229),(1443,245,18,1435857093),(1443,218,18,1433623338),(1443,232,19,1436014607),(1443,238,19,1435790896),(1443,116,19,1433609040),(1443,230,6,1436197032),(1595,269,7,1450052762),(1418,216,7,1432744235),(1418,231,7,1432930278),(1418,239,7,1433776692),(1418,240,7,1438876994),(909,238,19,1435790896),(909,244,17,1435381738),(909,163,17,1432739190),(909,227,17,1432666448),(909,234,17,1432665630),(909,224,17,1432222828),(909,140,17,1427995957),(997,245,18,1435857093),(997,241,18,1434596868),(997,233,18,1431384861),(1460,234,17,1432665630),(1460,244,17,1435381738),(1460,163,17,1432739190),(1450,232,19,1436014607),(1129,244,17,1435381738),(1126,247,4,1436671499),(1497,232,19,1436014607),(1431,230,6,1436197032),(1477,163,17,1432739190),(1468,241,18,1436811906),(897,244,17,1435381738),(1450,244,17,1435381738),(1451,184,18,1435790229),(1451,218,18,1433623338),(1451,233,18,1431384861),(1451,200,18,1430098949),(1451,211,18,1430098814),(1451,245,18,1435857093),(1443,233,18,1431384861),(1443,187,19,1432825378),(1094,121,17,1420471543),(1094,244,17,1435381738),(1094,227,17,1432666448),(1094,234,17,1432665630),(1489,241,18,1436811906),(909,121,17,1420471543),(1527,245,18,1437404704),(1098,244,17,1435381738),(1613,271,17,1450825210),(1467,246,6,1437879291),(1467,241,18,1446693883),(1511,246,6,1437445024),(1467,226,19,1438264086),(1467,232,19,1436014607),(1521,241,18,1437579799),(1381,184,18,1435790229),(1381,163,17,1432739190),(1381,218,18,1433623338),(1601,250,19,1448896976),(1514,245,18,1437404652),(1429,239,7,1433776692),(1429,240,7,1433994081),(1137,218,18,1433623338),(1083,240,7,1433994081),(1083,239,7,1433776692),(1083,231,7,1432930278),(1489,246,6,1437445024),(1440,246,6,1437879291),(1497,241,18,1446693883),(1497,245,18,1437404652),(1401,206,4,1424649153),(1401,231,7,1432930278),(1401,216,7,1432744235),(1401,220,7,1427909803),(1401,240,7,1433994081),(1401,230,6,1436197032),(1401,248,6,1437852175),(1506,246,6,1437879291),(894,242,12,1434759200),(1401,241,18,1450052907),(1401,208,6,1425056254),(894,134,4,1404146852),(1401,239,7,1433776692),(1485,248,6,1437852175),(1588,282,17,1457377087),(1574,258,7,1450052587),(1521,249,18,1438202268),(1450,246,6,1437879291),(1492,248,6,1437852175),(1450,249,18,1438202268),(1492,230,6,1436197032),(1450,248,6,1437852175),(1588,293,17,1466038246),(1418,248,6,1438876360),(1418,230,6,1436197032),(1401,259,6,1447175843),(1517,230,6,1455139434),(1480,248,6,1437852175),(1514,187,19,1438264137),(1401,265,18,1447175966),(1514,241,18,1446693883),(1653,298,6,1469114793),(1480,238,19,1435790896),(1480,184,18,1438998572),(1480,239,7,1433776692),(909,241,18,1438263985),(909,218,18,1433623338),(1485,230,6,1435945687),(1446,248,6,1437852175),(1525,184,18,1438691810),(1525,187,19,1438264137),(362,248,6,1438876360),(362,249,18,1438202268),(362,247,4,1438876638),(1588,296,17,1469052019),(362,242,12,1438876859),(362,240,7,1438876994),(362,220,7,1427909803),(1451,232,19,1436014607),(1451,240,7,1438876994),(1451,230,6,1435945687),(1538,242,12,1438962996),(1540,251,18,1439591786),(1540,241,18,1443631784),(1126,183,17,1439035758),(1450,250,19,1439086554),(1450,183,17,1439035758),(1126,251,18,1439591786),(1496,251,18,1439118115),(1496,250,19,1439086554),(1496,241,18,1439085783),(1496,248,6,1438876360),(1496,246,6,1437879291),(1546,241,18,1439085783),(1488,238,19,1435790896),(1488,251,18,1439118115),(1488,218,18,1438998865),(1536,251,18,1439118115),(1126,252,19,1439300300),(894,248,6,1438876360),(1436,248,6,1438876360),(1440,248,6,1438876360),(1503,250,19,1448896976),(1503,252,19,1439300300),(1467,252,19,1442952004),(1028,251,18,1439591786),(1503,187,19,1438965852),(1503,251,18,1439591786),(1503,218,18,1439761554),(1503,184,18,1439761830),(1499,257,19,1439893146),(1514,218,18,1439761554),(1467,256,4,1439855380),(1129,183,17,1439035758),(845,180,12,1414428663),(845,242,12,1438962901),(845,253,4,1439488234),(845,212,4,1425878651),(845,256,4,1439855380),(845,251,18,1439591786),(1503,192,19,1440004256),(1028,257,19,1439893146),(1028,234,17,1432665630),(1539,256,4,1439855380),(1126,257,19,1439893146),(894,192,19,1440004256),(1497,274,18,1457209604),(1477,253,4,1439488234),(1546,257,19,1439893146),(1546,256,4,1439855380),(1539,253,4,1439488234),(1503,257,19,1439893146),(1480,251,18,1439591786),(1480,218,18,1438998865),(1096,248,6,1438876360),(1096,246,6,1437879291),(1451,251,18,1439591786),(1451,257,19,1439893146),(1475,183,17,1439035758),(1475,241,18,1450052907),(1475,226,19,1438264086),(1475,250,19,1450916071),(1475,257,19,1439893146),(1475,192,19,1440004256),(1475,252,19,1448896895),(1456,248,6,1438876360),(1456,240,7,1438876994),(1456,239,7,1433776692),(1456,256,4,1439855380),(1456,253,4,1439488234),(1401,256,4,1439855380),(1401,253,4,1439488234),(1440,253,4,1439488234),(1440,256,4,1439855380),(1467,187,19,1438965852),(894,218,18,1438998865),(894,118,17,1400855510),(1533,248,6,1438876360),(1490,230,6,1435945687),(1401,269,7,1450052762),(1788,312,4,1487033724),(1540,218,18,1438998865),(1545,257,19,1439893146),(1545,252,19,1442952004),(1476,259,6,1447175843),(1476,246,6,1447301138),(1476,248,6,1438876360),(1475,272,17,1450845855),(1476,258,7,1446316759),(1533,246,6,1443051419),(1533,259,6,1442428960),(1499,241,18,1443631784),(965,140,17,1427995957),(965,183,17,1439035758),(965,244,17,1435381738),(965,227,17,1432666448),(965,234,17,1432665630),(1475,264,19,1447175295),(1475,224,17,1451362350),(1475,238,19,1435790896),(1475,249,18,1438202268),(1475,259,6,1442428960),(1096,253,4,1439488234),(1096,258,7,1443914654),(1476,260,7,1444141938),(1519,249,18,1438202268),(1401,258,7,1450052587),(1545,260,7,1444141938),(1390,83,4,1450052448),(1401,83,4,1450052448),(1072,183,17,1439035758),(1072,227,17,1432666448),(1072,163,17,1432739190),(1072,244,17,1435381738),(1072,172,17,1444748909),(1072,252,19,1442952004),(1072,241,18,1443631784),(1594,259,6,1447175861),(894,172,17,1448896311),(1072,184,18,1433776492),(1072,209,17,1432406304),(1072,251,18,1439591786),(1564,246,6,1447301138),(1564,241,18,1447685249),(894,156,17,1425436470),(1585,83,4,1448152096),(1588,83,4,1448152096),(1126,267,19,1448167594),(1126,265,18,1447175966),(1475,270,17,1450716692),(1475,265,18,1447175966),(997,263,12,1446066381),(1588,268,4,1448662269),(1467,267,19,1448896713),(1558,241,18,1446693883),(1595,250,19,1448896976),(1558,265,18,1447175966),(1467,265,18,1447175966),(1595,267,19,1448896713),(1595,252,19,1448896895),(1601,268,4,1448662269),(834,263,12,1446066381),(834,265,18,1447175966),(834,241,18,1450052907),(834,227,17,1432666448),(834,163,17,1432739190),(834,230,6,1438264839),(834,209,17,1432406304),(834,118,17,1400855510),(834,127,17,1399947486),(834,128,17,1399947850),(834,158,17,1407979882),(834,146,17,1408043244),(834,186,17,1416537940),(834,166,17,1408927057),(1584,268,4,1448662269),(1584,83,4,1450052448),(1584,246,6,1447301138);

--
-- Table structure for table `phpbb_topics_watch`
--

CREATE TABLE `phpbb_topics_watch` (
  `topic_id` mediumint(8) unsigned NOT NULL DEFAULT '0',
  `user_id` mediumint(8) unsigned NOT NULL DEFAULT '0',
  `notify_status` tinyint(1) unsigned NOT NULL DEFAULT '0',
  KEY `topic_id` (`topic_id`) USING BTREE,
  KEY `user_id` (`user_id`) USING BTREE,
  KEY `notify_stat` (`notify_status`) USING BTREE
) ENGINE=MyISAM DEFAULT CHARSET=utf8 COLLATE=utf8_bin;

--
-- Dumping data for table `phpbb_topics_watch`
--

INSERT INTO `phpbb_topics_watch` VALUES (2,54,0),(13,60,1),(15,90,1),(15,89,1),(13,90,1),(25,112,0),(26,112,0),(9,123,1),(28,105,1),(36,166,1),(25,130,0),(9,70,0),(13,147,1),(13,185,1),(37,191,0),(38,147,1),(264,1594,0),(259,1594,0),(44,165,0),(28,324,1),(53,338,1),(57,134,1),(57,441,1),(68,453,0),(69,453,1),(73,529,0),(70,425,1),(51,551,0),(43,457,0),(70,454,0),(70,757,1),(70,770,0),(89,785,1),(98,787,1),(94,801,0),(105,796,1),(108,473,0),(97,844,1),(110,850,1),(97,772,0),(116,854,1),(95,469,0),(105,835,0),(121,764,1),(121,835,1),(109,835,0),(107,835,0),(123,835,0),(92,887,1),(127,835,0),(128,835,0),(129,835,0),(115,835,1),(106,817,0),(134,923,1),(135,963,0),(141,869,1),(146,835,0),(147,835,0),(118,854,0),(160,1012,0),(166,935,0),(151,835,0),(156,835,1),(157,811,0),(143,996,0),(115,815,1),(158,835,0),(140,1048,1),(139,1048,1),(308,1884,1),(144,1053,1),(175,1069,1),(162,1068,1),(177,918,0),(178,1048,1),(184,1094,1),(189,949,1),(178,835,0),(197,1028,0),(198,835,0),(199,835,1),(193,1395,1),(162,1409,0),(211,967,0),(214,1137,0),(216,845,1),(217,1427,0),(218,1427,1),(228,1458,0),(229,1098,0),(230,1462,0),(234,1129,0),(149,1433,1),(243,1096,0),(149,1096,0),(230,1517,0),(204,1477,0),(250,1540,1),(252,1546,0),(262,1581,0),(265,1594,0),(266,1564,0),(278,1649,1),(276,1636,0),(272,1646,0),(281,1660,0),(282,1636,1),(286,1726,1),(292,1734,1),(293,1754,0),(294,1754,0),(298,1783,0),(301,1785,0),(302,1785,0),(303,1785,0),(304,1612,0),(308,1922,1),(328,1998,0),(320,2036,0),(335,2084,1),(337,2101,0),(335,2105,1),(338,2104,0),(342,2091,0),(335,2133,1),(83,2133,0),(343,2133,0),(349,2157,0),(353,2176,0),(21,2175,0),(352,2175,0),(355,2175,0),(331,2175,0),(338,2175,0),(195,2175,1),(354,2203,0),(348,2242,0);

--
-- Table structure for table `phpbb_user_group`
--

CREATE TABLE `phpbb_user_group` (
  `group_id` mediumint(8) unsigned NOT NULL DEFAULT '0',
  `user_id` mediumint(8) unsigned NOT NULL DEFAULT '0',
  `group_leader` tinyint(1) unsigned NOT NULL DEFAULT '0',
  `user_pending` tinyint(1) unsigned NOT NULL DEFAULT '1',
  KEY `group_id` (`group_id`) USING BTREE,
  KEY `user_id` (`user_id`) USING BTREE,
  KEY `group_leader` (`group_leader`) USING BTREE
) ENGINE=MyISAM DEFAULT CHARSET=utf8 COLLATE=utf8_bin;

--
-- Dumping data for table `phpbb_user_group`
--

INSERT INTO `phpbb_user_group` VALUES (1,1,0,0),(2,2,0,0),(4,2,0,0),(5,2,1,0),(6,3,0,0),(6,4,0,0),(6,5,0,0),(6,6,0,0),(6,7,0,0),(6,8,0,0),(6,9,0,0),(6,10,0,0),(6,11,0,0),(6,12,0,0),(6,13,0,0),(6,14,0,0),(6,15,0,0),(6,16,0,0),(6,17,0,0),(6,18,0,0),(6,19,0,0),(6,20,0,0),(6,21,0,0),(6,22,0,0),(6,23,0,0),(6,24,0,0),(6,25,0,0),(6,26,0,0),(6,27,0,0),(2,779,0,0),(6,29,0,0),(3,778,0,0),(2,777,0,0),(6,32,0,0),(6,33,0,0),(2,776,0,0),(6,35,0,0),(6,36,0,0),(6,37,0,0),(6,38,0,0),(6,39,0,0),(6,40,0,0),(2,912,0,0),(6,42,0,0),(6,43,0,0),(6,44,0,0),(6,45,0,0),(6,46,0,0),(6,47,0,0),(2,774,0,0),(6,49,0,0),(6,50,0,0),(6,51,0,0),(6,52,0,0),(6,53,0,0),(2,54,0,0),(2,176,0,0),(2,56,0,0),(2,1023,0,0),(2,58,0,0),(2,59,0,0),(2,60,0,0),(2,61,0,0),(2,62,0,0),(3,63,0,0),(2,64,0,0),(2,65,0,0),(2,66,0,0),(2,67,0,0),(2,68,0,0),(2,69,0,0),(2,70,0,0),(2,71,0,0),(2,72,0,0),(2,73,0,0),(2,74,0,0),(2,75,0,0),(2,76,0,0),(2,77,0,0),(2,78,0,0),(2,79,0,0),(2,80,0,0),(2,81,0,0),(2,82,0,0),(2,83,0,0),(2,84,0,0),(2,85,0,0),(2,86,0,0),(2,87,0,0),(2,88,0,0),(2,89,0,0),(2,90,0,0),(2,91,0,0),(2,92,0,0),(2,93,0,0),(2,94,0,0),(2,95,0,0),(2,96,0,0),(2,97,0,0),(2,98,0,0),(2,99,0,0),(2,100,0,0),(2,101,0,0),(2,102,0,0),(2,103,0,0),(2,104,0,0),(2,105,0,0),(2,106,0,0),(2,107,0,0),(3,108,0,0),(2,109,0,0),(3,110,0,0),(3,111,0,0),(2,112,0,0),(2,113,0,0),(2,114,0,0),(2,115,0,0),(2,116,0,0),(2,117,0,0),(2,118,0,0),(2,119,0,0),(2,120,0,0),(2,121,0,0),(2,122,0,0),(2,123,0,0),(2,124,0,0),(2,125,0,0),(2,126,0,0),(2,127,0,0),(2,128,0,0),(2,129,0,0),(2,130,0,0),(2,131,0,0),(2,132,0,0),(2,133,0,0),(2,134,0,0),(2,135,0,0),(2,136,0,0),(2,137,0,0),(2,138,0,0),(2,139,0,0),(2,140,0,0),(2,141,0,0),(2,142,0,0),(2,143,0,0),(2,144,0,0),(2,145,0,0),(2,146,0,0),(2,147,0,0),(3,148,0,0),(2,149,0,0),(2,150,0,0),(2,151,0,0),(2,152,0,0),(2,153,0,0),(2,154,0,0),(2,155,0,0),(2,156,0,0),(2,157,0,0),(2,158,0,0),(2,159,0,0),(2,160,0,0),(2,161,0,0),(2,162,0,0),(8,66,0,0),(8,64,0,0),(8,77,0,0),(8,75,0,0),(8,60,0,0),(8,70,0,0),(8,73,0,0),(8,74,0,0),(8,61,0,0),(8,63,0,0),(8,68,0,0),(8,65,0,0),(8,59,0,0),(8,58,0,0),(8,76,0,0),(8,69,0,0),(8,72,0,0),(8,71,0,0),(8,67,0,0),(8,62,0,0),(8,78,0,0),(8,79,0,0),(8,80,0,0),(8,81,0,0),(8,82,0,0),(8,83,0,0),(8,84,0,0),(8,85,0,0),(8,86,0,0),(8,87,0,0),(8,88,0,0),(8,89,0,0),(8,90,0,0),(8,91,0,0),(8,92,0,0),(8,93,0,0),(8,94,0,0),(8,102,0,0),(8,95,0,0),(8,96,0,0),(8,97,0,0),(8,98,0,0),(8,99,0,0),(8,100,0,0),(8,101,0,0),(8,114,0,0),(8,103,0,0),(8,104,0,0),(8,105,0,0),(8,106,0,0),(8,107,0,0),(8,108,0,0),(8,109,0,0),(8,110,0,0),(8,111,0,0),(8,112,0,0),(8,113,0,0),(8,115,0,0),(8,116,0,0),(8,117,0,0),(8,118,0,0),(8,119,0,0),(8,120,0,0),(8,121,0,0),(8,122,0,0),(8,123,0,0),(8,124,0,0),(8,125,0,0),(8,126,0,0),(8,127,0,0),(8,147,0,0),(8,129,0,0),(8,128,0,0),(8,130,0,0),(8,131,0,0),(8,132,0,0),(8,133,0,0),(8,134,0,0),(8,135,0,0),(8,136,0,0),(8,137,0,0),(8,138,0,0),(8,139,0,0),(8,141,0,0),(8,140,0,0),(8,142,0,0),(8,143,0,0),(8,144,0,0),(8,145,0,0),(8,146,0,0),(8,148,0,0),(8,149,0,0),(8,150,0,0),(8,151,0,0),(8,152,0,0),(8,154,0,0),(8,153,0,0),(8,156,0,0),(8,160,0,0),(8,161,0,0),(8,158,0,0),(8,159,0,0),(8,157,0,0),(8,155,0,0),(2,163,0,0),(2,164,0,0),(8,163,0,0),(8,164,0,0),(2,165,0,0),(2,166,0,0),(2,167,0,0),(2,175,0,0),(2,174,0,0),(2,177,0,0),(2,178,0,0),(2,179,0,0),(2,240,0,0),(2,181,0,0),(2,182,0,0),(3,183,0,0),(2,203,0,0),(2,185,0,0),(2,186,0,0),(2,187,0,0),(2,188,0,0),(2,189,0,0),(3,190,0,0),(2,191,0,0),(2,192,0,0),(3,193,0,0),(2,194,0,0),(2,304,0,0),(2,218,0,0),(2,242,0,0),(2,300,0,0),(2,224,0,0),(2,525,0,0),(2,305,0,0),(2,268,0,0),(2,269,0,0),(2,263,0,0),(2,306,0,0),(2,526,0,0),(2,272,0,0),(2,307,0,0),(2,308,0,0),(2,559,0,0),(2,341,0,0),(2,311,0,0),(2,342,0,0),(2,343,0,0),(3,344,0,0),(2,548,0,0),(2,529,0,0),(2,337,0,0),(2,338,0,0),(3,319,0,0),(2,421,0,0),(2,348,0,0),(2,555,0,0),(2,340,0,0),(2,324,0,0),(2,551,0,0),(2,354,0,0),(2,355,0,0),(2,530,0,0),(2,330,0,0),(2,361,0,0),(2,362,0,0),(2,552,0,0),(2,364,0,0),(2,365,0,0),(2,560,0,0),(2,497,0,0),(2,496,0,0),(2,369,0,0),(2,615,0,0),(2,597,0,0),(2,545,0,0),(2,420,0,0),(2,546,0,0),(2,414,0,0),(2,642,0,0),(2,620,0,0),(2,491,0,0),(2,422,0,0),(2,415,0,0),(3,622,0,0),(2,633,0,0),(2,426,0,0),(2,490,0,0),(2,618,0,0),(2,396,0,0),(2,419,0,0),(2,398,0,0),(2,425,0,0),(2,570,0,0),(2,728,0,0),(2,486,0,0),(3,423,0,0),(2,413,0,0),(2,752,0,0),(2,432,0,0),(2,573,0,0),(2,621,0,0),(2,469,0,0),(2,441,0,0),(2,580,0,0),(2,473,0,0),(2,474,0,0),(2,475,0,0),(2,476,0,0),(2,477,0,0),(2,448,0,0),(2,576,0,0),(2,1633,0,0),(2,452,0,0),(2,453,0,0),(2,454,0,0),(2,455,0,0),(2,479,0,0),(2,457,0,0),(2,462,0,0),(2,498,0,0),(2,499,0,0),(2,500,0,0),(2,502,0,0),(2,503,0,0),(2,505,0,0),(2,507,0,0),(2,511,0,0),(2,517,0,0),(2,522,0,0),(2,524,0,0),(2,636,0,0),(2,753,0,0),(2,754,0,0),(2,755,0,0),(2,759,0,0),(2,757,0,0),(2,758,0,0),(2,760,0,0),(2,761,0,0),(2,762,0,0),(2,763,0,0),(2,764,0,0),(3,765,0,0),(2,766,0,0),(2,767,0,0),(2,768,0,0),(2,769,0,0),(2,770,0,0),(2,771,0,0),(2,772,0,0),(9,772,0,1),(2,773,0,0),(2,780,0,0),(2,781,0,0),(2,913,0,0),(2,783,0,0),(2,784,0,0),(2,785,0,0),(2,786,0,0),(2,787,0,0),(3,818,0,0),(2,789,0,0),(2,790,0,0),(2,791,0,0),(2,792,0,0),(2,793,0,0),(2,794,0,0),(2,681,0,0),(2,795,0,0),(2,796,0,0),(2,797,0,0),(2,798,0,0),(2,799,0,0),(2,800,0,0),(2,801,0,0),(2,802,0,0),(2,803,0,0),(2,804,0,0),(2,805,0,0),(2,806,0,0),(2,807,0,0),(2,808,0,0),(2,809,0,0),(2,810,0,0),(2,811,0,0),(2,812,0,0),(2,813,0,0),(2,914,0,0),(2,815,0,0),(2,816,0,0),(2,817,0,0),(2,819,0,0),(2,820,0,0),(2,821,0,0),(2,822,0,0),(2,823,0,0),(2,824,0,0),(3,825,0,0),(2,826,0,0),(2,827,0,0),(2,959,0,0),(2,829,0,0),(2,716,0,0),(2,830,0,0),(2,831,0,0),(2,832,0,0),(2,915,0,0),(2,834,0,0),(2,835,0,0),(2,836,0,0),(2,837,0,0),(2,838,0,0),(2,839,0,0),(2,840,0,0),(2,841,0,0),(2,842,0,0),(2,843,0,0),(2,844,0,0),(2,845,0,0),(2,846,0,0),(2,847,0,0),(2,848,0,0),(2,916,0,0),(2,850,0,0),(2,851,0,0),(2,852,0,0),(2,853,0,0),(2,854,0,0),(2,855,0,0),(2,856,0,0),(3,857,0,0),(2,858,0,0),(2,859,0,0),(2,917,0,0),(2,861,0,0),(2,862,0,0),(2,863,0,0),(2,918,0,0),(2,865,0,0),(2,866,0,0),(3,867,0,0),(2,868,0,0),(9,807,0,1),(2,869,0,0),(2,870,0,0),(2,871,0,0),(2,872,0,0),(2,873,0,0),(2,874,0,0),(2,875,0,0),(2,876,0,0),(2,877,0,0),(2,878,0,0),(2,886,0,0),(2,880,0,0),(2,881,0,0),(2,882,0,0),(2,887,0,0),(2,884,0,0),(2,885,0,0),(2,888,0,0),(2,889,0,0),(2,890,0,0),(2,891,0,0),(2,892,0,0),(2,960,0,0),(2,894,0,0),(2,961,0,0),(2,896,0,0),(2,897,0,0),(2,898,0,0),(2,962,0,0),(2,900,0,0),(2,901,0,0),(2,902,0,0),(2,903,0,0),(2,919,0,0),(2,905,0,0),(2,906,0,0),(2,907,0,0),(2,908,0,0),(2,909,0,0),(2,910,0,0),(2,911,0,0),(2,920,0,0),(2,921,0,0),(2,922,0,0),(2,923,0,0),(2,924,0,0),(2,925,0,0),(2,926,0,0),(3,927,0,0),(2,928,0,0),(2,929,0,0),(2,930,0,0),(2,931,0,0),(2,973,0,0),(2,933,0,0),(2,934,0,0),(2,935,0,0),(2,936,0,0),(2,937,0,0),(2,938,0,0),(2,939,0,0),(3,940,0,0),(2,941,0,0),(2,947,0,0),(2,943,0,0),(2,944,0,0),(2,945,0,0),(3,946,0,0),(2,948,0,0),(2,949,0,0),(2,950,0,0),(2,1032,0,0),(2,952,0,0),(2,953,0,0),(2,954,0,0),(2,955,0,0),(2,1481,0,0),(2,957,0,0),(2,1065,0,0),(2,963,0,0),(3,964,0,0),(2,965,0,0),(2,966,0,0),(2,967,0,0),(2,968,0,0),(2,969,0,0),(2,970,0,0),(2,971,0,0),(2,972,0,0),(2,1035,0,0),(2,975,0,0),(2,976,0,0),(2,977,0,0),(2,978,0,0),(3,979,0,0),(2,980,0,0),(2,981,0,0),(2,982,0,0),(2,983,0,0),(2,984,0,0),(2,1016,0,0),(2,986,0,0),(2,1017,0,0),(2,988,0,0),(2,989,0,0),(2,990,0,0),(2,994,0,0),(2,992,0,0),(2,993,0,0),(2,995,0,0),(2,996,0,0),(2,997,0,0),(2,1018,0,0),(2,1019,0,0),(2,1000,0,0),(2,1001,0,0),(2,1002,0,0),(9,996,0,1),(2,1003,0,0),(2,1020,0,0),(2,1005,0,0),(2,1006,0,0),(2,1007,0,0),(3,1008,0,0),(2,1022,0,0),(2,1010,0,0),(2,1034,0,0),(2,1012,0,0),(3,1013,0,0),(2,1024,0,0),(2,1025,0,0),(2,1026,0,0),(2,1027,0,0),(3,1028,0,0),(2,1033,0,0),(2,1030,0,0),(2,1031,0,0),(2,1036,0,0),(2,1037,0,0),(2,1038,0,0),(2,1039,0,0),(2,1040,0,0),(2,1043,0,0),(2,1049,0,0),(2,1067,0,0),(2,1046,0,0),(2,1047,0,0),(2,1048,0,0),(2,1050,0,0),(2,1051,0,0),(3,1052,0,0),(2,1053,0,0),(2,1054,0,0),(2,1055,0,0),(2,1056,0,0),(2,1066,0,0),(3,1058,0,0),(2,1622,0,0),(2,1060,0,0),(2,1061,0,0),(2,1062,0,0),(3,1063,0,0),(2,1064,0,0),(2,1068,0,0),(2,1069,0,0),(2,1070,0,0),(2,1071,0,0),(2,1072,0,0),(2,1073,0,0),(2,1074,0,0),(2,1099,0,0),(2,1076,0,0),(2,1078,0,0),(2,1384,0,0),(2,1080,0,0),(2,1081,0,0),(2,1082,0,0),(2,1083,0,0),(2,1084,0,0),(2,1085,0,0),(2,1086,0,0),(2,1087,0,0),(2,1088,0,0),(2,1089,0,0),(2,1090,0,0),(2,1091,0,0),(3,1092,0,0),(2,1094,0,0),(2,1095,0,0),(2,1096,0,0),(2,1097,0,0),(2,1098,0,0),(2,1101,0,0),(2,1102,0,0),(2,1103,0,0),(2,1104,0,0),(2,1105,0,0),(2,1106,0,0),(2,1107,0,0),(2,1108,0,0),(2,1109,0,0),(2,1110,0,0),(2,1370,0,0),(2,1112,0,0),(2,1113,0,0),(2,1114,0,0),(2,1115,0,0),(2,1369,0,0),(2,1362,0,0),(2,1368,0,0),(2,1367,0,0),(2,1120,0,0),(2,1121,0,0),(2,1122,0,0),(2,1123,0,0),(2,1124,0,0),(2,1125,0,0),(2,1126,0,0),(2,1127,0,0),(2,1366,0,0),(2,1129,0,0),(2,1130,0,0),(2,1131,0,0),(2,1364,0,0),(2,1363,0,0),(2,1134,0,0),(2,1135,0,0),(2,1136,0,0),(2,1137,0,0),(2,1138,0,0),(2,1390,0,0),(2,1394,0,0),(2,1395,0,0),(2,1396,0,0),(2,1402,0,0),(2,1399,0,0),(2,1401,0,0),(2,1403,0,0),(2,1404,0,0),(2,1410,0,0),(2,1409,0,0),(2,1408,0,0),(2,1411,0,0),(2,1412,0,0),(2,1413,0,0),(2,1414,0,0),(2,1415,0,0),(2,1416,0,0),(2,1417,0,0),(2,1418,0,0),(2,1419,0,0),(3,1420,0,0),(2,1379,0,0),(2,1386,0,0),(2,1388,0,0),(3,1397,0,0),(2,1373,0,0),(2,1391,0,0),(2,1389,0,0),(2,1372,0,0),(2,1381,0,0),(2,1393,0,0),(2,1383,0,0),(2,1374,0,0),(2,1382,0,0),(2,1387,0,0),(2,1378,0,0),(2,1385,0,0),(2,1421,0,0),(2,1422,0,0),(2,1423,0,0),(2,1435,0,0),(2,1425,0,0),(2,1436,0,0),(2,1427,0,0),(2,1428,0,0),(2,1429,0,0),(2,1431,0,0),(2,1432,0,0),(3,1433,0,0),(2,1434,0,0),(2,1437,0,0),(2,1442,0,0),(2,1439,0,0),(2,1440,0,0),(2,1443,0,0),(2,1444,0,0),(2,1445,0,0),(2,1446,0,0),(2,1447,0,0),(2,1458,0,0),(2,1449,0,0),(2,1450,0,0),(2,1451,0,0),(2,1459,0,0),(3,1453,0,0),(2,1460,0,0),(2,1455,0,0),(2,1456,0,0),(2,1457,0,0),(2,1466,0,0),(2,1462,0,0),(2,1463,0,0),(2,1467,0,0),(2,1465,0,0),(2,1468,0,0),(2,1477,0,0),(2,1470,0,0),(2,1478,0,0),(2,1479,0,0),(2,1480,0,0),(2,1474,0,0),(2,1475,0,0),(2,1476,0,0),(2,1483,0,0),(2,1484,0,0),(2,1485,0,0),(2,1486,0,0),(2,1487,0,0),(2,1488,0,0),(2,1489,0,0),(2,1490,0,0),(3,1491,0,0),(2,1492,0,0),(2,1493,0,0),(2,1494,0,0),(2,1506,0,0),(3,1496,0,0),(3,1497,0,0),(2,1498,0,0),(2,1499,0,0),(2,1500,0,0),(2,1501,0,0),(2,1502,0,0),(2,1503,0,0),(2,1504,0,0),(2,1505,0,0),(2,1507,0,0),(2,1537,0,0),(2,1515,0,0),(2,1510,0,0),(3,1511,0,0),(2,1516,0,0),(2,1513,0,0),(2,1514,0,0),(2,1517,0,0),(2,1521,0,0),(2,1519,0,0),(2,1520,0,0),(2,1522,0,0),(2,1523,0,0),(2,1524,0,0),(2,1525,0,0),(2,1526,0,0),(2,1527,0,0),(2,1528,0,0),(2,1529,0,0),(2,1538,0,0),(2,1531,0,0),(2,1532,0,0),(2,1533,0,0),(2,1534,0,0),(2,1535,0,0),(3,1536,0,0),(2,1539,0,0),(2,1540,0,0),(2,1559,0,0),(2,1548,0,0),(2,1543,0,0),(3,1547,0,0),(2,1545,0,0),(2,1546,0,0),(2,1550,0,0),(2,1551,0,0),(2,1552,0,0),(2,1557,0,0),(2,1554,0,0),(3,1558,0,0),(2,1560,0,0),(2,1562,0,0),(2,1563,0,0),(2,1564,0,0),(2,1565,0,0),(2,1566,0,0),(2,1567,0,0),(3,1571,0,0),(2,1572,0,0),(2,1573,0,0),(2,1574,0,0),(2,1576,0,0),(2,1577,0,0),(2,1579,0,0),(2,1580,0,0),(2,1581,0,0),(2,1582,0,0),(2,1583,0,0),(2,1584,0,0),(2,1585,0,0),(2,1586,0,0),(2,1587,0,0),(2,1588,0,0),(2,1589,0,0),(2,1590,0,0),(2,1591,0,0),(2,1595,0,0),(2,1594,0,0),(2,1596,0,0),(2,1598,0,0),(2,1599,0,0),(2,1600,0,0),(2,1601,0,0),(2,1603,0,0),(2,1604,0,0),(2,1609,0,0),(2,1606,0,0),(3,1612,0,0),(2,1613,0,0),(2,1614,0,0),(2,1615,0,0),(2,1616,0,0),(2,1617,0,0),(2,1618,0,0),(2,1619,0,0),(2,1620,0,0),(3,1621,0,0),(2,1652,0,0),(2,1624,0,0),(2,1715,0,0),(2,1638,0,0),(2,1627,0,0),(2,1628,0,0),(3,1630,0,0),(2,1634,0,0),(2,1654,0,0),(2,1635,0,0),(2,1636,0,0),(2,1637,0,0),(2,1639,0,0),(2,1640,0,0),(2,1641,0,0),(2,1642,0,0),(2,1653,0,0),(3,1644,0,0),(2,1716,0,0),(2,1646,0,0),(2,1647,0,0),(3,1648,0,0),(2,1649,0,0),(2,1650,0,0),(2,1651,0,0),(2,1655,0,0),(2,1718,0,0),(2,1657,0,0),(2,1658,0,0),(2,1659,0,0),(2,1660,0,0),(2,1661,0,0),(2,1662,0,0),(2,1665,0,0),(2,1664,0,0),(3,1666,0,0),(2,1719,0,0),(2,1720,0,0),(2,1721,0,0),(3,1722,0,0),(2,1723,0,0),(2,1741,0,0),(2,1728,0,0),(2,1725,0,0),(2,1726,0,0),(2,1727,0,0),(2,1729,0,0),(2,1730,0,0),(2,1731,0,0),(2,1742,0,0),(2,1732,0,0),(2,1712,0,0),(2,1733,0,0),(2,1734,0,0),(2,1975,0,0),(3,1736,0,0),(2,1737,0,0),(2,1752,0,0),(2,1746,0,0),(2,1691,0,0),(2,1740,0,0),(2,1693,0,0),(2,1743,0,0),(2,1753,0,0),(3,1751,0,0),(2,1749,0,0),(2,1754,0,0),(2,1755,0,0),(2,1756,0,0),(2,1757,0,0),(2,1758,0,0),(2,1759,0,0),(2,1760,0,0),(2,1761,0,0),(2,1762,0,0),(2,1772,0,0),(2,1764,0,0),(2,1765,0,0),(2,1766,0,0),(2,1773,0,0),(2,1768,0,0),(2,1769,0,0),(2,1785,0,0),(2,1771,0,0),(2,1775,0,0),(3,1783,0,0),(2,1777,0,0),(2,1784,0,0),(2,1779,0,0),(2,1780,0,0),(2,1781,0,0),(2,1782,0,0),(2,1809,0,0),(2,1787,0,0),(2,1788,0,0),(2,1789,0,0),(2,1790,0,0),(2,1791,0,0),(2,1792,0,0),(2,1878,0,0),(2,1794,0,0),(2,1795,0,0),(2,1796,0,0),(2,1797,0,0),(3,1798,0,0),(2,1881,0,0),(2,1800,0,0),(2,1875,0,0),(2,1874,0,0),(2,1879,0,0),(2,1880,0,0),(2,1812,0,0),(2,1882,0,0),(2,1894,0,0),(2,1884,0,0),(2,1833,0,0),(2,1885,0,0),(2,1886,0,0),(2,1891,0,0),(2,1888,0,0),(2,1913,0,0),(2,1969,0,0),(2,1890,0,0),(2,1895,0,0),(2,1896,0,0),(2,1843,0,0),(2,1844,0,0),(2,1897,0,0),(2,1898,0,0),(2,1899,0,0),(2,1900,0,0),(2,1901,0,0),(2,1911,0,0),(2,1912,0,0),(2,1904,0,0),(2,1909,0,0),(2,1906,0,0),(2,1908,0,0),(2,1914,0,0),(2,1917,0,0),(2,1916,0,0),(2,1918,0,0),(2,1919,0,0),(2,1861,0,0),(2,1920,0,0),(2,1921,0,0),(2,1922,0,0),(2,1923,0,0),(2,1924,0,0),(2,1931,0,0),(2,1926,0,0),(2,1927,0,0),(2,1930,0,0),(2,1929,0,0),(2,1932,0,0),(2,1933,0,0),(2,1934,0,0),(2,1935,0,0),(2,1956,0,0),(2,1937,0,0),(2,1938,0,0),(2,2026,0,0),(2,1940,0,0),(2,1955,0,0),(2,1942,0,0),(2,1943,0,0),(2,1944,0,0),(2,1945,0,0),(2,1946,0,0),(2,2025,0,0),(2,1948,0,0),(2,1953,0,0),(2,1950,0,0),(2,1952,0,0),(2,1974,0,0),(2,1964,0,0),(2,1960,0,0),(2,1961,0,0),(2,1962,0,0),(2,1963,0,0),(2,1965,0,0),(2,2027,0,0),(2,1967,0,0),(2,1968,0,0),(2,1970,0,0),(2,1971,0,0),(2,1972,0,0),(2,2180,0,0),(2,2179,0,0),(2,1976,0,0),(2,2000,0,0),(2,1978,0,0),(2,2028,0,0),(2,1980,0,0),(2,1981,0,0),(2,1982,0,0),(2,1983,0,0),(2,1984,0,0),(2,2037,0,0),(2,1986,0,0),(2,1987,0,0),(2,1988,0,0),(2,1989,0,0),(2,1990,0,0),(2,1991,0,0),(2,1992,0,0),(2,1993,0,0),(2,1994,0,0),(2,2001,0,0),(2,1996,0,0),(2,1997,0,0),(2,1998,0,0),(2,1999,0,0),(2,2002,0,0),(2,2003,0,0),(2,2004,0,0),(2,2005,0,0),(2,2030,0,0),(2,2033,0,0),(2,2008,0,0),(2,2009,0,0),(2,2010,0,0),(2,2031,0,0),(2,2012,0,0),(2,2013,0,0),(2,2014,0,0),(2,2034,0,0),(2,2016,0,0),(2,2017,0,0),(2,2035,0,0),(2,2019,0,0),(2,2020,0,0),(2,2021,0,0),(2,2036,0,0),(2,2023,0,0),(2,2024,0,0),(2,2032,0,0),(2,2051,0,0),(2,2039,0,0),(2,2040,0,0),(2,2041,0,0),(2,2042,0,0),(2,2043,0,0),(2,2044,0,0),(2,2045,0,0),(2,2046,0,0),(2,2047,0,0),(2,2048,0,0),(2,2049,0,0),(2,2050,0,0),(2,2063,0,0),(2,2053,0,0),(2,2054,0,0),(2,2055,0,0),(2,2056,0,0),(2,2057,0,0),(2,2058,0,0),(2,2059,0,0),(2,2060,0,0),(2,2061,0,0),(2,2064,0,0),(2,2065,0,0),(2,2066,0,0),(2,2067,0,0),(2,2068,0,0),(2,2069,0,0),(2,2070,0,0),(2,2075,0,0),(2,2072,0,0),(2,2076,0,0),(2,2074,0,0),(2,2077,0,0),(2,2078,0,0),(2,2079,0,0),(2,2080,0,0),(2,2081,0,0),(2,2082,0,0),(2,2083,0,0),(2,2084,0,0),(2,2086,0,0),(2,2094,0,0),(2,2088,0,0),(2,2107,0,0),(2,2091,0,0),(2,2092,0,0),(2,2093,0,0),(2,2100,0,0),(2,2108,0,0),(2,2098,0,0),(2,2099,0,0),(2,2101,0,0),(2,2102,0,0),(2,2103,0,0),(2,2104,0,0),(2,2105,0,0),(2,2106,0,0),(2,2109,0,0),(2,2110,0,0),(2,2111,0,0),(2,2112,0,0),(2,2113,0,0),(2,2114,0,0),(2,2115,0,0),(2,2119,0,0),(2,2117,0,0),(2,2118,0,0),(2,2120,0,0),(2,2121,0,0),(2,2130,0,0),(2,2123,0,0),(2,2124,0,0),(2,2131,0,0),(2,2132,0,0),(2,2128,0,0),(2,2133,0,0),(2,2134,0,0),(2,2163,0,0),(2,2136,0,0),(2,2139,0,0),(2,2140,0,0),(2,2142,0,0),(2,2143,0,0),(2,2170,0,0),(2,2145,0,0),(2,2146,0,0),(2,2147,0,0),(2,2148,0,0),(2,2149,0,0),(2,2150,0,0),(2,2165,0,0),(2,2152,0,0),(2,2153,0,0),(2,2154,0,0),(2,2155,0,0),(2,2156,0,0),(2,2157,0,0),(2,2158,0,0),(2,2159,0,0),(2,2160,0,0),(2,2161,0,0),(2,2162,0,0),(2,2166,0,0),(2,2167,0,0),(2,2168,0,0),(2,2169,0,0),(2,2171,0,0),(2,2172,0,0),(2,2173,0,0),(2,2174,0,0),(2,2175,0,0),(2,2176,0,0),(2,2177,0,0),(2,2178,0,0),(2,2181,0,0),(2,2182,0,0),(2,2183,0,0),(2,2184,0,0),(2,2185,0,0),(2,2186,0,0),(2,2202,0,0),(2,2188,0,0),(2,2189,0,0),(2,2190,0,0),(2,2191,0,0),(2,2192,0,0),(2,2193,0,0),(2,2194,0,0),(2,2195,0,0),(2,2196,0,0),(2,2197,0,0),(2,2198,0,0),(2,2199,0,0),(2,2200,0,0),(2,2201,0,0),(2,2203,0,0),(2,2204,0,0),(2,2205,0,0),(2,2206,0,0),(2,2207,0,0),(2,2208,0,0),(2,2209,0,0),(2,2210,0,0),(2,2211,0,0),(2,2212,0,0),(2,2213,0,0),(2,2214,0,0),(2,2215,0,0),(2,2216,0,0),(2,2217,0,0),(2,2218,0,0),(2,2219,0,0),(2,2220,0,0),(2,2221,0,0),(2,2222,0,0),(2,2223,0,0),(2,2224,0,0),(2,2225,0,0),(2,2226,0,0),(2,2227,0,0),(2,2228,0,0),(2,2229,0,0),(2,2230,0,0),(2,2231,0,0),(2,2232,0,0),(2,2233,0,0),(2,2234,0,0),(2,2235,0,0),(2,2236,0,0),(2,2237,0,0),(2,2238,0,0),(2,2239,0,0),(2,2240,0,0),(2,2241,0,0),(2,2242,0,0),(2,2243,0,0),(2,2244,0,0),(2,2245,0,0),(2,2246,0,0),(2,2247,0,0),(2,2248,0,0),(2,2249,0,0),(2,2250,0,0),(2,2251,0,0),(2,2252,0,0),(2,2253,0,0),(2,2254,0,0),(2,2255,0,0),(2,2256,0,0),(2,2257,0,0),(2,2258,0,0),(2,2259,0,0),(2,2260,0,0),(2,2261,0,0),(2,2262,0,0),(2,2263,0,0),(2,2264,0,0),(2,2265,0,0),(2,2266,0,0),(2,2267,0,0),(2,2268,0,0),(2,2269,0,0),(2,2270,0,0),(2,2271,0,0),(2,2272,0,0),(2,2273,0,0),(2,2274,0,0),(2,2275,0,0),(2,2276,0,0),(2,2277,0,0),(2,2278,0,0),(2,2279,0,0),(2,2280,0,0),(2,2281,0,0),(2,2282,0,0),(2,2283,0,0),(2,2284,0,0),(2,2285,0,0),(2,2286,0,0),(2,2287,0,0),(2,2288,0,0),(2,2289,0,0),(2,2290,0,0),(2,2291,0,0),(2,2292,0,0),(2,2293,0,0),(2,2294,0,0),(2,2295,0,0),(2,2296,0,0),(2,2297,0,0),(2,2298,0,0),(2,2299,0,0),(2,2300,0,0),(2,2301,0,0),(2,2302,0,0);

--
-- Table structure for table `phpbb_warnings`
--

CREATE TABLE `phpbb_warnings` (
  `warning_id` mediumint(8) unsigned NOT NULL AUTO_INCREMENT,
  `user_id` mediumint(8) unsigned NOT NULL DEFAULT '0',
  `post_id` mediumint(8) unsigned NOT NULL DEFAULT '0',
  `log_id` mediumint(8) unsigned NOT NULL DEFAULT '0',
  `warning_time` int(11) unsigned NOT NULL DEFAULT '0',
  PRIMARY KEY (`warning_id`)
) ENGINE=MyISAM DEFAULT CHARSET=utf8 COLLATE=utf8_bin;

--
-- Dumping data for table `phpbb_warnings`
--


--
-- Table structure for table `phpbb_words`
--

CREATE TABLE `phpbb_words` (
  `word_id` mediumint(8) unsigned NOT NULL AUTO_INCREMENT,
  `word` varchar(255) COLLATE utf8_bin NOT NULL DEFAULT '',
  `replacement` varchar(255) COLLATE utf8_bin NOT NULL DEFAULT '',
  PRIMARY KEY (`word_id`)
) ENGINE=MyISAM DEFAULT CHARSET=utf8 COLLATE=utf8_bin;

--
-- Dumping data for table `phpbb_words`
--


--
-- Table structure for table `phpbb_zebra`
--

CREATE TABLE `phpbb_zebra` (
  `user_id` mediumint(8) unsigned NOT NULL DEFAULT '0',
  `zebra_id` mediumint(8) unsigned NOT NULL DEFAULT '0',
  `friend` tinyint(1) unsigned NOT NULL DEFAULT '0',
  `foe` tinyint(1) unsigned NOT NULL DEFAULT '0',
  PRIMARY KEY (`user_id`,`zebra_id`)
) ENGINE=MyISAM DEFAULT CHARSET=utf8 COLLATE=utf8_bin;

--
-- Dumping data for table `phpbb_zebra`
--

INSERT INTO `phpbb_zebra` VALUES (54,56,1,0),(341,224,1,0),(758,473,1,0),(758,497,1,0),(758,369,1,0),(853,845,1,0),(807,54,1,0),(807,548,1,0),(889,887,1,0),(924,81,1,0),(929,924,1,0),(1008,846,1,0),(894,1384,1,0),(894,1412,1,0),(1449,54,1,0),(1467,1428,1,0),(1485,1462,1,0),(1528,1450,1,0),(1644,835,1,0),(1737,1581,1,0),(1961,555,1,0),(2175,2045,1,0),(2100,2101,1,0),(2175,2156,1,0);


